
--
-- Table structure for table `hibernate_sequence`
--

CREATE TABLE `hibernate_sequence` (
  `next_val` bigint DEFAULT NULL
) ENGINE=InnoDB DEFAULT CHARSET=utf8mb3 COLLATE=utf8mb3_unicode_ci;

--
-- Dumping data for table `hibernate_sequence`
--

INSERT INTO `hibernate_sequence` VALUES (1511);

--
-- Table structure for table `log_wsfe`
--

CREATE TABLE `log_wsfe` (
  `idlog_wsfe` int NOT NULL AUTO_INCREMENT,
  `fecha_log` datetime NOT NULL,
  `salida` longtext NOT NULL,
  `entrada` longtext,
  `cuit` varchar(12) DEFAULT NULL,
  PRIMARY KEY (`idlog_wsfe`)
) ENGINE=InnoDB AUTO_INCREMENT=36 DEFAULT CHARSET=latin1;

--
-- Dumping data for table `log_wsfe`
--

INSERT INTO `log_wsfe` VALUES (35,'2023-10-21 21:30:17','{FeCAEReq={FeCabReq={CantReg=1, PtoVta=4, CbteTipo=6}, FeDetReq={FECAEDetRequest={Concepto=1, DocTipo=1, DocNro=2030493448, CbteDesde=1, CbteHasta=1, CbteFch=20231021, ImpTotal=2828.98, ImpTotConc=0, ImpNeto=2338, ImpOpEx=0, ImpIVA=490.98, ImpTrib=0, MonId=PES, MonCotiz=1, Iva={AlicIva=[{Id=5, BaseImp=2338, Importe=490.98}]}}}}}','{FeCabResp={Cuit=20932015979, PtoVta=4, CbteTipo=6, FchProceso=20231021213017, CantReg=1, Resultado=A, Reproceso=N}, FeDetResp={FECAEDetResponse={Concepto=1, DocTipo=1, DocNro=2030493448, CbteDesde=1, CbteHasta=1, CbteFch=20231021, Resultado=A, CAE=73429119872310, CAEFchVto=20231031}}}','30714717835');

--
-- Table structure for table `medios_de_pago`
--

CREATE TABLE `medios_de_pago` (
  `idmediosdepago` int NOT NULL AUTO_INCREMENT,
  `descripcion` varchar(40) DEFAULT NULL,
  `created_by` varchar(255) DEFAULT NULL,
  `created_date` datetime(6) DEFAULT NULL,
  `last_modified_by` varchar(255) DEFAULT NULL,
  `last_modified_date` datetime(6) DEFAULT NULL,
  PRIMARY KEY (`idmediosdepago`)
) ENGINE=InnoDB AUTO_INCREMENT=7 DEFAULT CHARSET=utf8mb4 COLLATE=utf8mb4_0900_ai_ci;

--
-- Dumping data for table `medios_de_pago`
--

INSERT INTO `medios_de_pago` VALUES (1,'Efectivo',NULL,NULL,NULL,NULL),(2,'Tarjeta Credito',NULL,NULL,NULL,NULL),(3,'MercadoLibre',NULL,NULL,NULL,NULL),(5,'Tarjeta Debito',NULL,NULL,NULL,NULL);

--
-- Table structure for table `nota_salida`
--

CREATE TABLE `nota_salida` (
  `idnotasalida` int NOT NULL AUTO_INCREMENT,
  `created_by` varchar(255) DEFAULT NULL,
  `created_date` datetime(6) DEFAULT NULL,
  `last_modified_by` varchar(255) DEFAULT NULL,
  `last_modified_date` datetime(6) DEFAULT NULL,
  `facturaventa_idfacturasventas` int DEFAULT NULL,
  `tipocomprobante_idtipos_comprobante` int DEFAULT NULL,
  `tipocomprobante_idtiposcomprobante` int DEFAULT NULL,
  PRIMARY KEY (`idnotasalida`),
  KEY `FKs3at4hri7rpfc83hyin0ua6mc` (`facturaventa_idfacturasventas`),
  KEY `FK3tvj0exqr6tasihu9ejufn75r` (`tipocomprobante_idtipos_comprobante`),
  CONSTRAINT `FK3tvj0exqr6tasihu9ejufn75r` FOREIGN KEY (`tipocomprobante_idtipos_comprobante`) REFERENCES `tipos_comprobante` (`idtipos_comprobante`),
  CONSTRAINT `FKs3at4hri7rpfc83hyin0ua6mc` FOREIGN KEY (`facturaventa_idfacturasventas`) REFERENCES `facturas_venta` (`idfacturasventas`)
) ENGINE=InnoDB AUTO_INCREMENT=6 DEFAULT CHARSET=utf8mb4 COLLATE=utf8mb4_0900_ai_ci;

--
-- Dumping data for table `nota_salida`
--


--
-- Table structure for table `nota_salida_detalle`
--

CREATE TABLE `nota_salida_detalle` (
  `idnotasalidadetalle` int NOT NULL AUTO_INCREMENT,
  `cantidad` decimal(19,2) DEFAULT NULL,
  `articulo_idarticulos` int DEFAULT NULL,
  `created_by` varchar(255) DEFAULT NULL,
  `created_date` datetime(6) DEFAULT NULL,
  `last_modified_by` varchar(255) DEFAULT NULL,
  `last_modified_date` datetime(6) DEFAULT NULL,
  `idnotasalida` int DEFAULT NULL,
  PRIMARY KEY (`idnotasalidadetalle`),
  KEY `FKkaympe7v6f34hlp87n14vf9e6` (`idnotasalida`),
  KEY `FKgeo71n470a0gxwbh4fw229dq1` (`articulo_idarticulos`),
  CONSTRAINT `FKgeo71n470a0gxwbh4fw229dq1` FOREIGN KEY (`articulo_idarticulos`) REFERENCES `articulos` (`idarticulos`),
  CONSTRAINT `FKkaympe7v6f34hlp87n14vf9e6` FOREIGN KEY (`idnotasalida`) REFERENCES `nota_salida` (`idnotasalida`)
) ENGINE=InnoDB DEFAULT CHARSET=utf8mb4 COLLATE=utf8mb4_0900_ai_ci;

--
-- Dumping data for table `nota_salida_detalle`
--


--
-- Table structure for table `perfiles`
--

CREATE TABLE `perfiles` (
  `idperfiles` int NOT NULL,
  `nombre` varchar(10) DEFAULT NULL,
  `created_by` varchar(255) DEFAULT NULL,
  `created_date` datetime(6) DEFAULT NULL,
  `last_modified_by` varchar(255) DEFAULT NULL,
  `last_modified_date` datetime(6) DEFAULT NULL,
  PRIMARY KEY (`idperfiles`)
) ENGINE=InnoDB DEFAULT CHARSET=utf8mb4 COLLATE=utf8mb4_0900_ai_ci;

--
-- Dumping data for table `perfiles`
--

INSERT INTO `perfiles` VALUES (1,'ROOT',NULL,NULL,NULL,NULL),(2,'VENTAS',NULL,NULL,NULL,NULL);

--
-- Table structure for table `proveedores`
--

CREATE TABLE `proveedores` (
  `idproveedores` int NOT NULL AUTO_INCREMENT,
  `created_by` varchar(8) DEFAULT NULL,
  `created_date` datetime(6) DEFAULT NULL,
  `last_modified_by` varchar(8) DEFAULT NULL,
  `last_modified_date` datetime(6) DEFAULT NULL,
  `celular` varchar(30) DEFAULT NULL,
  `cuit` varchar(13) DEFAULT NULL,
  `direccion` varchar(80) DEFAULT NULL,
  `email` varchar(100) DEFAULT NULL,
  `fax` varchar(30) DEFAULT NULL,
  `fechabaja` datetime(6) DEFAULT NULL,
  `motivo` varchar(255) DEFAULT NULL,
  `observacion` varchar(255) DEFAULT NULL,
  `razonsocial` varchar(80) DEFAULT NULL,
  `telefono` varchar(30) DEFAULT NULL,
  `fechainicio` datetime(6) DEFAULT NULL,
  PRIMARY KEY (`idproveedores`)
) ENGINE=InnoDB AUTO_INCREMENT=79 DEFAULT CHARSET=utf8mb4 COLLATE=utf8mb4_0900_ai_ci;

--
-- Dumping data for table `proveedores`
--

INSERT INTO `proveedores` VALUES (40,'javain','2021-09-20 11:25:02.519000','javain','2021-09-20 11:25:02.519000',NULL,NULL,NULL,NULL,NULL,NULL,NULL,NULL,'ALBERDI',NULL,NULL),(41,'javain','2021-09-20 11:25:06.528000','javain','2021-09-20 11:25:06.528000',NULL,NULL,NULL,NULL,NULL,NULL,NULL,NULL,'CERRO NEGRO',NULL,NULL),(42,'javain','2021-09-20 11:25:06.689000','javain','2021-09-20 11:25:06.689000',NULL,NULL,NULL,NULL,NULL,NULL,NULL,NULL,'CAÑUELAS',NULL,NULL),(43,'javain','2021-09-20 11:25:06.837000','javain','2021-09-20 11:25:06.837000',NULL,NULL,NULL,NULL,NULL,NULL,NULL,NULL,'TENDENZA',NULL,NULL),(44,'javain','2021-09-20 11:25:06.890000','javain','2021-09-20 11:25:06.890000',NULL,NULL,NULL,NULL,NULL,NULL,NULL,NULL,'ACUARELA',NULL,NULL),(45,'javain','2021-09-20 11:25:07.733000','javain','2021-09-20 11:25:07.733000',NULL,NULL,NULL,NULL,NULL,NULL,NULL,NULL,'MAJA',NULL,NULL),(46,'javain','2021-09-20 11:25:09.018000','javain','2021-09-20 11:25:09.018000',NULL,NULL,NULL,NULL,NULL,NULL,NULL,NULL,'CRISARTE',NULL,NULL),(47,'javain','2021-09-20 11:25:09.203000','javain','2021-09-20 11:25:09.203000',NULL,NULL,NULL,NULL,NULL,NULL,NULL,NULL,'LOIMAR',NULL,NULL),(48,'javain','2021-09-20 11:25:09.241000','javain','2021-09-20 11:25:09.241000',NULL,NULL,NULL,NULL,NULL,NULL,NULL,NULL,'NORPLACAS',NULL,NULL),(49,'javain','2021-09-20 11:25:09.356000','javain','2021-09-20 11:25:09.356000',NULL,NULL,NULL,NULL,NULL,NULL,NULL,NULL,'ATRIM',NULL,NULL),(50,'javain','2021-09-20 11:25:09.642000','javain','2021-09-20 11:25:09.642000',NULL,NULL,NULL,NULL,NULL,NULL,NULL,NULL,'SAN GIOVANNI',NULL,NULL),(51,'javain','2021-09-20 11:25:10.043000','javain','2021-09-20 11:25:10.043000',NULL,NULL,NULL,NULL,NULL,NULL,NULL,NULL,'PLASTITECH',NULL,NULL),(52,'javain','2021-09-20 11:25:10.106000','javain','2021-09-20 11:25:10.106000',NULL,NULL,NULL,NULL,NULL,NULL,NULL,NULL,'JOHNSON',NULL,NULL),(53,'javain','2021-09-20 11:25:10.837000','javain','2021-09-20 11:25:10.837000',NULL,NULL,NULL,NULL,NULL,NULL,NULL,NULL,'HIDORMET',NULL,NULL),(54,'javain','2021-09-20 11:25:11.476000','javain','2021-09-20 11:25:11.476000',NULL,NULL,NULL,NULL,NULL,NULL,NULL,NULL,'ULTRAGRIF',NULL,NULL),(55,'javain','2021-09-20 11:25:11.593000','javain','2021-09-20 11:25:11.593000',NULL,NULL,NULL,NULL,NULL,NULL,NULL,NULL,'SUDAMERICANA',NULL,NULL),(56,'javain','2021-09-20 11:25:11.626000','javain','2021-09-20 11:25:11.626000',NULL,NULL,NULL,NULL,NULL,NULL,NULL,NULL,'PEIRANO',NULL,NULL),(57,'javain','2021-09-20 11:25:11.653000','javain','2021-09-20 11:25:11.653000',NULL,NULL,NULL,NULL,NULL,NULL,NULL,NULL,'VERSALLES',NULL,NULL),(58,'javain','2021-09-20 11:25:11.721000','javain','2021-09-20 11:25:11.721000',NULL,NULL,NULL,NULL,NULL,NULL,NULL,NULL,'DURAFORT',NULL,NULL),(59,'javain','2021-09-20 11:25:12.035000','javain','2021-09-20 11:25:12.035000',NULL,NULL,NULL,NULL,NULL,NULL,NULL,NULL,'ROCA',NULL,NULL),(60,'javain','2021-09-20 11:25:12.455000','javain','2021-09-20 11:25:12.455000',NULL,NULL,NULL,NULL,NULL,NULL,NULL,NULL,'PRINGLES',NULL,NULL),(61,'javain','2021-09-20 11:25:12.557000','javain','2021-09-20 11:25:12.557000',NULL,NULL,NULL,NULL,NULL,NULL,NULL,NULL,'DACORD',NULL,NULL),(62,'javain','2021-09-20 11:25:12.583000','javain','2021-09-20 11:25:12.583000',NULL,NULL,NULL,NULL,NULL,NULL,NULL,NULL,'REFLEJAR',NULL,NULL),(63,'javain','2021-09-20 11:25:12.698000','javain','2021-09-20 11:25:12.698000',NULL,NULL,NULL,NULL,NULL,NULL,NULL,NULL,'VITROBLOCK',NULL,NULL),(64,'javain','2021-09-20 11:25:12.758000','javain','2021-09-20 11:25:12.758000',NULL,NULL,NULL,NULL,NULL,NULL,NULL,NULL,'EL ALTO',NULL,NULL),(65,'javain','2021-09-20 11:25:12.965000','javain','2021-09-20 11:25:12.965000',NULL,NULL,NULL,NULL,NULL,NULL,NULL,NULL,'MARMORERO',NULL,NULL),(66,'javain','2021-09-20 11:25:13.077000','javain','2021-09-20 11:25:13.077000',NULL,NULL,NULL,NULL,NULL,NULL,NULL,NULL,'TALLER CLASICO',NULL,NULL),(67,'javain','2021-09-20 11:25:13.421000','javain','2021-09-20 11:25:13.421000',NULL,NULL,NULL,NULL,NULL,NULL,NULL,NULL,'FANGO',NULL,NULL),(68,'javain','2021-09-20 11:25:13.666000','javain','2021-09-20 11:25:13.666000',NULL,NULL,NULL,NULL,NULL,NULL,NULL,NULL,'PIEDRAFINA',NULL,NULL),(69,'javain','2021-09-20 11:25:13.739000','javain','2021-09-20 11:25:13.739000',NULL,NULL,NULL,NULL,NULL,NULL,NULL,NULL,'PEDRAFLEX',NULL,NULL),(70,'javain','2021-09-20 11:25:13.785000','javain','2021-09-20 11:25:13.785000',NULL,NULL,NULL,NULL,NULL,NULL,NULL,NULL,'TARQUINI',NULL,NULL),(71,'javain','2021-09-20 11:25:13.916000','javain','2021-09-20 11:25:13.916000',NULL,NULL,NULL,NULL,NULL,NULL,NULL,NULL,'DELTAMIX',NULL,NULL),(72,'javain','2021-09-20 11:25:13.951000','javain','2021-09-20 11:25:13.951000',NULL,NULL,NULL,NULL,NULL,NULL,NULL,NULL,'KLAUKOL',NULL,NULL),(73,'javain','2021-09-20 11:25:13.966000','javain','2021-09-20 11:25:13.966000',NULL,NULL,NULL,NULL,NULL,NULL,NULL,NULL,'NORMIX',NULL,NULL),(74,'javain','2021-09-20 11:25:13.979000','javain','2021-09-20 11:25:13.979000',NULL,NULL,NULL,NULL,NULL,NULL,NULL,NULL,'WEBER',NULL,NULL),(75,'javain','2021-09-20 11:25:13.996000','javain','2021-09-20 11:25:13.996000',NULL,NULL,NULL,NULL,NULL,NULL,NULL,NULL,'IGGAN',NULL,NULL),(76,'javain','2021-09-20 11:25:14.147000','javain','2021-09-20 11:25:14.147000',NULL,NULL,NULL,NULL,NULL,NULL,NULL,NULL,'RIALSO',NULL,NULL),(77,'javain','2021-09-20 11:25:14.191000','javain','2021-09-20 11:25:14.191000',NULL,NULL,NULL,NULL,NULL,NULL,NULL,NULL,'CARPINTERO',NULL,NULL),(78,'admin','2025-03-15 14:56:44.380000','admin','2025-03-15 14:56:44.380000',NULL,NULL,NULL,NULL,NULL,NULL,NULL,NULL,'richeze',NULL,NULL);

--
-- Table structure for table `puntos_venta`
--

CREATE TABLE `puntos_venta` (
  `idpuntosventas` int NOT NULL AUTO_INCREMENT,
  `cuit` varchar(13) DEFAULT NULL,
  `descripcion` varchar(80) DEFAULT NULL,
  `direccion_comercial` varchar(80) DEFAULT NULL,
  `ingresos_brutos` varchar(30) DEFAULT NULL,
  `inicio_actividad` datetime(6) DEFAULT NULL,
  `punto_venta` int DEFAULT NULL,
  `razon_social` varchar(80) DEFAULT NULL,
  `condicion_iva_idcondicioniva` int DEFAULT NULL,
  `conceptos_afip_idconceptosafip` int DEFAULT NULL,
  `created_by` varchar(255) DEFAULT NULL,
  `created_date` datetime(6) DEFAULT NULL,
  `last_modified_by` varchar(255) DEFAULT NULL,
  `last_modified_date` datetime(6) DEFAULT NULL,
  PRIMARY KEY (`idpuntosventas`),
  KEY `FKaeyxyw8ydi8ux4hyj41spy36v` (`condicion_iva_idcondicioniva`),
  KEY `FKlot0qoyxmyt1fsu6x1w7c7fd6` (`conceptos_afip_idconceptosafip`),
  CONSTRAINT `FKaeyxyw8ydi8ux4hyj41spy36v` FOREIGN KEY (`condicion_iva_idcondicioniva`) REFERENCES `condicion_iva` (`idcondicioniva`),
  CONSTRAINT `FKlot0qoyxmyt1fsu6x1w7c7fd6` FOREIGN KEY (`conceptos_afip_idconceptosafip`) REFERENCES `conceptos_afip` (`idconceptosafip`)
) ENGINE=InnoDB AUTO_INCREMENT=2 DEFAULT CHARSET=utf8mb4 COLLATE=utf8mb4_0900_ai_ci;

--
-- Dumping data for table `puntos_venta`
--

INSERT INTO `puntos_venta` VALUES (1,'30714717835','Grupo Pignataro','Central de ventas','30714717835','2015-01-01 00:00:00.000000',4,'Grupo Pignataro',2,1,NULL,NULL,NULL,NULL);

--
-- Table structure for table `rubros`
--

CREATE TABLE `rubros` (
  `idrubros` int NOT NULL AUTO_INCREMENT,
  `descripcion` varchar(45) NOT NULL,
  `created_by` varchar(8) DEFAULT NULL,
  `created_date` datetime(6) DEFAULT NULL,
  `last_modified_by` varchar(8) DEFAULT NULL,
  `last_modified_date` datetime(6) DEFAULT NULL,
  PRIMARY KEY (`idrubros`)
) ENGINE=InnoDB AUTO_INCREMENT=89 DEFAULT CHARSET=utf8mb4 COLLATE=utf8mb4_0900_ai_ci;

--
-- Dumping data for table `rubros`
--

INSERT INTO `rubros` VALUES (48,'PORCELANATO','javain','2021-09-20 11:25:02.626000','javain','2021-09-20 11:25:02.626000'),(49,'PORCELANICO','javain','2021-09-20 11:25:03.668000','javain','2021-09-20 11:25:03.668000'),(50,'CERAMICA','javain','2021-09-20 11:25:04.104000','javain','2021-09-20 11:25:04.104000'),(51,'MALLA','javain','2021-09-20 11:25:07.294000','javain','2021-09-20 11:25:07.294000'),(52,'GUARDA','javain','2021-09-20 11:25:07.521000','javain','2021-09-20 11:25:07.521000'),(53,'REVESTIMIENTO','javain','2021-09-20 11:25:07.744000','javain','2021-09-20 11:25:07.744000'),(54,'BACHA','javain','2021-09-20 11:25:08.484000','javain','2021-09-20 11:25:08.484000'),(55,'ESPEJO','javain','2021-09-20 11:25:08.937000','javain','2021-09-20 11:25:08.937000'),(56,'CERAMICA VIDRIO','javain','2021-09-20 11:25:09.028000','javain','2021-09-20 11:25:09.028000'),(57,'ANTIHUMEDAD','javain','2021-09-20 11:25:09.253000','javain','2021-09-20 11:25:09.253000'),(58,'PERFIL','javain','2021-09-20 11:25:09.370000','javain','2021-09-20 11:25:09.370000'),(59,'SEPARADORES','javain','2021-09-20 11:25:09.536000','javain','2021-09-20 11:25:09.536000'),(60,'DESAGUE','javain','2021-09-20 11:25:09.578000','javain','2021-09-20 11:25:09.578000'),(61,'ZOCALO','javain','2021-09-20 11:25:09.816000','javain','2021-09-20 11:25:09.816000'),(62,'NIVELADORES','javain','2021-09-20 11:25:10.053000','javain','2021-09-20 11:25:10.053000'),(63,'PILETA','javain','2021-09-20 11:25:10.116000','javain','2021-09-20 11:25:10.116000'),(64,'MESADA','javain','2021-09-20 11:25:10.416000','javain','2021-09-20 11:25:10.416000'),(65,'COMBO JOHNSON','javain','2021-09-20 11:25:10.628000','javain','2021-09-20 11:25:10.628000'),(66,'GRIFERIA','javain','2021-09-20 11:25:10.848000','javain','2021-09-20 11:25:10.848000'),(67,'SANITARIO','javain','2021-09-20 11:25:11.674000','javain','2021-09-20 11:25:11.674000'),(68,'INODORO','javain','2021-09-20 11:25:12.043000','javain','2021-09-20 11:25:12.043000'),(69,'DEPOSITO','javain','2021-09-20 11:25:12.067000','javain','2021-09-20 11:25:12.067000'),(70,'BIDET','javain','2021-09-20 11:25:12.083000','javain','2021-09-20 11:25:12.083000'),(71,'LAV','javain','2021-09-20 11:25:12.099000','javain','2021-09-20 11:25:12.099000'),(72,'COLUMNA','javain','2021-09-20 11:25:12.115000','javain','2021-09-20 11:25:12.115000'),(73,'ASIENTO','javain','2021-09-20 11:25:12.152000','javain','2021-09-20 11:25:12.152000'),(74,'LAVATORIO','javain','2021-09-20 11:25:12.243000','javain','2021-09-20 11:25:12.243000'),(75,'BAÑERA','javain','2021-09-20 11:25:12.356000','javain','2021-09-20 11:25:12.356000'),(76,'HIDRO','javain','2021-09-20 11:25:12.400000','javain','2021-09-20 11:25:12.400000'),(77,'LADRILLO VIDRIO','javain','2021-09-20 11:25:12.710000','javain','2021-09-20 11:25:12.710000'),(78,'MUEBLE','javain','2021-09-20 11:25:12.767000','javain','2021-09-20 11:25:12.767000'),(79,'PIEDRA','javain','2021-09-20 11:25:13.599000','javain','2021-09-20 11:25:13.599000'),(80,'TARQUINI','javain','2021-09-20 11:25:13.794000','javain','2021-09-20 11:25:13.794000'),(81,'PEGAMENTO','javain','2021-09-20 11:25:13.930000','javain','2021-09-20 11:25:13.930000'),(82,'PASTINA','javain','2021-09-20 11:25:14.074000','javain','2021-09-20 11:25:14.074000'),(83,'BALDOZON','javain','2021-09-20 11:25:14.158000','javain','2021-09-20 11:25:14.158000'),(84,'perfiles','javain','2022-08-31 10:45:59.021000','javain','2022-08-31 10:45:59.021000'),(85,'REVISAR','APP','2023-07-10 15:01:39.957000','APP','2023-07-10 15:01:39.957000'),(86,'MALLA ORGANIC BEIGE PARA COCINA 30X30','APP','2023-11-21 19:23:56.743000','APP','2023-11-21 19:23:56.743000'),(87,'combo muebles ','APP','2024-06-14 18:10:34.207000','APP','2024-06-14 18:10:34.207000'),(88,'amoblamientos','admin','2025-03-15 14:56:44.390000','admin','2025-03-15 14:56:44.390000');

--
-- Table structure for table `stock`
--

CREATE TABLE `stock` (
  `idstock` int NOT NULL,
  `cantidad` decimal(19,2) DEFAULT NULL,
  `estado_idestadostock` int NOT NULL,
  `deposito_iddepositos` int NOT NULL,
  `created_by` varchar(255) DEFAULT NULL,
  `created_date` datetime(6) DEFAULT NULL,
  `last_modified_by` varchar(255) DEFAULT NULL,
  `last_modified_date` datetime(6) DEFAULT NULL,
  PRIMARY KEY (`idstock`,`deposito_iddepositos`,`estado_idestadostock`),
  KEY `cFKpy9jm2agx4bwu361refuh94h5` (`deposito_iddepositos`),
  KEY `cFKihrrbbg4ltwrig60ks69t0d2w` (`estado_idestadostock`),
  CONSTRAINT `cFKihrrbbg4ltwrig60ks69t0d2w` FOREIGN KEY (`estado_idestadostock`) REFERENCES `estado_stock` (`idestadostock`),
  CONSTRAINT `cFKpy9jm2agx4bwu361refuh94h5` FOREIGN KEY (`deposito_iddepositos`) REFERENCES `depositos` (`iddepositos`)
) ENGINE=InnoDB DEFAULT CHARSET=utf8mb4 COLLATE=utf8mb4_0900_ai_ci;

--
-- Dumping data for table `stock`
--

INSERT INTO `stock` VALUES (1208,34.00,1,1,'APP','2023-04-22 13:53:50.439000','APP','2023-04-22 13:53:50.439000'),(1208,0.00,2,1,'APP','2023-04-22 13:06:37.074000','APP','2023-05-02 22:59:52.565000'),(1208,34.00,1,2,'APP','2023-05-02 22:59:47.977000','APP','2023-05-02 22:59:47.977000'),(1300,48.00,2,1,'APP','2024-03-19 20:04:50.511000','APP','2024-03-19 20:04:50.511000'),(1338,44.00,2,1,'APP','2023-05-18 15:12:38.469000','APP','2023-05-18 15:12:38.469000'),(1393,36.00,2,1,'APP','2024-03-19 20:04:50.668000','APP','2024-03-19 20:04:50.668000'),(1419,36.00,2,1,'APP','2024-03-19 20:04:50.419000','APP','2024-03-19 20:04:50.419000'),(2516,44.00,2,1,'APP','2023-05-18 15:12:38.563000','APP','2023-05-18 15:12:38.563000'),(2524,32.00,1,1,'APP','2023-04-22 13:50:26.536000','APP','2023-04-22 13:50:26.536000'),(2524,0.00,2,1,'APP','2023-04-22 13:06:33.485000','APP','2023-05-02 22:59:46.466000'),(2524,32.00,1,2,'APP','2023-05-02 22:59:07.720000','APP','2023-05-02 22:59:07.720000'),(2557,0.00,2,1,'APP','2024-03-19 20:04:50.585000','APP','2024-03-19 20:04:50.585000'),(2665,36.00,2,1,'APP','2024-03-19 20:04:50.251000','APP','2024-03-19 20:04:50.251000'),(2666,36.00,2,1,'APP','2024-03-19 20:04:50.467000','APP','2024-03-19 20:04:50.467000'),(2667,44.00,2,1,'APP','2024-03-19 20:04:50.627000','APP','2024-03-19 20:04:50.627000');

--
-- Table structure for table `stock_back`
--

CREATE TABLE `stock_back` (
  `idstock` int NOT NULL,
  `fechaestado` datetime(6) NOT NULL,
  `cantidad` decimal(19,2) DEFAULT NULL,
  `estado_idestadostock` int NOT NULL,
  `comprobantecompra_idfacturascompras` int DEFAULT NULL,
  `comprobanteventa_idfacturasventas` int DEFAULT NULL,
  `deposito_iddepositos` int DEFAULT NULL,
  `created_by` varchar(255) DEFAULT NULL,
  `created_date` datetime(6) DEFAULT NULL,
  `last_modified_by` varchar(255) DEFAULT NULL,
  `last_modified_date` datetime(6) DEFAULT NULL,
  `notasalida_idnotasalida` int DEFAULT NULL,
  `articulo_idarticulos` int DEFAULT NULL,
  `comprobanteorden_idfacturascompras` int DEFAULT NULL,
  `comprobanteremito_idfacturascompras` int DEFAULT NULL,
  PRIMARY KEY (`idstock`,`fechaestado`,`estado_idestadostock`),
  KEY `FK5qvdn8uw21oot5afew8jpphem` (`comprobantecompra_idfacturascompras`),
  KEY `FKngdofybvpm16ns8mfnw8juv7l` (`comprobanteventa_idfacturasventas`),
  KEY `FKpy9jm2agx4bwu361refuh94h5` (`deposito_iddepositos`),
  KEY `FKekn2bo6xtf2ly7qiywnn1kfqo` (`notasalida_idnotasalida`),
  KEY `FKihrrbbg4ltwrig60ks69t0d2w` (`estado_idestadostock`),
  KEY `FKsek2vdavedhrpjlabsgl0wx3s` (`comprobanteorden_idfacturascompras`),
  KEY `FKmb0gja4u8yl5xraw7xx7tkkns` (`comprobanteremito_idfacturascompras`),
  KEY `FKrja8q1ew5fqqsb4kliejlh69c` (`articulo_idarticulos`),
  CONSTRAINT `FK5qvdn8uw21oot5afew8jpphem` FOREIGN KEY (`comprobantecompra_idfacturascompras`) REFERENCES `facturas_compra` (`idfacturascompras`),
  CONSTRAINT `FKekn2bo6xtf2ly7qiywnn1kfqo` FOREIGN KEY (`notasalida_idnotasalida`) REFERENCES `nota_salida` (`idnotasalida`),
  CONSTRAINT `FKihrrbbg4ltwrig60ks69t0d2w` FOREIGN KEY (`estado_idestadostock`) REFERENCES `estado_stock` (`idestadostock`),
  CONSTRAINT `FKmb0gja4u8yl5xraw7xx7tkkns` FOREIGN KEY (`comprobanteremito_idfacturascompras`) REFERENCES `facturas_compra` (`idfacturascompras`),
  CONSTRAINT `FKngdofybvpm16ns8mfnw8juv7l` FOREIGN KEY (`comprobanteventa_idfacturasventas`) REFERENCES `facturas_venta` (`idfacturasventas`),
  CONSTRAINT `FKpy9jm2agx4bwu361refuh94h5` FOREIGN KEY (`deposito_iddepositos`) REFERENCES `depositos` (`iddepositos`),
  CONSTRAINT `FKrja8q1ew5fqqsb4kliejlh69c` FOREIGN KEY (`articulo_idarticulos`) REFERENCES `articulos` (`idarticulos`),
  CONSTRAINT `FKsek2vdavedhrpjlabsgl0wx3s` FOREIGN KEY (`comprobanteorden_idfacturascompras`) REFERENCES `facturas_compra` (`idfacturascompras`)
) ENGINE=InnoDB DEFAULT CHARSET=utf8mb4 COLLATE=utf8mb4_0900_ai_ci;

--
-- Dumping data for table `stock_back`
--


--
-- Table structure for table `stock_hist`
--

CREATE TABLE `stock_hist` (
  `idstock` int DEFAULT NULL,
  `fechaestado` datetime(6) DEFAULT NULL,
  `cantidad` decimal(19,2) DEFAULT NULL,
  `created_by` varchar(255) DEFAULT NULL,
  `created_date` datetime(6) DEFAULT NULL,
  `last_modified_by` varchar(255) DEFAULT NULL,
  `last_modified_date` datetime(6) DEFAULT NULL,
  `depositos_iddepositos` int DEFAULT NULL,
  `estado_idestadostock` int DEFAULT NULL,
  `comprobante` varchar(255) DEFAULT NULL,
  `idstockhist` int NOT NULL AUTO_INCREMENT,
  PRIMARY KEY (`idstockhist`),
  KEY `cFK14pifwexv47wigb7p20emb3pr` (`depositos_iddepositos`),
  KEY `cFKmpqevkci5wwhn6kgy6978wb28` (`estado_idestadostock`),
  CONSTRAINT `cFK14pifwexv47wigb7p20emb3pr` FOREIGN KEY (`depositos_iddepositos`) REFERENCES `depositos` (`iddepositos`),
  CONSTRAINT `cFKmpqevkci5wwhn6kgy6978wb28` FOREIGN KEY (`estado_idestadostock`) REFERENCES `estado_stock` (`idestadostock`)
) ENGINE=InnoDB AUTO_INCREMENT=29 DEFAULT CHARSET=utf8mb3;

--
-- Dumping data for table `stock_hist`
--

INSERT INTO `stock_hist` VALUES (2524,'2023-04-22 13:06:34.048000',64.00,'APP','2023-04-22 13:06:34.235000','APP','2023-04-22 13:06:34.235000',1,2,'OCX0000-00000001',14),(1208,'2023-04-22 13:06:37.633000',68.00,'APP','2023-04-22 13:06:37.821000','APP','2023-04-22 13:06:37.821000',1,2,'OCX0000-00000001',15),(2524,'2023-04-22 13:53:47.469000',32.00,'APP','2023-04-22 13:53:47.658000','APP','2023-04-22 13:53:47.658000',1,1,'null0000-00000137',16),(1208,'2023-04-22 13:54:11.646000',34.00,'APP','2023-04-22 13:54:11.826000','APP','2023-04-22 13:54:11.826000',1,1,'null0000-00000137',17),(2524,'2023-05-02 22:59:44.870000',32.00,'APP','2023-05-02 22:59:45.061000','APP','2023-05-02 22:59:45.061000',2,1,'RCX0000-00000138',18),(1208,'2023-05-02 22:59:51.008000',34.00,'APP','2023-05-02 22:59:51.195000','APP','2023-05-02 22:59:51.195000',2,1,'RCX0000-00000138',19),(1338,'2023-05-18 15:12:38.506000',44.00,'APP','2023-05-18 15:12:38.517000','APP','2023-05-18 15:12:38.517000',1,2,'OCX0000-00000139',20),(2516,'2023-05-18 15:12:38.569000',44.00,'APP','2023-05-18 15:12:38.570000','APP','2023-05-18 15:12:38.570000',1,2,'OCX0000-00000139',21),(2665,'2024-03-19 20:04:50.332000',36.00,'APP','2024-03-19 20:04:50.352000','APP','2024-03-19 20:04:50.352000',1,2,'OCX0000-00000140',22),(1419,'2024-03-19 20:04:50.437000',36.00,'APP','2024-03-19 20:04:50.437000','APP','2024-03-19 20:04:50.437000',1,2,'OCX0000-00000140',23),(2666,'2024-03-19 20:04:50.480000',36.00,'APP','2024-03-19 20:04:50.481000','APP','2024-03-19 20:04:50.481000',1,2,'OCX0000-00000140',24),(1300,'2024-03-19 20:04:50.541000',48.00,'APP','2024-03-19 20:04:50.542000','APP','2024-03-19 20:04:50.542000',1,2,'OCX0000-00000140',25),(2557,'2024-03-19 20:04:50.598000',0.00,'APP','2024-03-19 20:04:50.599000','APP','2024-03-19 20:04:50.599000',1,2,'OCX0000-00000140',26),(2667,'2024-03-19 20:04:50.638000',44.00,'APP','2024-03-19 20:04:50.639000','APP','2024-03-19 20:04:50.639000',1,2,'OCX0000-00000140',27),(1393,'2024-03-19 20:04:50.714000',36.00,'APP','2024-03-19 20:04:50.715000','APP','2024-03-19 20:04:50.715000',1,2,'OCX0000-00000140',28);

--
-- Table structure for table `stock_hist_back`
--

CREATE TABLE `stock_hist_back` (
  `idstock` int DEFAULT NULL,
  `fechaestado` datetime(6) DEFAULT NULL,
  `cantidad` decimal(19,2) DEFAULT NULL,
  `created_by` varchar(255) DEFAULT NULL,
  `created_date` datetime(6) DEFAULT NULL,
  `last_modified_by` varchar(255) DEFAULT NULL,
  `last_modified_date` datetime(6) DEFAULT NULL,
  `depositos_iddepositos` int DEFAULT NULL,
  `estado_idestadostock` int DEFAULT NULL,
  `factura_compra_idfacturascompras` int DEFAULT NULL,
  `factura_venta_idfacturasventas` int DEFAULT NULL,
  `notasalida_idnotasalida` int DEFAULT NULL,
  `idstockhist` int NOT NULL AUTO_INCREMENT,
  `articulo_idarticulos` int DEFAULT NULL,
  `facturaorden_idfacturascompras` int DEFAULT NULL,
  `facturaremito_idfacturascompras` int DEFAULT NULL,
  PRIMARY KEY (`idstockhist`),
  KEY `FK14pifwexv47wigb7p20emb3pr` (`depositos_iddepositos`),
  KEY `FKmpqevkci5wwhn6kgy6978wb28` (`estado_idestadostock`),
  KEY `FKdwjwi1pa5hqjfvnn18g8ruq03` (`factura_compra_idfacturascompras`),
  KEY `FKrsalt81nkq69qax6220q9kph2` (`factura_venta_idfacturasventas`),
  KEY `FK37hj9paynq7ggodpc90d10oa1` (`notasalida_idnotasalida`),
  KEY `FKpvnxtka30lcyxh2a5ocilrvas` (`facturaorden_idfacturascompras`),
  KEY `FK8n111ftes6q4mtctasl5a41fn` (`facturaremito_idfacturascompras`),
  KEY `FKdlor3oiwh88j91of24ndje6e9` (`articulo_idarticulos`),
  CONSTRAINT `FK14pifwexv47wigb7p20emb3pr` FOREIGN KEY (`depositos_iddepositos`) REFERENCES `depositos` (`iddepositos`),
  CONSTRAINT `FK37hj9paynq7ggodpc90d10oa1` FOREIGN KEY (`notasalida_idnotasalida`) REFERENCES `nota_salida` (`idnotasalida`),
  CONSTRAINT `FK8n111ftes6q4mtctasl5a41fn` FOREIGN KEY (`facturaremito_idfacturascompras`) REFERENCES `facturas_compra` (`idfacturascompras`),
  CONSTRAINT `FKdlor3oiwh88j91of24ndje6e9` FOREIGN KEY (`articulo_idarticulos`) REFERENCES `articulos` (`idarticulos`),
  CONSTRAINT `FKdwjwi1pa5hqjfvnn18g8ruq03` FOREIGN KEY (`factura_compra_idfacturascompras`) REFERENCES `facturas_compra` (`idfacturascompras`),
  CONSTRAINT `FKmpqevkci5wwhn6kgy6978wb28` FOREIGN KEY (`estado_idestadostock`) REFERENCES `estado_stock` (`idestadostock`),
  CONSTRAINT `FKpvnxtka30lcyxh2a5ocilrvas` FOREIGN KEY (`facturaorden_idfacturascompras`) REFERENCES `facturas_compra` (`idfacturascompras`),
  CONSTRAINT `FKrsalt81nkq69qax6220q9kph2` FOREIGN KEY (`factura_venta_idfacturasventas`) REFERENCES `facturas_venta` (`idfacturasventas`)
) ENGINE=InnoDB AUTO_INCREMENT=1523 DEFAULT CHARSET=utf8mb3;

--
-- Dumping data for table `stock_hist_back`
--


--
-- Table structure for table `subrubros`
--

CREATE TABLE `subrubros` (
  `idsubrubros` int NOT NULL AUTO_INCREMENT,
  `created_by` varchar(8) DEFAULT NULL,
  `created_date` datetime(6) DEFAULT NULL,
  `last_modified_by` varchar(8) DEFAULT NULL,
  `last_modified_date` datetime(6) DEFAULT NULL,
  `descripcion` varchar(255) DEFAULT NULL,
  `idrubros` int DEFAULT NULL,
  `rubro_idrubros` int DEFAULT NULL,
  PRIMARY KEY (`idsubrubros`),
  KEY `FKgrbgh2uj5sygeixfsfcviibcd` (`idrubros`),
  KEY `FKpq1tcgk2iqxxdounpy5kwwygo` (`rubro_idrubros`),
  CONSTRAINT `FKgrbgh2uj5sygeixfsfcviibcd` FOREIGN KEY (`idrubros`) REFERENCES `rubros` (`idrubros`),
  CONSTRAINT `FKpq1tcgk2iqxxdounpy5kwwygo` FOREIGN KEY (`rubro_idrubros`) REFERENCES `rubros` (`idrubros`)
) ENGINE=InnoDB AUTO_INCREMENT=425 DEFAULT CHARSET=utf8mb4 COLLATE=utf8mb4_0900_ai_ci;

--
-- Dumping data for table `subrubros`
--

INSERT INTO `subrubros` VALUES (230,'javain','2021-09-20 11:25:02.666000','javain','2021-09-20 11:25:02.666000','62X62 1RA',48,NULL),(231,'javain','2021-09-20 11:25:02.784000','javain','2021-09-20 11:25:02.784000','60X60 1RA (57,5x57,5)',48,NULL),(232,'javain','2021-09-20 11:25:03.200000','javain','2021-09-20 11:25:03.200000','60x60 rect 1RA',48,NULL),(233,'javain','2021-09-20 11:25:03.340000','javain','2021-09-20 11:25:03.340000','60x60 rect 2DA',48,NULL),(234,'javain','2021-09-20 11:25:03.477000','javain','2021-09-20 11:25:03.477000','60X60 2DA',48,NULL),(235,'javain','2021-09-20 11:25:03.567000','javain','2021-09-20 11:25:03.567000','60X120 RECTIFICADO 1RA',48,NULL),(236,'javain','2021-09-20 11:25:03.607000','javain','2021-09-20 11:25:03.607000','20X80 1RA RECTIFICADO',48,NULL),(237,'javain','2021-09-20 11:25:03.650000','javain','2021-09-20 11:25:03.650000','80X80 RECTIFICADO 2DA',48,NULL),(238,'javain','2021-09-20 11:25:03.680000','javain','2021-09-20 11:25:03.680000','42,5x85 1RA',49,NULL),(239,'javain','2021-09-20 11:25:03.710000','javain','2021-09-20 11:25:03.710000','20X60 1RA PORCELANICO',49,NULL),(240,'javain','2021-09-20 11:25:03.930000','javain','2021-09-20 11:25:03.930000','20X60 1RA PORCELANATO',48,NULL),(241,'javain','2021-09-20 11:25:04.084000','javain','2021-09-20 11:25:04.084000','20X60 2DA PORCELANICO',49,NULL),(242,'javain','2021-09-20 11:25:04.118000','javain','2021-09-20 11:25:04.118000','30X60 1RA',50,NULL),(243,'javain','2021-09-20 11:25:04.154000','javain','2021-09-20 11:25:04.154000','37,5X75 1RA',50,NULL),(244,'javain','2021-09-20 11:25:04.347000','javain','2021-09-20 11:25:04.347000','37,5X75 2da',50,NULL),(245,'javain','2021-09-20 11:25:04.400000','javain','2021-09-20 11:25:04.400000','34x51 1ra',50,NULL),(246,'javain','2021-09-20 11:25:04.485000','javain','2021-09-20 11:25:04.485000','34x51 2da',50,NULL),(247,'javain','2021-09-20 11:25:04.510000','javain','2021-09-20 11:25:04.510000','51X51 1ra',50,NULL),(248,'javain','2021-09-20 11:25:04.652000','javain','2021-09-20 11:25:04.652000','51X51 2da',50,NULL),(249,'javain','2021-09-20 11:25:04.740000','javain','2021-09-20 11:25:04.740000','46X46 1ra',50,NULL),(250,'javain','2021-09-20 11:25:04.960000','javain','2021-09-20 11:25:04.960000','46X46 2 da',50,NULL),(251,'javain','2021-09-20 11:25:05.059000','javain','2021-09-20 11:25:05.059000','28X45 1ra',50,NULL),(252,'javain','2021-09-20 11:25:05.332000','javain','2021-09-20 11:25:05.332000','28X45 2da',50,NULL),(253,'javain','2021-09-20 11:25:05.438000','javain','2021-09-20 11:25:05.438000','36X36 1°',50,NULL),(254,'javain','2021-09-20 11:25:05.921000','javain','2021-09-20 11:25:05.921000','36X36 2°',50,NULL),(255,'javain','2021-09-20 11:25:06.545000','javain','2021-09-20 11:25:06.545000','38X38 1RA',50,NULL),(256,'javain','2021-09-20 11:25:06.603000','javain','2021-09-20 11:25:06.603000','38X38 2DA',50,NULL),(257,'javain','2021-09-20 11:25:06.676000','javain','2021-09-20 11:25:06.676000','58X58 2DA',48,NULL),(258,'javain','2021-09-20 11:25:06.698000','javain','2021-09-20 11:25:06.698000','37X37 1RA',50,NULL),(259,'javain','2021-09-20 11:25:06.740000','javain','2021-09-20 11:25:06.740000','37X37 2DA',50,NULL),(260,'javain','2021-09-20 11:25:06.767000','javain','2021-09-20 11:25:06.767000','50X50 1RA',50,NULL),(261,'javain','2021-09-20 11:25:06.787000','javain','2021-09-20 11:25:06.787000','20X62 1RA',50,NULL),(262,'javain','2021-09-20 11:25:06.803000','javain','2021-09-20 11:25:06.803000','43X43 1RA',50,NULL),(263,'javain','2021-09-20 11:25:06.822000','javain','2021-09-20 11:25:06.822000','32X47 1RA',50,NULL),(264,'javain','2021-09-20 11:25:06.851000','javain','2021-09-20 11:25:06.851000','20X120 1RA',48,NULL),(265,'javain','2021-09-20 11:25:06.873000','javain','2021-09-20 11:25:06.873000','30X62 1RA',48,NULL),(266,'javain','2021-09-20 11:25:06.902000','javain','2021-09-20 11:25:06.902000','10X10 1RA',50,NULL),(267,'javain','2021-09-20 11:25:06.916000','javain','2021-09-20 11:25:06.916000','7,5X15 1RA',50,NULL),(268,'javain','2021-09-20 11:25:06.963000','javain','2021-09-20 11:25:06.963000','7,5X15 2DA',50,NULL),(269,'javain','2021-09-20 11:25:06.982000','javain','2021-09-20 11:25:06.982000','15,4X15,4 1RA',50,NULL),(270,'javain','2021-09-20 11:25:07.001000','javain','2021-09-20 11:25:07.001000','20X20 1RA',50,NULL),(271,'javain','2021-09-20 11:25:07.019000','javain','2021-09-20 11:25:07.019000','20X30 1RA',50,NULL),(272,'javain','2021-09-20 11:25:07.063000','javain','2021-09-20 11:25:07.063000','15X15 1RA',50,NULL),(273,'javain','2021-09-20 11:25:07.078000','javain','2021-09-20 11:25:07.078000','19,8X19,8 1RA',50,NULL),(274,'javain','2021-09-20 11:25:07.095000','javain','2021-09-20 11:25:07.095000','5X20 1RA',50,NULL),(275,'javain','2021-09-20 11:25:07.121000','javain','2021-09-20 11:25:07.121000','20X23 1RA',50,NULL),(276,'javain','2021-09-20 11:25:07.136000','javain','2021-09-20 11:25:07.136000','17,5x20 1ra',48,NULL),(277,'javain','2021-09-20 11:25:07.217000','javain','2021-09-20 11:25:07.217000','7,7X30',48,NULL),(278,'javain','2021-09-20 11:25:07.256000','javain','2021-09-20 11:25:07.256000','20X50',50,NULL),(279,'javain','2021-09-20 11:25:07.303000','javain','2021-09-20 11:25:07.303000','30X30',51,NULL),(280,'javain','2021-09-20 11:25:07.532000','javain','2021-09-20 11:25:07.532000','4,5X50',52,NULL),(281,'javain','2021-09-20 11:25:07.549000','javain','2021-09-20 11:25:07.549000','3,35X20',52,NULL),(282,'javain','2021-09-20 11:25:07.630000','javain','2021-09-20 11:25:07.630000','4,6X1,9',52,NULL),(283,'javain','2021-09-20 11:25:07.648000','javain','2021-09-20 11:25:07.648000','4,6X20',52,NULL),(284,'javain','2021-09-20 11:25:07.666000','javain','2021-09-20 11:25:07.666000','5X30',52,NULL),(285,'javain','2021-09-20 11:25:07.756000','javain','2021-09-20 11:25:07.756000','25X50',53,NULL),(286,'javain','2021-09-20 11:25:07.782000','javain','2021-09-20 11:25:07.782000','25X60',53,NULL),(287,'javain','2021-09-20 11:25:07.804000','javain','2021-09-20 11:25:07.804000','23X120',53,NULL),(288,'javain','2021-09-20 11:25:07.822000','javain','2021-09-20 11:25:07.822000','15X60',53,NULL),(289,'javain','2021-09-20 11:25:07.844000','javain','2021-09-20 11:25:07.844000','25X75',53,NULL),(290,'javain','2021-09-20 11:25:07.862000','javain','2021-09-20 11:25:07.862000','15,5X50',53,NULL),(291,'javain','2021-09-20 11:25:07.897000','javain','2021-09-20 11:25:07.897000','15X45',53,NULL),(292,'javain','2021-09-20 11:25:07.911000','javain','2021-09-20 11:25:07.911000','45X45',53,NULL),(293,'javain','2021-09-20 11:25:07.929000','javain','2021-09-20 11:25:07.929000','32,5X32,5',53,NULL),(294,'javain','2021-09-20 11:25:07.953000','javain','2021-09-20 11:25:07.953000','16,5X50',53,NULL),(295,'javain','2021-09-20 11:25:07.984000','javain','2021-09-20 11:25:07.984000','15X90',53,NULL),(296,'javain','2021-09-20 11:25:08.010000','javain','2021-09-20 11:25:08.010000','32,2X33,2',53,NULL),(297,'javain','2021-09-20 11:25:08.030000','javain','2021-09-20 11:25:08.030000','40,70X61,5',53,NULL),(298,'javain','2021-09-20 11:25:08.047000','javain','2021-09-20 11:25:08.047000','15X50',53,NULL),(299,'javain','2021-09-20 11:25:08.066000','javain','2021-09-20 11:25:08.066000','20.5x61.5',53,NULL),(300,'javain','2021-09-20 11:25:08.082000','javain','2021-09-20 11:25:08.082000','18X55,5',53,NULL),(301,'javain','2021-09-20 11:25:08.100000','javain','2021-09-20 11:25:08.100000','18X55',53,NULL),(302,'javain','2021-09-20 11:25:08.122000','javain','2021-09-20 11:25:08.122000','34X50',53,NULL),(303,'javain','2021-09-20 11:25:08.164000','javain','2021-09-20 11:25:08.164000','15,7X31,6',53,NULL),(304,'javain','2021-09-20 11:25:08.184000','javain','2021-09-20 11:25:08.184000','28X28',48,NULL),(305,'javain','2021-09-20 11:25:08.237000','javain','2021-09-20 11:25:08.237000','20X60',48,NULL),(306,'javain','2021-09-20 11:25:08.270000','javain','2021-09-20 11:25:08.270000','20x80',53,NULL),(307,'javain','2021-09-20 11:25:08.299000','javain','2021-09-20 11:25:08.299000','10X20',50,NULL),(308,'javain','2021-09-20 11:25:08.433000','javain','2021-09-20 11:25:08.433000','30X60',53,NULL),(309,'javain','2021-09-20 11:25:08.496000','javain','2021-09-20 11:25:08.496000','bacha',54,NULL),(310,'javain','2021-09-20 11:25:08.508000','javain','2021-09-20 11:25:08.508000','42CM',54,NULL),(311,'javain','2021-09-20 11:25:08.521000','javain','2021-09-20 11:25:08.521000','guarda',52,NULL),(312,'javain','2021-09-20 11:25:08.534000','javain','2021-09-20 11:25:08.534000','7,5X22,5',52,NULL),(313,'javain','2021-09-20 11:25:08.560000','javain','2021-09-20 11:25:08.560000','8X33',52,NULL),(314,'javain','2021-09-20 11:25:08.578000','javain','2021-09-20 11:25:08.578000','7X45',52,NULL),(315,'javain','2021-09-20 11:25:08.590000','javain','2021-09-20 11:25:08.590000','8X45',52,NULL),(316,'javain','2021-09-20 11:25:08.604000','javain','2021-09-20 11:25:08.604000','8X10',52,NULL),(317,'javain','2021-09-20 11:25:08.615000','javain','2021-09-20 11:25:08.615000','20X6,5',52,NULL),(318,'javain','2021-09-20 11:25:08.644000','javain','2021-09-20 11:25:08.644000','5X50',52,NULL),(319,'javain','2021-09-20 11:25:08.747000','javain','2021-09-20 11:25:08.747000','2,5X30',52,NULL),(320,'javain','2021-09-20 11:25:08.792000','javain','2021-09-20 11:25:08.792000','7,5X30',52,NULL),(321,'javain','2021-09-20 11:25:08.949000','javain','2021-09-20 11:25:08.949000','50X60',55,NULL),(322,'javain','2021-09-20 11:25:08.966000','javain','2021-09-20 11:25:08.966000','63X46',55,NULL),(323,'javain','2021-09-20 11:25:08.977000','javain','2021-09-20 11:25:08.977000','63X47',55,NULL),(324,'javain','2021-09-20 11:25:08.994000','javain','2021-09-20 11:25:08.994000','65X60',55,NULL),(325,'javain','2021-09-20 11:25:09.007000','javain','2021-09-20 11:25:09.007000','60X60',55,NULL),(326,'javain','2021-09-20 11:25:09.054000','javain','2021-09-20 11:25:09.054000','60X85',56,NULL),(327,'javain','2021-09-20 11:25:09.080000','javain','2021-09-20 11:25:09.080000','30X100',56,NULL),(328,'javain','2021-09-20 11:25:09.104000','javain','2021-09-20 11:25:09.104000','60X120',56,NULL),(329,'javain','2021-09-20 11:25:09.135000','javain','2021-09-20 11:25:09.135000','13X26',56,NULL),(330,'javain','2021-09-20 11:25:09.189000','javain','2021-09-20 11:25:09.189000','KIT CORTE',56,NULL),(331,'javain','2021-09-20 11:25:09.213000','javain','2021-09-20 11:25:09.213000','26X26',50,NULL),(332,'javain','2021-09-20 11:25:09.262000','javain','2021-09-20 11:25:09.262000','antihumedad comun',57,NULL),(333,'javain','2021-09-20 11:25:09.320000','javain','2021-09-20 11:25:09.320000','antihumedad 3d',57,NULL),(334,'javain','2021-09-20 11:25:09.379000','javain','2021-09-20 11:25:09.379000','ALUMINIO',58,NULL),(335,'javain','2021-09-20 11:25:09.456000','javain','2021-09-20 11:25:09.456000','ACERO INOX.',58,NULL),(336,'javain','2021-09-20 11:25:09.481000','javain','2021-09-20 11:25:09.481000','PVC',58,NULL),(337,'javain','2021-09-20 11:25:09.589000','javain','2021-09-20 11:25:09.589000','DESAGUE',60,NULL),(338,'javain','2021-09-20 11:25:09.825000','javain','2021-09-20 11:25:09.825000','EPS',61,NULL),(339,'javain','2021-09-20 11:25:09.901000','javain','2021-09-20 11:25:09.901000','DECORATIVO',58,NULL),(340,'javain','2021-09-20 11:25:10.060000','javain','2021-09-20 11:25:10.060000','TUERCAS',62,NULL),(341,'javain','2021-09-20 11:25:10.073000','javain','2021-09-20 11:25:10.073000','TORNILLOS',62,NULL),(342,'javain','2021-09-20 11:25:10.088000','javain','2021-09-20 11:25:10.088000','ESPACIADORES',59,NULL),(343,'javain','2021-09-20 11:25:10.127000','javain','2021-09-20 11:25:10.127000','DOSIFICADOR',63,NULL),(344,'javain','2021-09-20 11:25:10.147000','javain','2021-09-20 11:25:10.147000','PIELETA',63,NULL),(345,'javain','2021-09-20 11:25:10.163000','javain','2021-09-20 11:25:10.163000','PILETA',63,NULL),(346,'javain','2021-09-20 11:25:10.340000','javain','2021-09-20 11:25:10.340000','ESCURREPLATOS',63,NULL),(347,'javain','2021-09-20 11:25:10.363000','javain','2021-09-20 11:25:10.363000','CANASTO',63,NULL),(348,'javain','2021-09-20 11:25:10.379000','javain','2021-09-20 11:25:10.379000','TABLA',63,NULL),(349,'javain','2021-09-20 11:25:10.436000','javain','2021-09-20 11:25:10.436000','MESADA',64,NULL),(350,'javain','2021-09-20 11:25:10.636000','javain','2021-09-20 11:25:10.636000','COMBO LUXOR 71',65,NULL),(351,'javain','2021-09-20 11:25:10.656000','javain','2021-09-20 11:25:10.656000','COMBO LUXOR 85',65,NULL),(352,'javain','2021-09-20 11:25:10.678000','javain','2021-09-20 11:25:10.678000','COMBO LUXOR 55',65,NULL),(353,'javain','2021-09-20 11:25:10.700000','javain','2021-09-20 11:25:10.700000','COMBO CURVE',65,NULL),(354,'javain','2021-09-20 11:25:10.738000','javain','2021-09-20 11:25:10.738000','COMBO GRIF EXT',65,NULL),(355,'javain','2021-09-20 11:25:10.802000','javain','2021-09-20 11:25:10.802000','COMBO GRIF',65,NULL),(356,'javain','2021-09-20 11:25:10.856000','javain','2021-09-20 11:25:10.856000','TOALLLERO',66,NULL),(357,'javain','2021-09-20 11:25:10.874000','javain','2021-09-20 11:25:10.874000','DUCHA',66,NULL),(358,'javain','2021-09-20 11:25:10.892000','javain','2021-09-20 11:25:10.892000','LAVATORIO',66,NULL),(359,'javain','2021-09-20 11:25:10.916000','javain','2021-09-20 11:25:10.916000','BIDET',66,NULL),(360,'javain','2021-09-20 11:25:10.996000','javain','2021-09-20 11:25:10.996000','KIT',66,NULL),(361,'javain','2021-09-20 11:25:11.011000','javain','2021-09-20 11:25:11.011000','CANILLA',66,NULL),(362,'javain','2021-09-20 11:25:11.098000','javain','2021-09-20 11:25:11.098000','BAÑERA',66,NULL),(363,'javain','2021-09-20 11:25:11.166000','javain','2021-09-20 11:25:11.166000','VALVULA',66,NULL),(364,'javain','2021-09-20 11:25:11.199000','javain','2021-09-20 11:25:11.199000','MONOCOMANDO',66,NULL),(365,'javain','2021-09-20 11:25:11.292000','javain','2021-09-20 11:25:11.292000','COMBO KIT COMPLETO',66,NULL),(366,'javain','2021-09-20 11:25:11.502000','javain','2021-09-20 11:25:11.502000','mesada/ cocina',66,NULL),(367,'javain','2021-09-20 11:25:11.682000','javain','2021-09-20 11:25:11.682000','BAÑERA CHAPA',67,NULL),(368,'javain','2021-09-20 11:25:11.732000','javain','2021-09-20 11:25:11.732000','INTEGRADA',64,NULL),(369,'javain','2021-09-20 11:25:11.896000','javain','2021-09-20 11:25:11.896000','ACERO',64,NULL),(370,'javain','2021-09-20 11:25:12.008000','javain','2021-09-20 11:25:12.008000','PAÑO',64,NULL),(371,'javain','2021-09-20 11:25:12.052000','javain','2021-09-20 11:25:12.052000','ITALIANA',68,NULL),(372,'javain','2021-09-20 11:25:12.128000','javain','2021-09-20 11:25:12.128000','DAMA SENSO',68,NULL),(373,'javain','2021-09-20 11:25:12.169000','javain','2021-09-20 11:25:12.169000','HALL',68,NULL),(374,'javain','2021-09-20 11:25:12.193000','javain','2021-09-20 11:25:12.193000','MONACO',68,NULL),(375,'javain','2021-09-20 11:25:12.255000','javain','2021-09-20 11:25:12.255000','NEO CELENE',74,NULL),(376,'javain','2021-09-20 11:25:12.267000','javain','2021-09-20 11:25:12.267000','INDALO',74,NULL),(377,'javain','2021-09-20 11:25:12.282000','javain','2021-09-20 11:25:12.282000','CAPRI',74,NULL),(378,'javain','2021-09-20 11:25:12.300000','javain','2021-09-20 11:25:12.300000','GAP',68,NULL),(379,'javain','2021-09-20 11:25:12.365000','javain','2021-09-20 11:25:12.365000','GENOVA',75,NULL),(380,'javain','2021-09-20 11:25:12.375000','javain','2021-09-20 11:25:12.375000','SURESTE',75,NULL),(381,'javain','2021-09-20 11:25:12.388000','javain','2021-09-20 11:25:12.388000','LEVANTE',75,NULL),(382,'javain','2021-09-20 11:25:12.419000','javain','2021-09-20 11:25:12.419000','LAVAR',63,NULL),(383,'javain','2021-09-20 11:25:12.464000','javain','2021-09-20 11:25:12.464000','HALL PRING',73,NULL),(384,'javain','2021-09-20 11:25:12.473000','javain','2021-09-20 11:25:12.473000','DAMA PRING',73,NULL),(385,'javain','2021-09-20 11:25:12.489000','javain','2021-09-20 11:25:12.489000','MONACO PRING',73,NULL),(386,'javain','2021-09-20 11:25:12.506000','javain','2021-09-20 11:25:12.506000','DIONISIO',68,NULL),(387,'javain','2021-09-20 11:25:12.531000','javain','2021-09-20 11:25:12.531000','JADE',68,NULL),(388,'javain','2021-09-20 11:25:12.565000','javain','2021-09-20 11:25:12.565000','ITALIANA TAU',73,NULL),(389,'javain','2021-09-20 11:25:12.573000','javain','2021-09-20 11:25:12.573000','MONACO DACORD',73,NULL),(390,'javain','2021-09-20 11:25:12.590000','javain','2021-09-20 11:25:12.590000','ESPEJO',55,NULL),(391,'javain','2021-09-20 11:25:12.716000','javain','2021-09-20 11:25:12.716000','LADRILLO VIDRIO',77,NULL),(392,'javain','2021-09-20 11:25:12.773000','javain','2021-09-20 11:25:12.773000','VANITORY',78,NULL),(393,'javain','2021-09-20 11:25:13.204000','javain','2021-09-20 11:25:13.204000','OVALADA LISA',54,NULL),(394,'javain','2021-09-20 11:25:13.231000','javain','2021-09-20 11:25:13.231000','OVALADA LUNAR',54,NULL),(395,'javain','2021-09-20 11:25:13.264000','javain','2021-09-20 11:25:13.264000','REDONDA LUNAR',54,NULL),(396,'javain','2021-09-20 11:25:13.295000','javain','2021-09-20 11:25:13.295000','REDONDA LISA',54,NULL),(397,'javain','2021-09-20 11:25:13.342000','javain','2021-09-20 11:25:13.342000','RECTANGULAR',54,NULL),(398,'javain','2021-09-20 11:25:13.387000','javain','2021-09-20 11:25:13.387000','VIDRIO',54,NULL),(399,'javain','2021-09-20 11:25:13.407000','javain','2021-09-20 11:25:13.407000','LOZA',54,NULL),(400,'javain','2021-09-20 11:25:13.432000','javain','2021-09-20 11:25:13.432000','LISA',54,NULL),(401,'javain','2021-09-20 11:25:13.509000','javain','2021-09-20 11:25:13.509000','LOSA',54,NULL),(402,'javain','2021-09-20 11:25:13.616000','javain','2021-09-20 11:25:13.616000','MURETE',79,NULL),(403,'javain','2021-09-20 11:25:13.674000','javain','2021-09-20 11:25:13.674000','PLACA PIEDRA',79,NULL),(404,'javain','2021-09-20 11:25:13.707000','javain','2021-09-20 11:25:13.707000','SELLADOR',79,NULL),(405,'javain','2021-09-20 11:25:13.802000','javain','2021-09-20 11:25:13.802000','TEXTURADO',80,NULL),(406,'javain','2021-09-20 11:25:13.851000','javain','2021-09-20 11:25:13.851000','BASE',80,NULL),(407,'javain','2021-09-20 11:25:13.881000','javain','2021-09-20 11:25:13.881000','ESTUCO',80,NULL),(408,'javain','2021-09-20 11:25:13.940000','javain','2021-09-20 11:25:13.940000','PEG. CERAMICA',81,NULL),(409,'javain','2021-09-20 11:25:14.006000','javain','2021-09-20 11:25:14.006000','PEG. PORCELANATO',81,NULL),(410,'javain','2021-09-20 11:25:14.023000','javain','2021-09-20 11:25:14.023000','PISO SOBRE PISO',81,NULL),(411,'javain','2021-09-20 11:25:14.037000','javain','2021-09-20 11:25:14.037000','LOSA RADIANTE',81,NULL),(412,'javain','2021-09-20 11:25:14.055000','javain','2021-09-20 11:25:14.055000','VENECIANO',81,NULL),(413,'javain','2021-09-20 11:25:14.084000','javain','2021-09-20 11:25:14.084000','PASTINA CERAMICA',82,NULL),(414,'javain','2021-09-20 11:25:14.129000','javain','2021-09-20 11:25:14.129000','pegamento glass',81,NULL),(415,'javain','2021-09-20 11:25:14.166000','javain','2021-09-20 11:25:14.166000','40X40',83,NULL),(416,'javain','2021-09-20 11:25:14.200000','javain','2021-09-20 11:25:14.200000','MADERA',64,NULL),(417,'javain','2022-08-31 10:58:31.666000','javain','2022-08-31 10:58:31.666000','acero inox',84,NULL),(418,'javain','2022-08-31 10:58:32.007000','javain','2022-08-31 10:58:32.007000','espaciadores ceramicos',84,NULL),(419,'javain','2022-08-31 10:58:32.083000','javain','2022-08-31 10:58:32.083000','esquinero de',84,NULL),(420,'javain','2022-08-31 10:58:32.113000','javain','2022-08-31 10:58:32.113000','tapajunta mate',84,NULL),(421,'javain','2022-08-31 10:58:32.157000','javain','2022-08-31 10:58:32.157000','desague lineal',84,NULL),(422,'APP','2023-01-27 14:04:56.613000','APP','2023-01-27 14:04:56.613000','PENTAGLAS 27X27',51,NULL),(423,'APP','2023-07-10 15:02:10.108000','APP','2023-07-10 15:02:10.108000','REVISAR',85,NULL),(424,'admin','2025-03-15 14:56:44.398000','admin','2025-03-15 14:56:44.398000','amoblamientos',88,NULL);

--
-- Table structure for table `tarjeta_credito`
--

CREATE TABLE `tarjeta_credito` (
  `idtarjetacredito` int NOT NULL AUTO_INCREMENT,
  `created_by` varchar(255) DEFAULT NULL,
  `created_date` datetime(6) DEFAULT NULL,
  `last_modified_by` varchar(255) DEFAULT NULL,
  `last_modified_date` datetime(6) DEFAULT NULL,
  `banco` varchar(255) DEFAULT NULL,
  `dni` varchar(255) DEFAULT NULL,
  `fecha_pago` datetime(6) DEFAULT NULL,
  `fecvto` datetime(6) DEFAULT NULL,
  `importe` decimal(19,2) DEFAULT NULL,
  `nrotarj` varchar(255) DEFAULT NULL,
  `caja_idcajas` int DEFAULT NULL,
  `factura_idfacturasventas` int DEFAULT NULL,
  PRIMARY KEY (`idtarjetacredito`),
  KEY `FKnpbvsv0c1r4p1a5e3qcf8ql7` (`caja_idcajas`),
  KEY `FKivobtfnn4uogxrdaqkdde1e9h` (`factura_idfacturasventas`),
  CONSTRAINT `FKivobtfnn4uogxrdaqkdde1e9h` FOREIGN KEY (`factura_idfacturasventas`) REFERENCES `facturas_venta` (`idfacturasventas`),
  CONSTRAINT `FKnpbvsv0c1r4p1a5e3qcf8ql7` FOREIGN KEY (`caja_idcajas`) REFERENCES `cajas` (`idcajas`)
) ENGINE=InnoDB AUTO_INCREMENT=721 DEFAULT CHARSET=utf8mb4 COLLATE=utf8mb4_0900_ai_ci;

--
-- Dumping data for table `tarjeta_credito`
--

INSERT INTO `tarjeta_credito` VALUES (1,'APP','2023-01-25 18:33:20.688000','APP','2023-01-25 18:33:20.688000',NULL,NULL,'2023-01-25 18:33:20.676000',NULL,5107.41,NULL,NULL,96),(2,'APP','2023-03-16 12:29:00.592000','APP','2023-03-16 12:29:00.592000',NULL,'99999999','2023-03-16 12:29:00.543000',NULL,56551.77,NULL,NULL,128),(3,'APP','2023-03-18 14:14:33.005000','APP','2023-03-18 14:14:33.005000',NULL,'99999999','2023-03-18 14:14:33.001000',NULL,30148.36,NULL,NULL,135),(4,'APP','2023-03-20 12:57:19.246000','APP','2023-03-20 12:57:19.246000',NULL,'99999999','2023-03-20 12:57:19.244000',NULL,55637.01,NULL,NULL,138),(5,'APP','2023-03-21 11:44:36.343000','APP','2023-03-21 11:44:36.343000',NULL,'99999999','2023-03-21 11:44:36.335000',NULL,22019.58,NULL,NULL,140),(6,'APP','2023-03-21 14:06:37.503000','APP','2023-03-21 14:06:37.503000',NULL,'99999999','2023-03-21 14:06:37.501000',NULL,40559.81,NULL,NULL,142),(7,'APP','2023-03-22 14:39:31.054000','APP','2023-03-22 14:39:31.054000',NULL,'99999999','2023-03-22 14:39:31.051000',NULL,63726.10,NULL,NULL,146),(8,'APP','2023-03-23 15:07:59.996000','APP','2023-03-23 15:07:59.996000',NULL,'99999999','2023-03-23 15:07:59.994000',NULL,14453.45,NULL,NULL,150),(9,'APP','2023-03-23 17:20:54.098000','APP','2023-03-23 17:20:54.098000',NULL,'99999999','2023-03-23 17:20:54.096000',NULL,21049.56,NULL,NULL,151),(10,'APP','2023-03-23 17:38:58.463000','APP','2023-03-23 17:38:58.463000',NULL,'99999999','2023-03-23 17:38:58.461000',NULL,42778.10,NULL,NULL,152),(11,'APP','2023-03-23 17:46:09.988000','APP','2023-03-23 17:46:09.988000',NULL,'99999999','2023-03-23 17:46:09.981000',NULL,72554.02,NULL,NULL,153),(12,'APP','2023-03-30 13:09:34.561000','APP','2023-03-30 13:09:34.561000',NULL,'99999999','2023-03-30 13:09:34.558000',NULL,9659.43,NULL,NULL,164),(13,'APP','2023-03-30 13:11:56.349000','APP','2023-03-31 13:10:31.838000',NULL,'99999999','2023-03-31 13:10:31.821000',NULL,107502.45,NULL,NULL,165),(14,'APP','2023-04-01 13:44:55.681000','APP','2023-04-01 13:44:55.681000',NULL,'99999999','2023-04-01 13:44:55.680000',NULL,28127.48,NULL,NULL,175),(15,'APP','2023-04-01 13:48:36.843000','APP','2023-04-01 13:48:36.843000',NULL,'99999999','2023-04-01 13:48:36.842000',NULL,603.00,NULL,NULL,176),(16,'APP','2023-04-03 14:41:42.989000','APP','2023-04-03 14:41:42.989000',NULL,'99999999','2023-04-03 14:41:42.946000',NULL,36906.21,NULL,NULL,179),(17,'APP','2023-04-06 17:29:54.963000','APP','2023-04-06 17:29:54.963000',NULL,'99999999','2023-04-06 17:29:54.958000',NULL,21005.00,NULL,NULL,204),(18,'APP','2023-04-10 13:13:04.995000','APP','2023-04-10 13:13:04.995000',NULL,'99999999','2023-04-10 13:13:04.984000',NULL,135175.14,NULL,NULL,211),(19,'APP','2023-04-12 13:49:56.052000','APP','2023-04-12 13:49:56.052000',NULL,'99999999','2023-04-12 13:49:56.045000',NULL,73084.00,NULL,NULL,225),(20,'APP','2023-04-12 20:10:13.462000','APP','2023-04-12 20:10:13.462000',NULL,'99999999','2023-04-12 20:10:13.461000',NULL,14643.78,NULL,NULL,233),(21,'APP','2023-04-12 20:12:29.563000','APP','2023-04-12 20:12:29.563000',NULL,'99999999','2023-04-12 20:12:29.562000',NULL,6512.22,NULL,NULL,234),(22,'APP','2023-04-15 13:27:40.317000','APP','2023-04-15 13:27:40.317000',NULL,'99999999','2023-04-15 13:27:40.316000',NULL,13676.31,NULL,NULL,244),(23,'APP','2023-04-18 14:47:56.888000','APP','2023-04-18 14:47:56.888000',NULL,'99999999','2023-04-18 14:47:56.886000',NULL,20283.77,NULL,NULL,254),(24,'APP','2023-04-18 19:23:20.967000','APP','2023-04-18 19:23:20.967000',NULL,'99999999','2023-04-18 19:23:20.966000',NULL,4401.00,NULL,NULL,260),(25,'APP','2023-04-19 14:46:26.246000','APP','2023-04-19 14:46:26.246000',NULL,'99999999','2023-04-19 14:46:26.244000',NULL,20000.00,NULL,NULL,267),(26,'APP','2023-04-19 19:06:46.929000','APP','2023-04-19 19:06:46.929000',NULL,'99999999','2023-04-19 19:06:46.928000',NULL,13072.84,NULL,NULL,272),(27,'APP','2023-04-21 11:55:06.808000','APP','2023-04-21 11:55:06.808000',NULL,'99999999','2023-04-21 11:55:06.762000',NULL,7688.34,NULL,NULL,277),(28,'APP','2023-04-21 13:41:32.281000','APP','2023-04-21 13:41:32.281000',NULL,'99999999','2023-04-21 13:41:32.280000',NULL,48854.88,NULL,NULL,285),(29,'APP','2023-04-22 13:19:38.038000','APP','2023-04-22 13:19:38.038000',NULL,'99999999','2023-04-22 13:19:38.036000',NULL,10924.85,NULL,NULL,298),(30,'APP','2023-04-22 14:10:38.072000','APP','2023-04-22 14:10:38.072000',NULL,'99999999','2023-04-22 14:10:38.071000',NULL,510721.00,NULL,NULL,301),(31,'APP','2023-04-22 14:40:20.036000','APP','2023-04-22 14:40:20.036000',NULL,'99999999','2023-04-22 14:40:20.036000',NULL,18323.80,NULL,NULL,306),(32,'APP','2023-04-24 19:26:33.328000','APP','2023-04-24 19:26:33.328000',NULL,'99999999','2023-04-24 19:26:33.327000',NULL,43015.00,NULL,NULL,316),(33,'APP','2023-04-25 13:41:02.171000','APP','2023-04-25 13:41:02.171000',NULL,'99999999','2023-04-25 13:41:02.170000',NULL,8899.20,NULL,NULL,319),(34,'APP','2023-04-25 18:18:46.573000','APP','2023-04-25 18:18:46.573000',NULL,'99999999','2023-04-25 18:18:46.572000',NULL,41400.00,NULL,NULL,323),(35,'APP','2023-04-25 19:02:35.485000','APP','2023-04-25 19:02:35.485000',NULL,'99999999','2023-04-25 19:02:35.484000',NULL,20250.00,NULL,NULL,324),(36,'APP','2023-04-25 20:19:27.319000','APP','2023-04-25 20:19:27.319000',NULL,'99999999','2023-04-25 20:19:27.318000',NULL,55320.00,NULL,NULL,326),(37,'APP','2023-04-26 12:39:27.260000','APP','2023-04-26 12:39:27.260000',NULL,'99999999','2023-04-26 12:39:27.260000',NULL,16124.00,NULL,NULL,329),(38,'APP','2023-04-27 13:30:09.651000','APP','2023-04-27 13:30:09.651000',NULL,'99999999','2023-04-27 13:30:09.650000',NULL,52179.61,NULL,NULL,339),(39,'APP','2023-04-29 14:37:08.377000','APP','2023-04-29 14:37:08.377000',NULL,'99999999','2023-04-29 14:37:08.376000',NULL,122094.00,NULL,NULL,355),(40,'APP','2023-05-02 13:30:41.120000','APP','2023-05-02 13:30:41.120000',NULL,'99999999','2023-05-02 13:30:41.118000',NULL,11457.45,NULL,NULL,359),(41,'APP','2023-05-02 17:52:04.623000','APP','2023-05-02 17:52:04.623000',NULL,NULL,'2023-05-02 17:52:04.622000',NULL,17880.00,NULL,NULL,362),(42,'APP','2023-05-02 18:05:23.707000','APP','2023-05-02 18:05:23.707000',NULL,'99999999','2023-05-02 18:05:23.707000',NULL,18161.25,NULL,NULL,363),(43,'APP','2023-05-02 18:33:48.769000','APP','2023-05-02 18:33:48.769000',NULL,'99999999','2023-05-02 18:33:48.768000',NULL,5711.81,NULL,NULL,364),(44,'APP','2023-05-02 18:46:08.556000','APP','2023-05-02 18:46:08.556000',NULL,'99999999','2023-05-02 18:46:08.555000',NULL,26034.93,NULL,NULL,366),(45,'APP','2023-05-03 12:08:31.676000','APP','2023-05-03 12:08:31.676000',NULL,'99999999','2023-05-03 12:08:31.675000',NULL,6227.10,NULL,NULL,368),(46,'APP','2023-05-03 14:48:09.405000','APP','2023-05-03 14:48:09.405000',NULL,'99999999','2023-05-03 14:48:09.405000',NULL,79011.20,NULL,NULL,371),(47,'APP','2023-05-03 15:09:37.926000','APP','2023-05-03 15:09:37.926000',NULL,'99999999','2023-05-03 15:09:37.926000',NULL,13374.75,NULL,NULL,373),(48,'APP','2023-05-03 19:25:49.237000','APP','2023-05-03 19:25:49.237000',NULL,'99999999','2023-05-03 19:25:49.237000',NULL,49725.00,NULL,NULL,375),(49,'APP','2023-05-04 13:29:09.856000','APP','2023-05-04 13:29:09.856000',NULL,'99999999','2023-05-04 13:29:09.843000',NULL,34001.00,NULL,NULL,377),(50,'APP','2023-05-04 13:43:13.219000','APP','2023-05-04 13:43:13.219000',NULL,'99999999','2023-05-04 13:43:13.213000',NULL,118935.74,NULL,NULL,378),(51,'APP','2023-05-04 13:45:14.531000','APP','2023-05-04 13:45:14.531000',NULL,'99999999','2023-05-04 13:45:14.530000',NULL,32619.91,NULL,NULL,379),(52,'APP','2023-05-04 15:01:29.391000','APP','2023-05-04 15:01:29.391000',NULL,'99999999','2023-05-04 15:01:29.388000',NULL,4504.83,NULL,NULL,381),(53,'APP','2023-05-04 20:07:37.380000','APP','2023-05-04 20:07:37.380000',NULL,'99999999','2023-05-04 20:07:37.379000',NULL,166775.10,NULL,NULL,384),(54,'APP','2023-05-05 17:33:24.859000','APP','2023-05-05 17:33:24.859000',NULL,'99999999','2023-05-05 17:33:24.853000',NULL,24912.33,NULL,NULL,391),(55,'APP','2023-05-06 13:44:47.914000','APP','2023-05-06 13:44:47.914000',NULL,NULL,'2023-05-06 13:44:47.910000',NULL,118226.08,NULL,NULL,396),(56,'APP','2023-05-06 14:16:03.027000','APP','2023-05-06 14:16:03.027000',NULL,'99999999','2023-05-06 14:16:03.024000',NULL,24000.00,NULL,NULL,397),(57,'APP','2023-05-08 13:41:14.362000','APP','2023-05-08 13:41:14.362000',NULL,'99999999','2023-05-08 13:41:14.360000',NULL,19505.80,NULL,NULL,404),(58,'APP','2023-05-08 13:45:05.043000','APP','2023-05-08 13:45:05.043000',NULL,'99999999','2023-05-08 13:45:05.042000',NULL,24382.25,NULL,NULL,405),(59,'APP','2023-05-08 17:32:41.264000','APP','2023-05-08 17:32:41.264000',NULL,'99999999','2023-05-08 17:32:41.262000',NULL,45184.06,NULL,NULL,407),(60,'APP','2023-05-09 18:17:30.274000','APP','2023-05-09 18:17:30.274000',NULL,'99999999','2023-05-09 18:17:30.268000',NULL,33472.02,NULL,NULL,415),(61,'APP','2023-05-10 20:23:33.751000','APP','2023-05-10 20:23:33.751000',NULL,'99999999','2023-05-10 20:23:33.748000',NULL,16677.00,NULL,NULL,419),(62,'APP','2023-05-11 13:28:53.895000','APP','2023-05-11 13:28:53.895000',NULL,'99999999','2023-05-11 13:28:53.889000',NULL,120985.31,NULL,NULL,421),(63,'APP','2023-05-11 15:14:12.343000','APP','2023-05-11 15:14:12.343000',NULL,'99999999','2023-05-11 15:14:12.342000',NULL,62840.00,NULL,NULL,424),(64,'APP','2023-05-12 11:43:35.938000','APP','2023-05-12 11:43:35.938000',NULL,'99999999','2023-05-12 11:43:35.925000',NULL,60396.00,NULL,NULL,425),(65,'APP','2023-05-12 14:59:33.098000','APP','2023-05-12 14:59:33.098000',NULL,'99999999','2023-05-12 14:59:33.096000',NULL,99946.00,NULL,NULL,427),(66,'APP','2023-05-12 19:06:37.858000','APP','2023-05-12 19:06:37.858000',NULL,'99999999','2023-05-12 19:06:37.857000',NULL,4135.50,NULL,NULL,431),(67,'APP','2023-05-12 19:22:15.423000','APP','2023-05-12 19:22:15.423000',NULL,'99999999','2023-05-12 19:22:15.422000',NULL,122204.01,NULL,NULL,434),(68,'APP','2023-05-13 11:50:02.345000','APP','2023-05-13 11:50:02.345000',NULL,'99999999','2023-05-13 11:50:02.344000',NULL,69066.09,NULL,NULL,435),(69,'APP','2023-05-13 13:09:23.276000','APP','2023-05-13 13:09:23.276000',NULL,'99999999','2023-05-13 13:09:23.275000',NULL,21547.80,NULL,NULL,438),(70,'APP','2023-05-13 13:40:15.589000','APP','2023-05-13 13:40:15.589000',NULL,NULL,'2023-05-13 13:40:15.588000',NULL,63670.10,NULL,NULL,440),(71,'APP','2023-05-13 14:34:04.789000','APP','2023-05-13 14:34:04.789000',NULL,'99999999','2023-05-13 14:34:04.789000',NULL,106602.50,NULL,NULL,441),(72,'APP','2023-05-15 12:54:55.370000','APP','2023-05-15 12:54:55.370000',NULL,'99999999','2023-05-15 12:54:55.366000',NULL,129855.42,NULL,NULL,443),(73,'APP','2023-05-15 13:45:25.536000','APP','2023-05-15 13:45:25.536000',NULL,'99999999','2023-05-15 13:45:25.536000',NULL,83271.00,NULL,NULL,445),(74,'APP','2023-05-15 14:55:57.713000','APP','2023-05-15 14:55:57.713000',NULL,'99999999','2023-05-15 14:55:57.712000',NULL,60679.44,NULL,NULL,448),(75,'APP','2023-05-15 14:57:38.538000','APP','2023-05-15 14:57:38.538000',NULL,'99999999','2023-05-15 14:57:38.537000',NULL,19562.07,NULL,NULL,449),(76,'APP','2023-05-15 17:21:06.628000','APP','2023-05-15 17:21:06.628000',NULL,NULL,'2023-05-15 17:21:06.627000',NULL,76210.00,NULL,NULL,451),(77,'APP','2023-05-15 18:16:38.319000','APP','2023-05-15 18:16:38.319000',NULL,'99999999','2023-05-15 18:16:38.318000',NULL,3483.00,NULL,NULL,452),(78,'APP','2023-05-16 11:38:51.443000','APP','2023-05-16 11:38:51.443000',NULL,NULL,'2023-05-16 11:38:51.442000',NULL,8160.53,NULL,NULL,454),(79,'APP','2023-05-16 16:01:04.332000','APP','2023-05-16 16:01:04.332000',NULL,'99999999','2023-05-16 16:01:04.331000',NULL,30775.14,NULL,NULL,462),(80,'APP','2023-05-16 17:11:17.024000','APP','2023-05-16 17:11:17.024000',NULL,NULL,'2023-05-16 17:11:16.969000',NULL,17602.78,NULL,NULL,463),(81,'APP','2023-05-16 17:34:16.542000','APP','2023-05-16 17:34:16.542000',NULL,NULL,'2023-05-16 17:34:16.539000',NULL,9613.69,NULL,NULL,464),(82,'APP','2023-05-16 17:43:16.728000','APP','2023-05-16 17:43:16.728000',NULL,NULL,'2023-05-16 17:43:16.727000',NULL,158018.26,NULL,NULL,465),(83,'APP','2023-05-16 19:22:17.780000','APP','2023-05-16 19:22:17.780000',NULL,NULL,'2023-05-16 19:22:17.780000',NULL,47762.46,NULL,NULL,466),(84,'APP','2023-05-16 19:24:04.277000','APP','2023-05-16 19:24:04.277000',NULL,'99999999','2023-05-16 19:24:04.276000',NULL,3735.75,NULL,NULL,467),(85,'APP','2023-05-16 19:46:31.649000','APP','2023-05-16 19:46:31.649000',NULL,NULL,'2023-05-16 19:46:31.649000',NULL,64795.50,NULL,NULL,468),(86,'APP','2023-05-17 11:58:25.429000','APP','2023-05-17 11:58:25.429000',NULL,'99999999','2023-05-17 11:58:25.428000',NULL,25408.24,NULL,NULL,469),(87,'APP','2023-05-17 14:11:16.310000','APP','2023-05-17 14:11:16.310000',NULL,NULL,'2023-05-17 14:11:16.305000',NULL,31497.81,NULL,NULL,470),(88,'APP','2023-05-17 14:35:13.905000','APP','2023-05-17 14:35:13.905000',NULL,NULL,'2023-05-17 14:35:13.905000',NULL,33112.80,NULL,NULL,471),(89,'APP','2023-05-17 15:55:05.280000','APP','2023-05-17 15:59:58.100000',NULL,'99999999','2023-05-17 15:59:58.079000',NULL,26061.00,NULL,NULL,473),(90,'APP','2023-05-17 18:19:17.708000','APP','2023-05-17 18:19:17.708000',NULL,'99999999','2023-05-17 18:19:17.708000',NULL,117475.20,NULL,NULL,474),(91,'APP','2023-05-18 12:54:46.383000','APP','2023-05-18 12:54:46.383000',NULL,'99999999','2023-05-18 12:54:46.383000',NULL,153739.80,NULL,NULL,477),(92,'APP','2023-05-18 13:12:54.658000','APP','2023-05-18 13:12:54.658000',NULL,'99999999','2023-05-18 13:12:54.657000',NULL,195192.12,NULL,NULL,479),(93,'APP','2023-05-18 14:58:17.865000','APP','2023-05-18 14:58:17.865000',NULL,NULL,'2023-05-18 14:58:17.864000',NULL,91824.48,NULL,NULL,483),(94,'APP','2023-05-18 15:26:05.839000','APP','2023-05-18 15:26:05.839000',NULL,'99999999','2023-05-18 15:26:05.838000',NULL,28558.80,NULL,NULL,484),(95,'APP','2023-05-18 19:12:08.357000','APP','2023-05-18 19:12:08.357000',NULL,'99999999','2023-05-18 19:12:08.356000',NULL,18157.14,NULL,NULL,485),(96,'APP','2023-05-18 20:07:30.981000','APP','2023-05-18 20:07:30.981000',NULL,'99999999','2023-05-18 20:07:30.980000',NULL,39105.84,NULL,NULL,486),(97,'APP','2023-05-20 15:29:03.578000','APP','2023-05-20 15:29:03.578000',NULL,NULL,'2023-05-20 15:29:03.575000',NULL,20877.47,NULL,NULL,495),(98,'APP','2023-05-22 12:29:11.027000','APP','2023-05-22 12:29:11.027000',NULL,NULL,'2023-05-22 12:29:11.026000',NULL,219900.00,NULL,NULL,498),(99,'APP','2023-05-22 17:07:00.751000','APP','2023-05-22 17:07:00.751000',NULL,NULL,'2023-05-22 17:07:00.750000',NULL,45315.00,NULL,NULL,499),(100,'APP','2023-05-22 17:24:46.500000','APP','2023-05-22 17:24:46.500000',NULL,'99999999','2023-05-22 17:24:46.497000',NULL,8922.45,NULL,NULL,501),(101,'APP','2023-05-22 19:28:15.066000','APP','2023-05-22 19:28:15.066000',NULL,NULL,'2023-05-22 19:28:15.062000',NULL,41199.50,NULL,NULL,503),(102,'APP','2023-05-23 12:58:12.572000','APP','2023-05-23 12:58:12.572000',NULL,'99999999','2023-05-23 12:58:12.571000',NULL,57719.42,NULL,NULL,505),(103,'APP','2023-05-23 15:04:03.978000','APP','2023-05-23 15:04:03.978000',NULL,'99999999','2023-05-23 15:04:03.977000',NULL,16114.25,NULL,NULL,507),(104,'APP','2023-05-23 15:41:30.848000','APP','2023-05-23 15:41:30.848000',NULL,NULL,'2023-05-23 15:41:30.847000',NULL,13532.00,NULL,NULL,508),(105,'APP','2023-05-23 17:26:48.360000','APP','2023-05-23 17:26:48.360000',NULL,NULL,'2023-05-23 17:26:48.359000',NULL,190066.80,NULL,NULL,510),(106,'APP','2023-05-23 18:24:00.508000','APP','2023-05-23 18:24:00.508000',NULL,NULL,'2023-05-23 18:24:00.507000',NULL,178740.00,NULL,NULL,511),(107,'APP','2023-05-27 12:55:12.587000','APP','2023-05-27 12:55:12.587000',NULL,'99999999','2023-05-27 12:55:12.569000',NULL,285650.90,NULL,NULL,518),(108,'APP','2023-05-27 15:04:16.768000','APP','2023-05-27 15:04:16.768000',NULL,'99999999','2023-05-27 15:04:16.761000',NULL,212173.50,NULL,NULL,522),(109,'APP','2023-05-27 15:12:48.801000','APP','2023-05-27 15:12:48.801000',NULL,NULL,'2023-05-27 15:12:48.799000',NULL,48375.00,NULL,NULL,523),(110,'APP','2023-05-27 15:35:03.144000','APP','2023-05-27 15:35:03.144000',NULL,NULL,'2023-05-27 15:35:03.140000',NULL,24805.24,NULL,NULL,524),(111,'APP','2023-05-27 15:56:12.090000','APP','2023-05-27 15:56:12.090000',NULL,NULL,'2023-05-27 15:56:12.089000',NULL,13866.60,NULL,NULL,525),(112,'APP','2023-05-29 13:33:47.947000','APP','2023-05-29 13:33:47.947000',NULL,NULL,'2023-05-29 13:33:47.945000',NULL,23081.75,NULL,NULL,528),(113,'APP','2023-05-29 14:13:11.385000','APP','2023-05-29 14:13:11.385000',NULL,NULL,'2023-05-29 14:13:11.384000',NULL,44850.83,NULL,NULL,530),(114,'APP','2023-05-29 14:46:45.418000','APP','2023-05-29 14:46:45.418000',NULL,'99999999','2023-05-29 14:46:45.417000',NULL,6509.80,NULL,NULL,531),(115,'APP','2023-05-29 15:13:41.940000','APP','2023-05-29 15:17:16.156000',NULL,NULL,'2023-05-29 15:17:16.120000',NULL,44033.63,NULL,NULL,532),(116,'APP','2023-05-29 15:19:22.077000','APP','2023-05-29 15:19:22.077000',NULL,NULL,'2023-05-29 15:19:22.075000',NULL,154370.65,NULL,NULL,533),(117,'APP','2023-05-29 17:53:37.416000','APP','2023-05-29 17:53:37.416000',NULL,NULL,'2023-05-29 17:53:37.415000',NULL,35552.10,NULL,NULL,534),(118,'APP','2023-05-29 18:23:16.196000','APP','2023-05-29 18:23:16.196000',NULL,NULL,'2023-05-29 18:23:16.195000',NULL,158995.82,NULL,NULL,535),(119,'APP','2023-05-29 18:50:36.978000','APP','2023-05-29 18:50:36.978000',NULL,NULL,'2023-05-29 18:50:36.977000',NULL,14613.66,NULL,NULL,536),(120,'APP','2023-05-29 19:35:41.735000','APP','2023-05-29 19:35:41.735000',NULL,NULL,'2023-05-29 19:35:41.734000',NULL,25907.92,NULL,NULL,537),(121,'APP','2023-05-29 19:44:58.253000','APP','2023-05-29 19:44:58.253000',NULL,NULL,'2023-05-29 19:44:58.252000',NULL,4215.60,NULL,NULL,538),(122,'APP','2023-05-30 14:01:32.744000','APP','2023-05-30 14:01:32.744000',NULL,NULL,'2023-05-30 14:01:32.736000',NULL,13871.68,NULL,NULL,542),(123,'APP','2023-05-30 15:43:52.017000','APP','2023-05-30 15:43:52.017000',NULL,NULL,'2023-05-30 15:43:52.016000',NULL,24805.24,NULL,NULL,543),(124,'APP','2023-05-30 19:36:37.476000','APP','2023-05-30 19:36:37.476000',NULL,NULL,'2023-05-30 19:36:37.475000',NULL,129276.00,NULL,NULL,544),(125,'APP','2023-05-31 13:15:09.640000','APP','2023-05-31 13:15:09.640000',NULL,NULL,'2023-05-31 13:15:09.638000',NULL,32834.00,NULL,NULL,545),(126,'APP','2023-05-31 13:50:30.552000','APP','2023-05-31 13:50:30.552000',NULL,NULL,'2023-05-31 13:50:30.549000',NULL,81526.68,NULL,NULL,546),(127,'APP','2023-05-31 14:33:17.028000','APP','2023-05-31 14:33:17.028000',NULL,NULL,'2023-05-31 14:33:17.027000',NULL,10278.95,NULL,NULL,547),(128,'APP','2023-05-31 14:43:14.686000','APP','2023-05-31 14:43:14.686000',NULL,NULL,'2023-05-31 14:43:14.686000',NULL,90918.90,NULL,NULL,548),(129,'APP','2023-05-31 14:48:33.291000','APP','2023-05-31 14:48:33.291000',NULL,NULL,'2023-05-31 14:48:33.288000',NULL,88668.90,NULL,NULL,549),(130,'APP','2023-05-31 17:48:23.127000','APP','2023-05-31 17:48:23.127000',NULL,NULL,'2023-05-31 17:48:23.126000',NULL,9723.52,NULL,NULL,554),(131,'APP','2023-05-31 20:02:58.457000','APP','2023-05-31 20:02:58.457000',NULL,NULL,'2023-05-31 20:02:58.456000',NULL,722691.10,NULL,NULL,555),(132,'APP','2023-06-01 13:20:20.583000','APP','2023-06-01 13:20:20.583000',NULL,NULL,'2023-06-01 13:20:20.581000',NULL,33260.00,NULL,NULL,556),(133,'APP','2023-06-02 11:41:44.475000','APP','2023-06-02 11:41:44.475000',NULL,'99999999','2023-06-02 11:41:44.474000',NULL,6677.75,NULL,NULL,558),(134,'APP','2023-06-02 14:19:32.067000','APP','2023-06-02 14:19:32.067000',NULL,NULL,'2023-06-02 14:19:32.066000',NULL,173784.75,NULL,NULL,560),(135,'APP','2023-06-02 15:55:57.920000','APP','2023-06-02 15:55:57.920000',NULL,NULL,'2023-06-02 15:55:57.918000',NULL,64152.90,NULL,NULL,561),(136,'APP','2023-06-02 17:18:44.673000','APP','2023-06-02 17:18:44.673000',NULL,'99999999','2023-06-02 17:18:44.671000',NULL,33766.25,NULL,NULL,562),(137,'APP','2023-06-02 17:29:50.942000','APP','2023-06-02 17:29:50.942000',NULL,'99999999','2023-06-02 17:29:50.938000',NULL,30639.60,NULL,NULL,563),(138,'APP','2023-06-02 18:08:17.457000','APP','2023-06-02 18:08:17.457000',NULL,'99999999','2023-06-02 18:08:17.456000',NULL,72215.62,NULL,NULL,564),(139,'APP','2023-06-03 12:02:42.135000','APP','2023-06-03 12:02:42.135000',NULL,'99999999','2023-06-03 12:02:42.133000',NULL,17369.55,NULL,NULL,566),(140,'APP','2023-06-03 16:13:55.316000','APP','2023-06-03 16:13:55.316000',NULL,NULL,'2023-06-03 16:13:55.313000',NULL,30250.00,NULL,NULL,568),(141,'APP','2023-06-05 13:56:43.498000','APP','2023-06-05 13:56:43.498000',NULL,NULL,'2023-06-05 13:56:43.498000',NULL,24671.50,NULL,NULL,572),(142,'APP','2023-06-05 14:36:29.957000','APP','2023-06-05 14:36:29.957000',NULL,'99999999','2023-06-05 14:36:29.956000',NULL,24437.16,NULL,NULL,573),(143,'APP','2023-06-05 19:00:05.200000','APP','2023-06-05 19:00:05.200000',NULL,'99999999','2023-06-05 19:00:05.199000',NULL,4932.00,NULL,NULL,576),(144,'APP','2023-06-06 18:46:55.499000','APP','2023-06-06 18:46:55.499000',NULL,NULL,'2023-06-06 18:46:55.498000',NULL,9061.09,NULL,NULL,578),(145,'APP','2023-06-07 14:29:27.759000','APP','2023-06-07 14:29:27.759000',NULL,NULL,'2023-06-07 14:29:27.758000',NULL,78349.92,NULL,NULL,582),(146,'APP','2023-06-07 18:55:17.710000','APP','2023-06-07 18:55:17.710000',NULL,NULL,'2023-06-07 18:55:17.708000',NULL,49889.27,NULL,NULL,586),(147,'APP','2023-06-07 19:25:30.646000','APP','2023-06-07 19:25:30.646000',NULL,NULL,'2023-06-07 19:25:30.644000',NULL,39619.00,NULL,NULL,587),(148,'APP','2023-06-08 13:41:54.382000','APP','2023-06-08 13:41:54.382000',NULL,NULL,'2023-06-08 13:41:54.379000',NULL,39136.00,NULL,NULL,592),(149,'APP','2023-06-08 18:38:13.338000','APP','2023-06-08 18:38:13.338000',NULL,NULL,'2023-06-08 18:38:13.337000',NULL,10853.70,NULL,NULL,594),(150,'APP','2023-06-09 13:59:40.269000','APP','2023-06-09 13:59:40.269000',NULL,NULL,'2023-06-09 13:59:40.268000',NULL,35187.04,NULL,NULL,597),(151,'APP','2023-06-09 14:37:28.308000','APP','2023-06-09 14:37:28.308000',NULL,NULL,'2023-06-09 14:37:28.307000',NULL,84764.86,NULL,NULL,598),(152,'APP','2023-06-09 14:53:34.528000','APP','2023-06-09 14:53:34.528000',NULL,NULL,'2023-06-09 14:53:34.528000',NULL,50058.41,NULL,NULL,599),(153,'APP','2023-06-09 14:59:01.412000','APP','2023-06-09 14:59:01.412000',NULL,NULL,'2023-06-09 14:59:01.411000',NULL,3420.40,NULL,NULL,600),(154,'APP','2023-06-09 15:46:54.439000','APP','2023-06-09 15:46:54.439000',NULL,NULL,'2023-06-09 15:46:54.432000',NULL,33433.05,NULL,NULL,601),(155,'APP','2023-06-09 18:07:51.335000','APP','2023-06-09 18:07:51.335000',NULL,NULL,'2023-06-09 18:07:51.334000',NULL,44166.25,NULL,NULL,602),(156,'APP','2023-06-09 20:16:44.130000','APP','2023-06-09 20:16:44.130000',NULL,NULL,'2023-06-09 20:16:44.129000',NULL,49275.44,NULL,NULL,604),(157,'APP','2023-06-10 11:39:45.451000','APP','2023-06-10 11:39:45.451000',NULL,NULL,'2023-06-10 11:39:45.449000',NULL,83267.36,NULL,NULL,605),(158,'APP','2023-06-10 11:49:51.204000','APP','2023-06-10 11:49:51.204000',NULL,NULL,'2023-06-10 11:49:51.203000',NULL,11543.88,NULL,NULL,606),(159,'APP','2023-06-10 14:13:55.140000','APP','2023-06-10 14:13:55.140000',NULL,NULL,'2023-06-10 14:13:55.139000',NULL,51050.70,NULL,NULL,608),(160,'APP','2023-06-10 15:04:06.987000','APP','2023-06-10 15:04:06.987000',NULL,'99999999','2023-06-10 15:04:06.986000',NULL,13590.72,NULL,NULL,609),(161,'APP','2023-06-10 15:23:46.874000','APP','2023-06-10 15:23:46.874000',NULL,NULL,'2023-06-10 15:23:46.868000',NULL,71745.00,NULL,NULL,610),(162,'APP','2023-06-12 13:28:28.028000','APP','2023-06-12 13:28:28.028000',NULL,'99999999','2023-06-12 13:28:28.027000',NULL,67700.48,NULL,NULL,612),(163,'APP','2023-06-12 14:32:12.528000','APP','2023-06-12 14:32:12.528000',NULL,NULL,'2023-06-12 14:32:12.528000',NULL,342017.39,NULL,NULL,615),(164,'APP','2023-06-12 14:33:00.835000','APP','2023-06-12 14:33:00.835000',NULL,NULL,'2023-06-12 14:33:00.834000',NULL,91672.02,NULL,NULL,616),(165,'APP','2023-06-12 19:20:21.543000','APP','2023-06-12 19:20:21.543000',NULL,NULL,'2023-06-12 19:20:21.542000',NULL,13506.50,NULL,NULL,622),(166,'APP','2023-06-13 11:54:38.100000','APP','2023-06-13 11:54:38.100000',NULL,'99999999','2023-06-13 11:54:38.099000',NULL,21103.20,NULL,NULL,624),(167,'APP','2023-06-13 12:56:12.988000','APP','2023-06-13 12:56:12.988000',NULL,NULL,'2023-06-13 12:56:12.987000',NULL,4770.20,NULL,NULL,625),(168,'APP','2023-06-13 13:00:05.507000','APP','2023-06-13 13:00:05.507000',NULL,NULL,'2023-06-13 13:00:05.506000',NULL,11062.55,NULL,NULL,626),(169,'APP','2023-06-13 20:07:36.901000','APP','2023-06-13 20:07:36.901000',NULL,'99999999','2023-06-13 20:07:36.835000',NULL,29673.92,NULL,NULL,631),(170,'APP','2023-06-14 12:41:12.137000','APP','2023-06-14 12:41:12.137000',NULL,'99999999','2023-06-14 12:41:11.916000',NULL,12403.71,NULL,NULL,632),(171,'APP','2023-06-14 12:59:27.975000','APP','2023-06-14 12:59:27.975000',NULL,'99999999','2023-06-14 12:59:27.975000',NULL,27703.62,NULL,NULL,633),(172,'APP','2023-06-14 17:23:22.605000','APP','2023-06-14 17:23:22.605000',NULL,'99999999','2023-06-14 17:23:22.604000',NULL,11516.18,NULL,NULL,635),(173,'APP','2023-06-14 17:49:38.153000','APP','2023-06-14 17:49:38.153000',NULL,'99999999','2023-06-14 17:49:38.152000',NULL,20500.20,NULL,NULL,636),(174,'APP','2023-06-15 13:56:57.414000','APP','2023-06-15 13:56:57.414000',NULL,NULL,'2023-06-15 13:56:57.403000',NULL,38560.25,NULL,NULL,639),(175,'APP','2023-06-15 14:17:15.937000','APP','2023-06-15 14:17:15.937000',NULL,'99999999','2023-06-15 14:17:15.936000',NULL,138036.80,NULL,NULL,640),(176,'APP','2023-06-16 18:52:47.131000','APP','2023-06-16 18:52:47.131000',NULL,NULL,'2023-06-16 18:52:47.129000',NULL,132035.20,NULL,NULL,646),(177,'APP','2023-06-16 19:58:53.878000','APP','2023-06-16 19:58:53.878000',NULL,NULL,'2023-06-16 19:58:53.877000',NULL,6304.71,NULL,NULL,648),(178,'APP','2023-06-21 12:27:28.920000','APP','2023-06-21 12:27:28.920000',NULL,'99999999','2023-06-21 12:27:28.917000',NULL,5786.85,NULL,NULL,657),(179,'APP','2023-06-21 13:30:13.414000','APP','2023-06-21 13:30:13.414000',NULL,'99999999','2023-06-21 13:30:13.413000',NULL,75800.00,NULL,NULL,659),(180,'APP','2023-06-21 14:34:39.808000','APP','2023-06-21 14:34:39.808000',NULL,NULL,'2023-06-21 14:34:39.807000',NULL,1440.00,NULL,NULL,660),(181,'APP','2023-06-21 15:36:44.042000','APP','2023-06-21 15:36:44.042000',NULL,NULL,'2023-06-21 15:36:44.041000',NULL,11120.00,NULL,NULL,661),(182,'APP','2023-06-21 19:43:03.533000','APP','2023-06-21 19:43:03.533000',NULL,'99999999','2023-06-21 19:43:03.532000',NULL,431838.00,NULL,NULL,664),(183,'APP','2023-06-23 12:29:15.670000','APP','2023-06-23 12:29:15.670000',NULL,'99999999','2023-06-23 12:29:15.669000',NULL,10626.33,NULL,NULL,669),(184,'APP','2023-06-24 14:16:54.873000','APP','2023-06-24 14:16:54.873000',NULL,NULL,'2023-06-24 14:16:54.872000',NULL,20328.00,NULL,NULL,686),(185,'APP','2023-06-24 15:07:12.836000','APP','2023-06-24 15:07:12.836000',NULL,NULL,'2023-06-24 15:07:12.836000',NULL,131313.80,NULL,NULL,688),(186,'APP','2023-06-24 15:45:12.853000','APP','2023-06-24 15:45:12.853000',NULL,NULL,'2023-06-24 15:45:12.852000',NULL,66150.00,NULL,NULL,689),(187,'APP','2023-06-26 13:41:48.479000','APP','2023-06-26 13:41:48.479000',NULL,NULL,'2023-06-26 13:41:48.477000',NULL,12414.60,NULL,NULL,691),(188,'APP','2023-06-26 13:58:30.155000','APP','2023-06-26 13:58:30.155000',NULL,NULL,'2023-06-26 13:58:30.153000',NULL,83509.97,NULL,NULL,692),(189,'APP','2023-06-26 19:44:44.511000','APP','2023-06-26 19:44:44.511000',NULL,NULL,'2023-06-26 19:44:44.509000',NULL,56589.60,NULL,NULL,693),(190,'APP','2023-06-26 20:13:00.293000','APP','2023-06-26 20:13:00.293000',NULL,'99999999','2023-06-26 20:13:00.292000',NULL,135490.80,NULL,NULL,694),(191,'APP','2023-06-27 15:47:24.469000','APP','2023-06-27 15:47:24.469000',NULL,NULL,'2023-06-27 15:47:24.467000',NULL,96180.48,NULL,NULL,697),(192,'APP','2023-06-27 16:00:11.379000','APP','2023-06-27 16:00:11.379000',NULL,'99999999','2023-06-27 16:00:11.378000',NULL,102287.35,NULL,NULL,698),(193,'APP','2023-06-27 18:53:10.100000','APP','2023-06-27 18:53:10.100000',NULL,NULL,'2023-06-27 18:53:10.099000',NULL,5872.74,NULL,NULL,700),(194,'APP','2023-06-27 20:24:17.926000','APP','2023-06-27 20:24:17.926000',NULL,NULL,'2023-06-27 20:24:17.925000',NULL,50850.00,NULL,NULL,702),(195,'APP','2023-06-28 12:19:36.506000','APP','2023-06-28 12:19:36.506000',NULL,NULL,'2023-06-28 12:19:36.505000',NULL,131496.75,NULL,NULL,703),(196,'APP','2023-06-28 12:25:03.426000','APP','2023-06-28 12:25:03.426000',NULL,NULL,'2023-06-28 12:25:03.425000',NULL,97558.07,NULL,NULL,704),(197,'APP','2023-06-28 13:44:22.891000','APP','2023-06-28 13:44:22.891000',NULL,NULL,'2023-06-28 13:44:22.891000',NULL,43750.35,NULL,NULL,706),(198,'APP','2023-06-28 18:34:16.870000','APP','2023-06-28 18:34:16.870000',NULL,NULL,'2023-06-28 18:34:16.869000',NULL,147585.64,NULL,NULL,708),(199,'APP','2023-06-29 12:50:37.177000','APP','2023-06-29 12:50:37.177000',NULL,NULL,'2023-06-29 12:50:37.176000',NULL,34805.65,NULL,NULL,711),(200,'APP','2023-06-29 14:41:36.512000','APP','2023-06-29 14:41:36.512000',NULL,NULL,'2023-06-29 14:41:36.511000',NULL,153585.30,NULL,NULL,713),(201,'APP','2023-06-29 19:19:44.381000','APP','2023-06-29 19:19:44.381000',NULL,NULL,'2023-06-29 19:19:44.377000',NULL,50144.40,NULL,NULL,714),(202,'APP','2023-06-30 12:17:07.531000','APP','2023-06-30 12:17:07.531000',NULL,NULL,'2023-06-30 12:17:07.530000',NULL,74448.10,NULL,NULL,718),(203,'APP','2023-06-30 13:19:35.204000','APP','2023-06-30 13:19:35.204000',NULL,'99999999','2023-06-30 13:19:35.199000',NULL,10159.16,NULL,NULL,720),(204,'APP','2023-06-30 17:21:30.568000','APP','2023-06-30 17:21:30.568000',NULL,NULL,'2023-06-30 17:21:30.567000',NULL,106629.74,NULL,NULL,721),(205,'APP','2023-06-30 17:45:07.366000','APP','2023-06-30 17:45:07.366000',NULL,NULL,'2023-06-30 17:45:07.366000',NULL,32206.50,NULL,NULL,722),(206,'APP','2023-07-01 12:42:05.791000','APP','2023-07-01 12:42:05.791000',NULL,'99999999','2023-07-01 12:42:05.790000',NULL,26369.05,NULL,NULL,725),(207,'APP','2023-07-01 12:54:45.927000','APP','2023-07-01 12:54:45.927000',NULL,'99999999','2023-07-01 12:54:45.926000',NULL,86400.00,NULL,NULL,726),(208,'APP','2023-07-01 13:40:05.968000','APP','2023-07-01 13:40:05.968000',NULL,NULL,'2023-07-01 13:40:05.968000',NULL,12744.31,NULL,NULL,729),(209,'APP','2023-07-01 14:10:17.503000','APP','2023-07-01 14:10:17.503000',NULL,NULL,'2023-07-01 14:10:17.503000',NULL,30487.12,NULL,NULL,730),(210,'APP','2023-07-01 14:29:19.975000','APP','2023-07-01 14:29:19.975000',NULL,NULL,'2023-07-01 14:29:19.974000',NULL,48925.15,NULL,NULL,731),(211,'APP','2023-07-01 14:42:09.963000','APP','2023-07-01 14:42:09.963000',NULL,NULL,'2023-07-01 14:42:09.962000',NULL,191326.41,NULL,NULL,732),(212,'APP','2023-07-01 15:14:40.938000','APP','2023-07-01 15:14:40.938000',NULL,NULL,'2023-07-01 15:14:40.937000',NULL,5850.00,NULL,NULL,735),(213,'APP','2023-07-03 18:04:02.449000','APP','2023-07-03 18:04:02.449000',NULL,NULL,'2023-07-03 18:04:02.448000',NULL,11912.45,NULL,NULL,737),(214,'APP','2023-07-03 18:29:01.884000','APP','2023-07-03 18:29:01.884000',NULL,NULL,'2023-07-03 18:29:01.883000',NULL,301134.69,NULL,NULL,739),(215,'APP','2023-07-04 13:15:55.301000','APP','2023-07-04 13:15:55.301000',NULL,'99999999','2023-07-04 13:15:55.299000',NULL,2295.00,NULL,NULL,742),(216,'APP','2023-07-04 14:55:18.765000','APP','2023-07-04 14:55:18.765000',NULL,'99999999','2023-07-04 14:55:18.764000',NULL,6560.00,NULL,NULL,743),(217,'APP','2023-07-04 16:35:33.691000','APP','2023-07-04 16:35:33.691000',NULL,NULL,'2023-07-04 16:35:33.690000',NULL,24321.73,NULL,NULL,745),(218,'APP','2023-07-04 18:26:40.649000','APP','2023-07-04 18:26:40.649000',NULL,NULL,'2023-07-04 18:26:40.648000',NULL,232190.00,NULL,NULL,750),(219,'APP','2023-07-05 12:10:46.309000','APP','2023-07-05 12:10:46.309000',NULL,NULL,'2023-07-05 12:10:46.307000',NULL,11482.90,NULL,NULL,753),(220,'APP','2023-07-05 13:16:37.107000','APP','2023-07-05 13:16:37.107000',NULL,NULL,'2023-07-05 13:16:37.106000',NULL,38550.00,NULL,NULL,754),(221,'APP','2023-07-05 17:32:11.662000','APP','2023-07-05 17:32:11.662000',NULL,NULL,'2023-07-05 17:32:11.661000',NULL,9103.50,NULL,NULL,756),(222,'APP','2023-07-05 20:36:02.391000','APP','2023-07-05 20:36:02.391000',NULL,NULL,'2023-07-05 20:36:02.391000',NULL,58564.00,NULL,NULL,759),(223,'APP','2023-07-06 13:31:20.649000','APP','2023-07-06 13:31:20.649000',NULL,NULL,'2023-07-06 13:31:20.647000',NULL,2800.00,NULL,NULL,760),(224,'APP','2023-07-06 13:45:32.042000','APP','2023-07-06 13:45:32.042000',NULL,NULL,'2023-07-06 13:45:32.041000',NULL,75440.00,NULL,NULL,763),(225,'APP','2023-07-06 20:01:35.539000','APP','2023-07-06 20:01:35.539000',NULL,NULL,'2023-07-06 20:01:35.538000',NULL,53637.50,NULL,NULL,771),(226,'APP','2023-07-07 13:42:01.142000','APP','2023-07-07 13:42:01.142000',NULL,NULL,'2023-07-07 13:42:01.141000',NULL,178050.00,NULL,NULL,774),(227,'APP','2023-07-07 18:05:13.540000','APP','2023-07-07 18:05:13.540000',NULL,NULL,'2023-07-07 18:05:13.539000',NULL,35687.25,NULL,NULL,778),(228,'APP','2023-07-07 18:42:35.175000','APP','2023-07-07 18:42:35.175000',NULL,NULL,'2023-07-07 18:42:35.174000',NULL,31532.60,NULL,NULL,779),(229,'APP','2023-07-07 20:01:47.220000','APP','2023-07-07 20:01:47.220000',NULL,'99999999','2023-07-07 20:01:47.220000',NULL,250529.90,NULL,NULL,780),(230,'APP','2023-07-07 20:29:39.498000','APP','2023-07-07 20:29:39.498000',NULL,'99999999','2023-07-07 20:29:39.497000',NULL,38642.13,NULL,NULL,782),(231,'APP','2023-07-08 14:37:09.881000','APP','2023-07-08 14:37:09.881000',NULL,NULL,'2023-07-08 14:37:09.880000',NULL,47224.50,NULL,NULL,787),(232,'APP','2023-07-08 14:54:00.339000','APP','2023-07-08 14:54:00.339000',NULL,NULL,'2023-07-08 14:54:00.339000',NULL,24480.00,NULL,NULL,788),(233,'APP','2023-07-08 15:23:23.398000','APP','2023-07-08 15:23:23.398000',NULL,NULL,'2023-07-08 15:23:23.397000',NULL,69575.00,NULL,NULL,792),(234,'APP','2023-07-08 16:03:53.983000','APP','2023-07-08 16:03:53.983000',NULL,'99999999','2023-07-08 16:03:53.982000',NULL,21370.00,NULL,NULL,795),(235,'APP','2023-07-10 17:08:14.554000','APP','2023-07-10 17:08:14.554000',NULL,NULL,'2023-07-10 17:08:14.552000',NULL,62249.96,NULL,NULL,800),(236,'APP','2023-07-10 18:23:45.910000','APP','2023-07-10 18:23:45.910000',NULL,NULL,'2023-07-10 18:23:45.907000',NULL,18621.90,NULL,NULL,801),(237,'APP','2023-07-10 18:50:01.388000','APP','2023-07-10 18:50:01.388000',NULL,NULL,'2023-07-10 18:50:01.385000',NULL,50513.40,NULL,NULL,802),(238,'APP','2023-07-13 13:15:31.533000','APP','2023-07-13 13:15:31.533000',NULL,'99999999','2023-07-13 13:15:31.528000',NULL,23940.00,NULL,NULL,816),(239,'APP','2023-07-13 19:24:21.661000','APP','2023-07-13 19:24:21.661000',NULL,NULL,'2023-07-13 19:24:21.660000',NULL,21525.90,NULL,NULL,819),(240,'APP','2023-07-14 17:49:24.037000','APP','2023-07-14 17:49:24.037000',NULL,'99999999','2023-07-14 17:49:24.036000',NULL,130000.00,NULL,NULL,829),(241,'APP','2023-07-14 18:08:40.960000','APP','2023-07-14 18:08:40.960000',NULL,'99999999','2023-07-14 18:08:40.960000',NULL,37616.00,NULL,NULL,831),(242,'APP','2023-07-14 18:18:54.735000','APP','2023-07-14 18:18:54.735000',NULL,'99999999','2023-07-14 18:18:54.734000',NULL,80215.00,NULL,NULL,832),(243,'APP','2023-07-14 18:29:48.197000','APP','2023-07-14 18:29:48.197000',NULL,NULL,'2023-07-14 18:29:48.195000',NULL,99864.00,NULL,NULL,833),(244,'APP','2023-07-15 11:50:31.018000','APP','2023-07-15 11:50:31.018000',NULL,NULL,'2023-07-15 11:50:31.017000',NULL,54038.60,NULL,NULL,835),(245,'APP','2023-07-15 13:52:17.248000','APP','2023-07-15 13:52:17.248000',NULL,'99999999','2023-07-15 13:52:17.247000',NULL,16582.00,NULL,NULL,837),(246,'APP','2023-07-18 14:18:22.837000','APP','2023-07-18 14:18:22.837000',NULL,NULL,'2023-07-18 14:18:22.836000',NULL,207617.85,NULL,NULL,845),(247,'APP','2023-07-18 19:47:01.477000','APP','2023-07-18 19:47:01.477000',NULL,NULL,'2023-07-18 19:47:01.476000',NULL,101502.06,NULL,NULL,853),(248,'APP','2023-07-18 20:10:13.188000','APP','2023-07-18 20:10:13.188000',NULL,NULL,'2023-07-18 20:10:13.187000',NULL,7314.25,NULL,NULL,854),(249,'APP','2023-07-19 12:20:05.794000','APP','2023-07-19 12:20:05.794000',NULL,NULL,'2023-07-19 12:20:05.792000',NULL,49852.00,NULL,NULL,855),(250,'APP','2023-07-19 14:25:39.359000','APP','2023-07-19 14:25:39.359000',NULL,'99999999','2023-07-19 14:25:39.358000',NULL,13608.00,NULL,NULL,861),(251,'APP','2023-07-19 14:54:15.894000','APP','2023-07-19 14:54:15.894000',NULL,NULL,'2023-07-19 14:54:15.893000',NULL,24465.60,NULL,NULL,862),(252,'APP','2023-07-19 15:56:17.888000','APP','2023-07-19 15:56:17.888000',NULL,NULL,'2023-07-19 15:56:17.888000',NULL,12852.00,NULL,NULL,864),(253,'APP','2023-07-20 15:45:57.390000','APP','2023-07-20 15:45:57.390000',NULL,NULL,'2023-07-20 15:45:57.389000',NULL,62160.12,NULL,NULL,873),(254,'APP','2023-07-20 17:18:21.232000','APP','2023-07-20 17:18:21.232000',NULL,'99999999','2023-07-20 17:18:21.231000',NULL,6770.70,NULL,NULL,875),(255,'APP','2023-07-21 14:59:09.723000','APP','2023-07-21 14:59:09.723000',NULL,NULL,'2023-07-21 14:59:09.722000',NULL,22014.90,NULL,NULL,880),(256,'APP','2023-07-26 14:56:55.940000','APP','2023-07-26 14:56:55.940000',NULL,'99999999','2023-07-26 14:56:55.939000',NULL,15004.00,NULL,NULL,908),(257,'APP','2023-07-31 17:51:33.637000','APP','2023-07-31 17:51:33.637000',NULL,'99999999','2023-07-31 17:51:33.614000',NULL,850997.00,NULL,NULL,937),(258,'APP','2023-07-31 18:17:15.780000','APP','2023-07-31 18:17:15.780000',NULL,'99999999','2023-07-31 18:17:15.779000',NULL,361500.00,NULL,NULL,938),(259,'APP','2023-08-01 14:32:07.309000','APP','2023-08-01 14:32:07.309000',NULL,'99999999','2023-08-01 14:32:07.308000',NULL,13854.50,NULL,NULL,946),(260,'APP','2023-08-01 15:31:32.016000','APP','2023-08-01 15:31:32.016000',NULL,'99999999','2023-08-01 15:31:32.015000',NULL,128200.00,NULL,NULL,947),(261,'APP','2023-08-01 19:52:54.474000','APP','2023-08-01 19:52:54.474000',NULL,'99999999','2023-08-01 19:52:54.473000',NULL,214170.00,NULL,NULL,950),(262,'APP','2023-08-02 20:37:55.015000','APP','2023-08-02 20:37:55.015000',NULL,NULL,'2023-08-02 20:37:55.010000',NULL,271211.92,NULL,NULL,957),(263,'APP','2023-08-03 19:06:59.254000','APP','2023-08-03 19:06:59.254000',NULL,NULL,'2023-08-03 19:06:59.250000',NULL,201900.60,NULL,NULL,962),(264,'APP','2023-08-07 12:36:10.316000','APP','2023-08-07 12:36:10.316000',NULL,NULL,'2023-08-07 12:36:10.291000',NULL,471302.26,NULL,NULL,971),(265,'APP','2023-08-07 13:52:04.769000','APP','2023-08-07 13:52:04.769000',NULL,'99999999','2023-08-07 13:52:04.765000',NULL,71600.00,NULL,NULL,975),(266,'APP','2023-08-07 18:18:01.906000','APP','2023-08-07 18:18:01.906000',NULL,NULL,'2023-08-07 18:18:01.906000',NULL,49700.00,NULL,NULL,982),(267,'APP','2023-08-08 18:52:48.548000','APP','2023-08-08 18:52:48.548000',NULL,'99999999','2023-08-08 18:52:48.546000',NULL,170927.02,NULL,NULL,989),(268,'APP','2023-08-08 19:07:43.946000','APP','2023-08-08 19:07:43.946000',NULL,NULL,'2023-08-08 19:07:43.945000',NULL,2321412.00,NULL,NULL,990),(269,'APP','2023-08-08 19:59:28.286000','APP','2023-08-08 19:59:28.286000',NULL,'99999999','2023-08-08 19:59:28.285000',NULL,354780.00,NULL,NULL,991),(270,'APP','2023-08-09 18:01:26.355000','APP','2023-08-09 18:01:26.355000',NULL,NULL,'2023-08-09 18:01:26.353000',NULL,36764.64,NULL,NULL,999),(271,'APP','2023-08-10 11:39:51.120000','APP','2023-08-10 11:39:51.120000',NULL,NULL,'2023-08-10 11:39:51.119000',NULL,13608.00,NULL,NULL,1004),(272,'APP','2023-08-11 15:25:05.982000','APP','2023-08-11 15:25:05.982000',NULL,'99999999','2023-08-11 15:25:05.935000',NULL,157975.00,NULL,NULL,1017),(273,'APP','2023-08-11 17:49:38.816000','APP','2023-08-11 17:49:38.816000',NULL,NULL,'2023-08-11 17:49:38.815000',NULL,295650.00,NULL,NULL,1018),(274,'APP','2023-08-11 17:55:15.107000','APP','2023-08-11 17:55:15.107000',NULL,NULL,'2023-08-11 17:55:15.106000',NULL,9609.30,NULL,NULL,1019),(275,'APP','2023-08-11 17:57:10.627000','APP','2023-08-11 17:57:10.627000',NULL,'99999999','2023-08-11 17:57:10.625000',NULL,10080.00,NULL,NULL,1020),(276,'APP','2023-08-11 18:06:47.815000','APP','2023-08-11 18:06:47.815000',NULL,NULL,'2023-08-11 18:06:47.811000',NULL,425160.00,NULL,NULL,1021),(277,'APP','2023-08-12 12:10:34.866000','APP','2023-08-12 12:10:34.866000',NULL,NULL,'2023-08-12 12:10:34.861000',NULL,14194.00,NULL,NULL,1025),(278,'APP','2023-08-12 14:05:11.983000','APP','2023-08-12 14:05:11.983000',NULL,'99999999','2023-08-12 14:05:11.981000',NULL,21024.00,NULL,NULL,1030),(279,'APP','2023-08-12 14:05:47.080000','APP','2023-08-12 14:05:47.080000',NULL,NULL,'2023-08-12 14:05:47.079000',NULL,33960.00,NULL,NULL,1031),(280,'APP','2023-08-12 15:37:07.980000','APP','2023-08-12 15:37:07.980000',NULL,'99999999','2023-08-12 15:37:07.978000',NULL,59692.50,NULL,NULL,1039),(281,'APP','2023-08-14 14:25:18.875000','APP','2023-08-14 14:25:18.875000',NULL,NULL,'2023-08-14 14:25:18.873000',NULL,15960.00,NULL,NULL,1045),(282,'APP','2023-08-14 16:04:54.997000','APP','2023-08-14 16:04:54.997000',NULL,NULL,'2023-08-14 16:04:54.997000',NULL,27384.00,NULL,NULL,1048),(283,'APP','2023-08-14 17:58:23.530000','APP','2023-08-14 17:58:23.530000',NULL,NULL,'2023-08-14 17:58:23.529000',NULL,88335.00,NULL,NULL,1050),(284,'APP','2023-08-14 20:18:31.833000','APP','2023-08-14 20:18:31.833000',NULL,NULL,'2023-08-14 20:18:31.832000',NULL,45148.00,NULL,NULL,1052),(285,'APP','2023-08-15 17:10:01.357000','APP','2023-08-15 17:10:01.357000',NULL,NULL,'2023-08-15 17:10:01.356000',NULL,124750.00,NULL,NULL,1054),(286,'APP','2023-08-15 18:09:56.342000','APP','2023-08-15 18:09:56.342000',NULL,NULL,'2023-08-15 18:09:56.340000',NULL,116502.30,NULL,NULL,1056),(287,'APP','2023-08-15 18:12:44.331000','APP','2023-08-15 18:12:44.331000',NULL,NULL,'2023-08-15 18:12:44.330000',NULL,129447.00,NULL,NULL,1057),(288,'APP','2023-08-17 12:46:52.175000','APP','2023-08-17 12:46:52.175000',NULL,NULL,'2023-08-17 12:46:52.163000',NULL,87295.00,NULL,NULL,1070),(289,'APP','2023-08-17 17:59:34.997000','APP','2023-08-17 17:59:34.997000',NULL,NULL,'2023-08-17 17:59:34.994000',NULL,73340.00,NULL,NULL,1073),(290,'APP','2023-08-17 18:29:18.159000','APP','2023-08-17 18:29:18.159000',NULL,NULL,'2023-08-17 18:29:18.155000',NULL,33817.50,NULL,NULL,1074),(291,'APP','2023-08-18 18:34:04.189000','APP','2023-08-18 18:34:04.189000',NULL,'99999999','2023-08-18 18:34:04.187000',NULL,51848.00,NULL,NULL,1084),(292,'APP','2023-08-18 19:02:05.934000','APP','2023-08-18 19:02:05.934000',NULL,NULL,'2023-08-18 19:02:05.933000',NULL,53262.00,NULL,NULL,1086),(293,'APP','2023-08-22 14:14:07.277000','APP','2023-08-22 14:14:07.277000',NULL,NULL,'2023-08-22 14:14:07.270000',NULL,138591.00,NULL,NULL,1099),(294,'APP','2023-08-22 17:28:10.729000','APP','2023-08-22 17:28:10.729000',NULL,NULL,'2023-08-22 17:28:10.728000',NULL,65980.80,NULL,NULL,1102),(295,'APP','2023-08-22 18:55:43.594000','APP','2023-08-22 18:55:43.594000',NULL,NULL,'2023-08-22 18:55:43.588000',NULL,8510.00,NULL,NULL,1105),(296,'APP','2023-08-22 19:51:43.028000','APP','2023-08-22 19:51:43.028000',NULL,NULL,'2023-08-22 19:51:43.027000',NULL,115270.00,NULL,NULL,1106),(297,'APP','2023-08-24 13:20:59.093000','APP','2023-08-24 13:20:59.093000',NULL,'99999999','2023-08-24 13:20:59.090000',NULL,28159.20,NULL,NULL,1116),(298,'APP','2023-08-24 15:12:20.536000','APP','2023-08-24 15:12:20.536000',NULL,NULL,'2023-08-24 15:12:20.534000',NULL,122700.00,NULL,NULL,1118),(299,'APP','2023-08-24 17:11:58.255000','APP','2023-08-24 17:11:58.255000',NULL,NULL,'2023-08-24 17:11:58.254000',NULL,91416.60,NULL,NULL,1120),(300,'APP','2023-08-24 19:04:39.420000','APP','2023-08-24 19:04:39.420000',NULL,NULL,'2023-08-24 19:04:39.417000',NULL,48812.40,NULL,NULL,1122),(301,'APP','2023-08-24 20:22:24.154000','APP','2023-08-24 20:22:24.154000',NULL,NULL,'2023-08-24 20:22:24.154000',NULL,18864.00,NULL,NULL,1124),(302,'APP','2023-08-25 14:08:13.722000','APP','2023-08-25 14:08:13.722000',NULL,NULL,'2023-08-25 14:08:13.721000',NULL,36180.00,NULL,NULL,1126),(303,'APP','2023-08-25 17:14:09.929000','APP','2023-08-25 17:14:09.929000',NULL,NULL,'2023-08-25 17:14:09.928000',NULL,57148.00,NULL,NULL,1128),(304,'APP','2023-08-26 13:47:51.734000','APP','2023-08-26 13:47:51.734000',NULL,NULL,'2023-08-26 13:47:51.731000',NULL,22068.00,NULL,NULL,1134),(305,'APP','2023-08-28 19:08:53.621000','APP','2023-08-28 19:08:53.621000',NULL,NULL,'2023-08-28 19:08:53.619000',NULL,18392.40,NULL,NULL,1147),(306,'APP','2023-08-29 15:02:05.780000','APP','2023-08-29 15:02:05.780000',NULL,NULL,'2023-08-29 15:02:05.777000',NULL,62409.60,NULL,NULL,1152),(307,'APP','2023-09-01 17:35:23.835000','APP','2023-09-01 17:35:23.835000',NULL,NULL,'2023-09-01 17:35:23.833000',NULL,96000.00,NULL,NULL,1176),(308,'APP','2023-09-01 17:47:45.937000','APP','2023-09-01 17:47:45.937000',NULL,NULL,'2023-09-01 17:47:45.935000',NULL,13464.00,NULL,NULL,1177),(309,'APP','2023-09-01 17:58:15.360000','APP','2023-09-01 17:58:15.360000',NULL,NULL,'2023-09-01 17:58:15.359000',NULL,81040.00,NULL,NULL,1179),(310,'APP','2023-09-01 18:14:06.648000','APP','2023-09-01 18:14:06.648000',NULL,NULL,'2023-09-01 18:14:06.647000',NULL,42768.00,NULL,NULL,1180),(311,'APP','2023-09-04 13:43:16.428000','APP','2023-09-04 13:43:16.428000',NULL,NULL,'2023-09-04 13:43:16.423000',NULL,12600.00,NULL,NULL,1187),(312,'APP','2023-09-04 14:58:44.286000','APP','2023-09-04 14:58:44.286000',NULL,NULL,'2023-09-04 14:58:44.284000',NULL,69760.00,NULL,NULL,1188),(313,'APP','2023-09-06 12:28:56.908000','APP','2023-09-06 12:28:56.908000',NULL,NULL,'2023-09-06 12:28:56.906000',NULL,53240.00,NULL,NULL,1207),(314,'APP','2023-09-06 18:14:43.359000','APP','2023-09-06 18:14:43.359000',NULL,NULL,'2023-09-06 18:14:43.358000',NULL,13840.00,NULL,NULL,1208),(315,'APP','2023-09-06 20:16:37.514000','APP','2023-09-06 20:16:37.514000',NULL,NULL,'2023-09-06 20:16:37.513000',NULL,136512.00,NULL,NULL,1210),(316,'APP','2023-09-07 15:12:48.970000','APP','2023-09-07 15:12:48.970000',NULL,NULL,'2023-09-07 15:12:48.968000',NULL,35280.00,NULL,NULL,1212),(317,'APP','2023-09-07 18:33:33.086000','APP','2023-09-07 18:33:33.086000',NULL,NULL,'2023-09-07 18:33:33.084000',NULL,139652.10,NULL,NULL,1215),(318,'APP','2023-09-08 18:54:44.442000','APP','2023-09-08 18:54:44.442000',NULL,NULL,'2023-09-08 18:54:44.441000',NULL,6310.00,NULL,NULL,1220),(319,'APP','2023-09-09 15:15:17.136000','APP','2023-09-09 15:15:17.136000',NULL,NULL,'2023-09-09 15:15:17.133000',NULL,73880.00,NULL,NULL,1225),(320,'APP','2023-09-11 17:22:10.397000','APP','2023-09-11 17:22:10.397000',NULL,NULL,'2023-09-11 17:22:10.395000',NULL,80780.00,NULL,NULL,1232),(321,'APP','2023-09-11 18:16:58.642000','APP','2023-09-11 18:16:58.642000',NULL,NULL,'2023-09-11 18:16:58.641000',NULL,16150.00,NULL,NULL,1234),(322,'APP','2023-09-11 18:52:56.121000','APP','2023-09-11 18:52:56.121000',NULL,NULL,'2023-09-11 18:52:56.120000',NULL,63360.00,NULL,NULL,1235),(323,'APP','2023-09-11 19:09:34.420000','APP','2023-09-11 19:09:34.420000',NULL,'99999999','2023-09-11 19:09:34.419000',NULL,17300.00,NULL,NULL,1236),(324,'APP','2023-09-12 13:53:26.936000','APP','2023-09-12 13:53:26.936000',NULL,NULL,'2023-09-12 13:53:26.922000',NULL,33795.00,NULL,NULL,1241),(325,'APP','2023-09-12 14:14:40.414000','APP','2023-09-12 14:14:40.414000',NULL,'96100863','2023-09-12 14:14:40.413000',NULL,32000.00,NULL,NULL,1246),(326,'APP','2023-09-12 14:17:57.210000','APP','2023-09-12 14:17:57.210000',NULL,'99999999','2023-09-12 14:17:57.208000',NULL,53631.00,NULL,NULL,1248),(327,'APP','2023-09-12 14:18:27.220000','APP','2023-09-12 14:18:27.220000',NULL,'99999999','2023-09-12 14:18:27.219000',NULL,53631.00,NULL,NULL,1249),(328,'APP','2023-09-12 14:21:44.438000','APP','2023-09-12 14:21:44.438000',NULL,'96100863','2023-09-12 14:21:44.437000',NULL,5000.00,NULL,NULL,1251),(329,'APP','2023-09-12 15:20:43.464000','APP','2023-09-12 15:20:43.464000',NULL,NULL,'2023-09-12 15:20:43.460000',NULL,6655.50,NULL,NULL,1254),(330,'APP','2023-09-13 11:46:28.300000','APP','2023-09-13 11:46:28.300000',NULL,'1234','2023-09-13 11:46:28.298000',NULL,26716.50,NULL,NULL,1258),(331,'APP','2023-09-13 11:54:35.190000','APP','2023-09-13 11:54:35.190000',NULL,'1234','2023-09-13 11:54:35.189000',NULL,37723.50,NULL,NULL,1260),(332,'APP','2023-09-13 15:08:27.636000','APP','2023-09-13 15:08:27.636000',NULL,'1234','2023-09-13 15:08:27.635000',NULL,19137.60,NULL,NULL,1264),(333,'APP','2023-09-14 11:46:21.895000','APP','2023-09-14 11:46:21.895000',NULL,'1234','2023-09-14 11:46:21.893000',NULL,38406.60,NULL,NULL,1269),(334,'APP','2023-09-14 13:06:14.657000','APP','2023-09-14 13:06:14.657000',NULL,'32.690.358','2023-09-14 13:06:14.656000',NULL,67560.00,NULL,NULL,1273),(335,'APP','2023-09-14 17:55:56.656000','APP','2023-09-14 17:55:56.656000',NULL,'1234','2023-09-14 17:55:56.654000',NULL,53440.00,NULL,NULL,1277),(336,'APP','2023-09-14 17:59:00.528000','APP','2023-09-14 17:59:00.528000',NULL,'1234','2023-09-14 17:59:00.527000',NULL,93270.00,NULL,NULL,1278),(337,'APP','2023-09-14 18:12:08.128000','APP','2023-09-14 18:12:08.128000',NULL,'14','2023-09-14 18:12:08.127000',NULL,7060.00,NULL,NULL,1279),(338,'APP','2023-09-15 14:02:50.360000','APP','2023-09-15 14:02:50.360000',NULL,'124','2023-09-15 14:02:50.358000',NULL,49913.10,NULL,NULL,1287),(339,'APP','2023-09-15 17:20:24.831000','APP','2023-09-15 17:20:24.831000',NULL,'124','2023-09-15 17:20:24.830000',NULL,22350.60,NULL,NULL,1288),(340,'APP','2023-09-16 12:54:54.052000','APP','2023-09-16 12:54:54.052000',NULL,'1234','2023-09-16 12:54:54.051000',NULL,7270.00,NULL,NULL,1292),(341,'APP','2023-09-18 15:39:40.820000','APP','2023-09-18 15:39:40.820000',NULL,'12345','2023-09-18 15:39:40.818000',NULL,65200.00,NULL,NULL,1303),(342,'APP','2023-09-18 18:48:32.292000','APP','2023-09-18 18:48:32.292000',NULL,'1234','2023-09-18 18:48:32.291000',NULL,40500.00,NULL,NULL,1304),(343,'APP','2023-09-18 19:04:52.553000','APP','2023-09-18 19:04:52.553000',NULL,'1234','2023-09-18 19:04:52.553000',NULL,32809.50,NULL,NULL,1305),(344,'APP','2023-09-19 19:17:56.850000','APP','2023-09-19 19:17:56.850000',NULL,'2564','2023-09-19 19:17:56.845000',NULL,28050.00,NULL,NULL,1312),(345,'APP','2023-09-20 19:01:16.948000','APP','2023-09-20 19:01:16.948000',NULL,'1234','2023-09-20 19:01:16.920000',NULL,54500.00,NULL,NULL,1316),(346,'APP','2023-09-23 13:00:28.045000','APP','2023-09-23 13:00:28.045000',NULL,'1234','2023-09-23 13:00:28.021000',NULL,222543.00,NULL,NULL,1330),(347,'APP','2023-09-23 14:13:35.309000','APP','2023-09-23 14:13:35.309000',NULL,'1234','2023-09-23 14:13:35.308000',NULL,31520.00,NULL,NULL,1332),(348,'APP','2023-09-23 14:37:48.429000','APP','2023-09-23 14:37:48.429000',NULL,'11038244','2023-09-23 14:37:48.428000',NULL,356511.60,NULL,NULL,1336),(349,'APP','2023-09-23 15:47:42.802000','APP','2023-09-23 15:47:42.802000',NULL,'3071','2023-09-23 15:47:42.801000',NULL,211690.00,NULL,NULL,1339),(350,'APP','2023-09-25 13:37:12.463000','APP','2023-09-25 13:37:12.463000',NULL,'0','2023-09-25 13:37:12.460000',NULL,5670.00,NULL,NULL,1341),(351,'APP','2023-09-25 14:18:11.817000','APP','2023-09-25 14:18:11.817000',NULL,'111','2023-09-25 14:18:11.817000',NULL,70200.00,NULL,NULL,1342),(352,'APP','2023-09-25 14:32:53.894000','APP','2023-09-25 14:32:53.894000',NULL,'2222','2023-09-25 14:32:53.894000',NULL,53800.00,NULL,NULL,1343),(353,'APP','2023-09-26 12:10:10.939000','APP','2023-09-26 12:10:10.939000',NULL,'1','2023-09-26 12:10:10.938000',NULL,66203.00,NULL,NULL,1346),(354,'APP','2023-09-26 15:25:18.954000','APP','2023-09-26 15:25:18.954000',NULL,'1255','2023-09-26 15:25:18.953000',NULL,91777.50,NULL,NULL,1350),(355,'APP','2023-09-26 17:50:04.615000','APP','2023-09-26 17:50:04.615000',NULL,'0','2023-09-26 17:50:04.614000',NULL,90180.00,NULL,NULL,1352),(356,'APP','2023-09-26 18:53:28.343000','APP','2023-09-26 18:53:28.343000',NULL,'111','2023-09-26 18:53:28.342000',NULL,134200.00,NULL,NULL,1353),(357,'APP','2023-09-26 19:37:44.793000','APP','2023-09-26 19:37:44.793000',NULL,'14442377','2023-09-26 19:37:44.792000',NULL,36000.00,NULL,NULL,1355),(358,'APP','2023-09-27 12:36:26.466000','APP','2023-09-27 12:36:26.466000',NULL,'1','2023-09-27 12:36:26.465000',NULL,56500.00,NULL,NULL,1356),(359,'APP','2023-09-27 12:43:28.419000','APP','2023-09-27 12:43:28.419000',NULL,'-','2023-09-27 12:43:28.418000',NULL,49653.00,NULL,NULL,1358),(360,'APP','2023-09-27 13:13:59.518000','APP','2023-09-27 13:13:59.518000',NULL,'111','2023-09-27 13:13:59.517000',NULL,201300.00,NULL,NULL,1359),(361,'APP','2023-09-27 17:32:36.609000','APP','2023-09-27 17:32:36.609000',NULL,'0','2023-09-27 17:32:36.609000',NULL,32400.00,NULL,NULL,1367),(362,'APP','2023-09-28 12:34:08.555000','APP','2023-09-28 12:34:08.555000',NULL,'54521','2023-09-28 12:34:08.554000',NULL,126400.00,NULL,NULL,1376),(363,'APP','2023-09-28 18:26:12.874000','APP','2023-09-28 18:26:12.874000',NULL,'0','2023-09-28 18:26:12.873000',NULL,55773.00,NULL,NULL,1379),(364,'APP','2023-09-28 18:44:19.985000','APP','2023-09-28 18:44:19.985000',NULL,'1','2023-09-28 18:44:19.984000',NULL,85581.00,NULL,NULL,1381),(365,'APP','2023-09-28 18:48:29.131000','APP','2023-09-28 18:48:29.131000',NULL,'1','2023-09-28 18:48:29.130000',NULL,66972.00,NULL,NULL,1382),(366,'APP','2023-09-29 14:15:09.373000','APP','2023-09-29 14:15:09.373000',NULL,'1','2023-09-29 14:15:09.372000',NULL,37239.00,NULL,NULL,1387),(367,'APP','2023-09-29 17:26:01.645000','APP','2023-09-29 17:26:01.645000',NULL,'1254','2023-09-29 17:26:01.645000',NULL,33650.00,NULL,NULL,1389),(368,'APP','2023-09-29 17:54:18.025000','APP','2023-09-29 17:54:18.025000',NULL,'4521','2023-09-29 17:54:18.025000',NULL,55800.00,NULL,NULL,1390),(369,'APP','2023-09-29 17:59:14.720000','APP','2023-09-29 17:59:14.720000',NULL,'26674199','2023-09-29 17:59:14.719000',NULL,120044.00,NULL,NULL,1391),(370,'APP','2023-09-29 18:00:23.200000','APP','2023-09-29 18:00:23.200000',NULL,'1111','2023-09-29 18:00:23.200000',NULL,55800.00,NULL,NULL,1392),(371,'APP','2023-09-29 18:22:02.266000','APP','2023-09-29 18:22:02.266000',NULL,'555','2023-09-29 18:22:02.266000',NULL,15150.00,NULL,NULL,1393),(372,'APP','2023-10-03 15:05:13.886000','APP','2023-10-03 15:05:13.886000',NULL,'111','2023-10-03 15:05:13.884000',NULL,125055.00,NULL,NULL,1407),(373,'APP','2023-10-03 17:11:03.168000','APP','2023-10-03 17:11:03.168000',NULL,'1','2023-10-03 17:11:03.167000',NULL,66203.00,NULL,NULL,1408),(374,'APP','2023-10-04 13:07:06.695000','APP','2023-10-04 13:07:06.695000',NULL,'111','2023-10-04 13:07:06.690000',NULL,51120.00,NULL,NULL,1412),(375,'APP','2023-10-04 13:36:35.281000','APP','2023-10-04 13:36:35.281000',NULL,NULL,'2023-10-04 13:36:35.281000',NULL,13300.00,NULL,NULL,1414),(376,'APP','2023-10-04 13:41:39.972000','APP','2023-10-04 13:41:39.972000',NULL,'111','2023-10-04 13:41:39.970000',NULL,13300.00,NULL,NULL,1415),(377,'APP','2023-10-04 13:57:42.341000','APP','2023-10-04 13:57:42.341000',NULL,'1','2023-10-04 13:57:42.341000',NULL,69300.00,NULL,NULL,1416),(378,'APP','2023-10-04 17:21:13.204000','APP','2023-10-04 17:21:13.204000',NULL,'111','2023-10-04 17:21:13.203000',NULL,21182.00,NULL,NULL,1419),(379,'APP','2023-10-04 18:17:46.021000','APP','2023-10-04 18:17:46.021000',NULL,'2','2023-10-04 18:17:46.015000',NULL,157792.00,NULL,NULL,1420),(380,'APP','2023-10-05 14:59:46.012000','APP','2023-10-05 14:59:46.012000',NULL,'1','2023-10-05 14:59:46.011000',NULL,53800.00,NULL,NULL,1424),(381,'APP','2023-10-05 17:46:58.460000','APP','2023-10-05 17:46:58.460000',NULL,'1111','2023-10-05 17:46:58.459000',NULL,60180.00,NULL,NULL,1426),(382,'APP','2023-10-05 18:36:01.412000','APP','2023-10-05 18:36:01.412000',NULL,'1','2023-10-05 18:36:01.411000',NULL,69030.00,NULL,NULL,1428),(383,'APP','2023-10-05 18:38:10.346000','APP','2023-10-05 18:38:10.346000',NULL,'1','2023-10-05 18:38:10.345000',NULL,154000.00,NULL,NULL,1429),(384,'APP','2023-10-05 18:44:42.793000','APP','2023-10-05 18:44:42.793000',NULL,'111','2023-10-05 18:44:42.792000',NULL,6750.00,NULL,NULL,1430),(385,'APP','2023-10-06 18:27:56.501000','APP','2023-10-06 18:27:56.501000',NULL,'1','2023-10-06 18:27:56.500000',NULL,146872.00,NULL,NULL,1435),(386,'APP','2023-10-07 12:36:48.200000','APP','2023-10-07 12:36:48.200000',NULL,'1','2023-10-07 12:36:48.199000',NULL,162800.00,NULL,NULL,1439),(387,'APP','2023-10-07 14:07:39.963000','APP','2023-10-07 14:07:39.963000',NULL,'1','2023-10-07 14:07:39.957000',NULL,703110.00,NULL,NULL,1441),(388,'APP','2023-10-07 15:52:33.208000','APP','2023-10-07 15:52:33.208000',NULL,'31703541','2023-10-07 15:52:33.207000',NULL,315201.00,NULL,NULL,1443),(389,'APP','2023-10-09 14:29:33.034000','APP','2023-10-09 14:29:33.034000',NULL,'1','2023-10-09 14:29:33.033000',NULL,153100.00,NULL,NULL,1448),(390,'APP','2023-10-09 19:23:54.522000','APP','2023-10-09 19:23:54.522000',NULL,'1','2023-10-09 19:23:54.522000',NULL,845383.00,NULL,NULL,1458),(391,'APP','2023-10-10 17:55:41.917000','APP','2023-10-10 17:55:41.917000',NULL,'1','2023-10-10 17:55:41.916000',NULL,73669.00,NULL,NULL,1462),(392,'APP','2023-10-10 18:26:16.948000','APP','2023-10-10 18:26:16.948000',NULL,'1','2023-10-10 18:26:16.947000',NULL,220590.00,NULL,NULL,1463),(393,'APP','2023-10-11 11:58:42.882000','APP','2023-10-11 11:58:42.882000',NULL,'1','2023-10-11 11:58:42.881000',NULL,30294.00,NULL,NULL,1466),(394,'APP','2023-10-11 17:21:55.151000','APP','2023-10-11 17:21:55.151000',NULL,'1','2023-10-11 17:21:55.150000',NULL,190664.00,NULL,NULL,1469),(395,'APP','2023-10-11 20:00:27.019000','APP','2023-10-11 20:00:27.019000',NULL,'1','2023-10-11 20:00:27.018000',NULL,856240.00,NULL,NULL,1473),(396,'APP','2023-10-12 12:36:43.792000','APP','2023-10-12 12:36:43.792000',NULL,'1','2023-10-12 12:36:43.769000',NULL,82754.00,NULL,NULL,1475),(397,'APP','2023-10-12 12:59:54.766000','APP','2023-10-12 12:59:54.766000',NULL,'1','2023-10-12 12:59:54.761000',NULL,61862.00,NULL,NULL,1477),(398,'APP','2023-10-12 17:44:30.805000','APP','2023-10-12 17:44:30.805000',NULL,'1','2023-10-12 17:44:30.797000',NULL,18000.00,NULL,NULL,1480),(399,'APP','2023-10-12 18:38:04.689000','APP','2023-10-12 18:38:04.689000',NULL,'1','2023-10-12 18:38:04.687000',NULL,21154.80,NULL,NULL,1481),(400,'APP','2023-10-12 18:49:47.570000','APP','2023-10-12 18:49:47.570000',NULL,'1','2023-10-12 18:49:47.567000',NULL,34139.00,NULL,NULL,1482),(401,'APP','2023-10-12 19:05:25.106000','APP','2023-10-12 19:05:25.106000',NULL,'1','2023-10-12 19:05:25.104000',NULL,51264.00,NULL,NULL,1483),(402,'APP','2023-10-12 20:12:39.420000','APP','2023-10-12 20:12:39.420000',NULL,'1','2023-10-12 20:12:39.419000',NULL,108729.00,NULL,NULL,1484),(403,'APP','2023-10-17 12:25:20.226000','APP','2023-10-17 12:25:20.226000',NULL,'11','2023-10-17 12:25:20.222000',NULL,52430.00,NULL,NULL,1494),(404,'APP','2023-10-18 14:45:51.219000','APP','2023-10-18 14:45:51.219000',NULL,'111','2023-10-18 14:45:51.209000',NULL,143720.00,NULL,NULL,1504),(405,'APP','2023-10-18 15:46:54.548000','APP','2023-10-18 15:46:54.548000',NULL,'111','2023-10-18 15:46:54.547000',NULL,721404.00,NULL,NULL,1506),(406,'APP','2023-10-18 17:27:01.971000','APP','2023-10-18 17:27:01.971000',NULL,'11','2023-10-18 17:27:01.969000',NULL,155520.00,NULL,NULL,1507),(407,'APP','2023-10-18 17:38:56.100000','APP','2023-10-18 17:38:56.100000',NULL,'-','2023-10-18 17:38:56.099000',NULL,97650.00,NULL,NULL,1508),(408,'APP','2023-10-18 18:17:58.945000','APP','2023-10-18 18:17:58.945000',NULL,'1','2023-10-18 18:17:58.944000',NULL,171162.00,NULL,NULL,1510),(409,'APP','2023-10-19 12:50:27.550000','APP','2023-10-19 12:50:27.550000',NULL,'1','2023-10-19 12:50:27.549000',NULL,177000.00,NULL,NULL,1512),(410,'APP','2023-10-19 15:07:23.183000','APP','2023-10-19 15:07:23.183000',NULL,'111','2023-10-19 15:07:23.182000',NULL,84996.00,NULL,NULL,1516),(411,'APP','2023-10-19 15:17:40.253000','APP','2023-10-19 15:17:40.253000',NULL,'11','2023-10-19 15:17:40.253000',NULL,35550.00,NULL,NULL,1517),(412,'APP','2023-10-19 15:23:07.535000','APP','2023-10-19 15:23:07.535000',NULL,'11','2023-10-19 15:23:07.533000',NULL,66650.00,NULL,NULL,1518),(413,'APP','2023-10-19 18:21:28.832000','APP','2023-10-19 18:21:28.832000',NULL,'1','2023-10-19 18:21:28.831000',NULL,217930.00,NULL,NULL,1523),(414,'APP','2023-10-19 19:33:04.508000','APP','2023-10-19 19:33:04.508000',NULL,'12441750','2023-10-19 19:33:04.508000',NULL,50908.00,NULL,NULL,1528),(415,'APP','2023-10-20 11:49:14.471000','APP','2023-10-20 11:49:14.471000',NULL,'1','2023-10-20 11:49:14.470000',NULL,24690.00,NULL,NULL,1531),(416,'APP','2023-10-20 13:19:52.526000','APP','2023-10-20 13:19:52.526000',NULL,'11','2023-10-20 13:19:52.525000',NULL,336749.40,NULL,NULL,1533),(417,'APP','2023-10-20 14:22:20.623000','APP','2023-10-20 14:22:20.623000',NULL,'1','2023-10-20 14:22:20.622000',NULL,336798.00,NULL,NULL,1534),(418,'APP','2023-10-20 15:26:58.556000','APP','2023-10-20 15:26:58.556000',NULL,'1','2023-10-20 15:26:58.555000',NULL,99436.00,NULL,NULL,1538),(419,'APP','2023-10-20 16:05:06.330000','APP','2023-10-20 16:05:06.330000',NULL,'1','2023-10-20 16:05:06.329000',NULL,118966.00,NULL,NULL,1540),(420,'APP','2023-10-20 17:35:15.406000','APP','2023-10-20 17:35:15.406000',NULL,'-','2023-10-20 17:35:15.405000',NULL,29295.00,NULL,NULL,1543),(421,'APP','2023-10-21 13:17:53.014000','APP','2023-10-21 13:17:53.014000',NULL,'11565299','2023-10-21 13:17:53.012000',NULL,27780.00,NULL,NULL,1550),(422,'APP','2023-10-21 13:37:21.567000','APP','2023-10-21 13:37:21.567000',NULL,'1','2023-10-21 13:37:21.566000',NULL,390338.00,NULL,NULL,1551),(423,'APP','2023-10-21 15:14:29.004000','APP','2023-10-21 15:14:29.004000',NULL,'1','2023-10-21 15:14:28.999000',NULL,198400.00,NULL,NULL,1557),(424,'APP','2023-10-21 15:23:21.914000','APP','2023-10-21 15:23:21.914000',NULL,'20018704','2023-10-21 15:23:21.914000',NULL,283495.00,NULL,NULL,1558),(425,'APP','2023-10-21 15:55:34.865000','APP','2023-10-21 15:55:34.865000',NULL,'111','2023-10-21 15:55:34.864000',NULL,160900.00,NULL,NULL,1560),(426,'APP','2023-10-23 13:41:15.300000','APP','2023-10-23 13:41:15.300000',NULL,'-','2023-10-23 13:41:15.274000',NULL,104888.00,NULL,NULL,1567),(427,'APP','2023-10-23 17:41:30.771000','APP','2023-10-23 17:41:30.771000',NULL,'- ','2023-10-23 17:41:30.769000',NULL,206640.00,NULL,NULL,1569),(428,'APP','2023-10-23 18:04:10.241000','APP','2023-10-23 18:04:10.241000',NULL,'1','2023-10-23 18:04:10.240000',NULL,99950.00,NULL,NULL,1570),(429,'APP','2023-10-24 14:14:35.336000','APP','2023-10-24 14:14:35.336000',NULL,'1','2023-10-24 14:14:35.328000',NULL,190660.00,NULL,NULL,1575),(430,'APP','2023-10-24 17:17:55.290000','APP','2023-10-24 17:17:55.290000',NULL,'-','2023-10-24 17:17:55.289000',NULL,336100.00,NULL,NULL,1579),(431,'APP','2023-10-25 17:42:36.300000','APP','2023-10-25 17:42:36.300000',NULL,'11','2023-10-25 17:42:36.298000',NULL,276040.00,NULL,NULL,1584),(432,'APP','2023-10-27 12:50:59.866000','APP','2023-10-27 12:50:59.866000',NULL,'1','2023-10-27 12:50:59.865000',NULL,95130.00,NULL,NULL,1597),(433,'APP','2023-10-27 17:19:21.369000','APP','2023-10-27 17:19:21.369000',NULL,'1','2023-10-27 17:19:21.366000',NULL,28388.00,NULL,NULL,1600),(434,'APP','2023-10-27 17:40:54.874000','APP','2023-10-27 17:40:54.874000',NULL,'1','2023-10-27 17:40:54.874000',NULL,165640.00,NULL,NULL,1601),(435,'APP','2023-10-27 17:58:17.346000','APP','2023-10-27 17:58:17.346000',NULL,'1','2023-10-27 17:58:17.344000',NULL,12040.00,NULL,NULL,1602),(436,'APP','2023-10-27 20:26:49.895000','APP','2023-10-27 20:26:49.895000',NULL,'1','2023-10-27 20:26:49.895000',NULL,118378.00,NULL,NULL,1603),(437,'APP','2023-10-28 15:24:50.987000','APP','2023-10-28 15:24:50.987000',NULL,'1','2023-10-28 15:24:50.984000',NULL,276351.00,NULL,NULL,1611),(438,'APP','2023-10-28 15:27:47.901000','APP','2023-10-28 15:27:47.901000',NULL,'1','2023-10-28 15:27:47.900000',NULL,43075.00,NULL,NULL,1612),(439,'APP','2023-10-31 14:58:51.137000','APP','2023-10-31 14:58:51.137000',NULL,'1','2023-10-31 14:58:51.136000',NULL,125840.00,NULL,NULL,1618),(440,'APP','2023-10-31 17:55:20.281000','APP','2023-10-31 17:55:20.281000',NULL,'-','2023-10-31 17:55:20.280000',NULL,88200.00,NULL,NULL,1619),(441,'APP','2023-10-31 18:17:54.514000','APP','2023-10-31 18:17:54.514000',NULL,'-','2023-10-31 18:17:54.514000',NULL,134800.00,NULL,NULL,1620),(442,'APP','2023-11-02 19:34:46.508000','APP','2023-11-02 19:34:46.508000',NULL,'1','2023-11-02 19:34:46.507000',NULL,359700.00,NULL,NULL,1636),(443,'APP','2023-11-02 19:59:43.770000','APP','2023-11-02 19:59:43.770000',NULL,'1','2023-11-02 19:59:43.770000',NULL,62555.00,NULL,NULL,1637),(444,'APP','2023-11-02 19:59:51.222000','APP','2023-11-02 19:59:51.222000',NULL,'22591502','2023-11-02 19:59:51.221000',NULL,173565.00,NULL,NULL,1638),(445,'APP','2023-11-03 13:45:54.787000','APP','2023-11-03 13:45:54.787000',NULL,'1','2023-11-03 13:45:54.786000',NULL,87780.00,NULL,NULL,1641),(446,'APP','2023-11-04 13:09:05.390000','APP','2023-11-04 13:09:05.390000',NULL,'1','2023-11-04 13:09:05.388000',NULL,8260.00,NULL,NULL,1650),(447,'APP','2023-11-04 13:28:32.062000','APP','2023-11-04 13:28:32.062000',NULL,'1','2023-11-04 13:28:32.062000',NULL,105981.00,NULL,NULL,1651),(448,'APP','2023-11-04 13:34:54.226000','APP','2023-11-04 13:34:54.226000',NULL,'1','2023-11-04 13:34:54.226000',NULL,576090.00,NULL,NULL,1652),(449,'APP','2023-11-04 13:34:54.308000','APP','2023-11-04 13:34:54.308000',NULL,'1','2023-11-04 13:34:54.307000',NULL,576090.00,NULL,NULL,1653),(450,'APP','2023-11-04 13:53:43.896000','APP','2023-11-04 13:53:43.896000',NULL,'1','2023-11-04 13:53:43.895000',NULL,7990.00,NULL,NULL,1654),(451,'APP','2023-11-04 14:53:21.317000','APP','2023-11-04 14:53:21.317000',NULL,'1','2023-11-04 14:53:21.317000',NULL,65400.00,NULL,NULL,1656),(452,'APP','2023-11-06 18:01:43.630000','APP','2023-11-06 18:01:43.630000',NULL,'1','2023-11-06 18:01:43.625000',NULL,31734.00,NULL,NULL,1665),(453,'APP','2023-11-08 12:28:30.160000','APP','2023-11-08 12:28:30.160000',NULL,'10519114','2023-11-08 12:28:30.151000',NULL,8259.00,NULL,NULL,1676),(454,'APP','2023-11-09 12:14:43.481000','APP','2023-11-09 12:14:43.481000',NULL,'1','2023-11-09 12:14:43.457000',NULL,48600.00,NULL,NULL,1687),(455,'APP','2023-11-10 19:11:42.816000','APP','2023-11-10 19:11:42.816000',NULL,'-','2023-11-10 19:11:42.806000',NULL,415000.00,NULL,NULL,1692),(456,'APP','2023-11-13 13:32:54.581000','APP','2023-11-13 13:32:54.581000',NULL,'1','2023-11-13 13:32:54.569000',NULL,68400.00,NULL,NULL,1697),(457,'APP','2023-11-13 14:27:02.068000','APP','2023-11-13 14:27:02.068000',NULL,'1','2023-11-13 14:27:02.066000',NULL,45000.00,NULL,NULL,1698),(458,'APP','2023-11-13 17:08:49.515000','APP','2023-11-13 17:08:49.515000',NULL,'32887261','2023-11-13 17:08:49.512000',NULL,25350.12,NULL,NULL,1700),(459,'APP','2023-11-13 20:06:44.850000','APP','2023-11-13 20:06:44.850000',NULL,'1','2023-11-13 20:06:44.848000',NULL,237760.00,NULL,NULL,1702),(460,'APP','2023-11-13 20:50:02.350000','APP','2023-11-13 20:50:02.350000',NULL,'1','2023-11-13 20:50:02.349000',NULL,179055.00,NULL,NULL,1703),(461,'APP','2023-11-15 12:47:25.834000','APP','2023-11-15 12:47:25.834000',NULL,'1','2023-11-15 12:47:25.827000',NULL,114115.50,NULL,NULL,1715),(462,'APP','2023-11-15 14:38:53.861000','APP','2023-11-15 14:38:53.861000',NULL,'92878679','2023-11-15 14:38:53.860000',NULL,198977.90,NULL,NULL,1718),(463,'APP','2023-11-16 17:55:58.574000','APP','2023-11-16 17:55:58.574000',NULL,'1','2023-11-16 17:55:58.573000',NULL,50200.00,NULL,NULL,1722),(464,'APP','2023-11-16 18:59:53.606000','APP','2023-11-16 18:59:53.606000',NULL,'1','2023-11-16 18:59:53.606000',NULL,1930113.90,NULL,NULL,1723),(465,'APP','2023-11-16 19:08:20.252000','APP','2023-11-16 19:08:20.252000',NULL,'16495961','2023-11-16 19:08:20.251000',NULL,24329.40,NULL,NULL,1724),(466,'APP','2023-11-18 13:13:10.042000','APP','2023-11-18 13:13:10.042000',NULL,'1','2023-11-18 13:13:10.039000',NULL,9143.00,NULL,NULL,1729),(467,'APP','2023-11-18 14:28:40.361000','APP','2023-11-18 14:28:40.361000',NULL,'-','2023-11-18 14:28:40.360000',NULL,89900.00,NULL,NULL,1730),(468,'APP','2023-11-18 14:55:13.073000','APP','2023-11-18 14:55:13.073000',NULL,NULL,'2023-11-18 14:55:13.072000',NULL,549900.00,NULL,NULL,1731),(469,'APP','2023-11-23 14:08:55.699000','APP','2023-11-23 14:08:55.699000',NULL,'1','2023-11-23 14:08:55.694000',NULL,45780.00,NULL,NULL,1738),(470,'APP','2023-11-23 17:15:02.542000','APP','2023-11-23 17:15:02.542000',NULL,'1','2023-11-23 17:15:02.537000',NULL,6689.00,NULL,NULL,1739),(471,'APP','2023-11-23 17:27:26.360000','APP','2023-11-23 17:27:26.360000',NULL,'1','2023-11-23 17:27:26.359000',NULL,18520.00,NULL,NULL,1740),(472,'APP','2023-11-23 18:02:19.366000','APP','2023-11-23 18:02:19.366000',NULL,'1','2023-11-23 18:02:19.366000',NULL,108895.00,NULL,NULL,1742),(473,'APP','2023-11-23 18:49:24.679000','APP','2023-11-23 18:49:24.679000',NULL,'26624495','2023-11-23 18:49:24.679000',NULL,369072.00,NULL,NULL,1744),(474,'APP','2023-11-24 11:55:52.854000','APP','2023-11-24 11:55:52.854000',NULL,'1','2023-11-24 11:55:52.853000',NULL,28756.00,NULL,NULL,1745),(475,'APP','2023-11-24 12:25:18.638000','APP','2023-11-24 12:25:18.638000',NULL,'1','2023-11-24 12:25:18.637000',NULL,44950.00,NULL,NULL,1746),(476,'APP','2023-11-24 13:27:24.590000','APP','2023-11-24 13:27:24.590000',NULL,'1','2023-11-24 13:27:24.589000',NULL,20583.00,NULL,NULL,1747),(477,'APP','2023-11-24 15:02:54.552000','APP','2023-11-24 15:02:54.552000',NULL,'1','2023-11-24 15:02:54.549000',NULL,260675.00,NULL,NULL,1749),(478,'APP','2023-11-24 19:31:45.476000','APP','2023-11-24 19:31:45.476000',NULL,'1','2023-11-24 19:31:45.474000',NULL,0.00,NULL,NULL,1752),(479,'APP','2023-11-24 19:35:54.053000','APP','2023-11-24 19:35:54.053000',NULL,'1','2023-11-24 19:35:54.051000',NULL,8547.91,NULL,NULL,1753),(480,'APP','2023-11-25 15:10:17.636000','APP','2023-11-25 15:10:17.636000',NULL,'-','2023-11-25 15:10:17.635000',NULL,919800.00,NULL,NULL,1756),(481,'APP','2023-11-27 14:28:23.437000','APP','2023-11-27 14:28:23.437000',NULL,'1','2023-11-27 14:28:23.436000',NULL,30144.29,NULL,NULL,1759),(482,'APP','2023-11-27 17:31:26.682000','APP','2023-11-27 17:31:26.682000',NULL,'1','2023-11-27 17:31:26.682000',NULL,438124.00,NULL,NULL,1763),(483,'APP','2023-11-27 17:58:30.276000','APP','2023-11-27 17:58:30.276000',NULL,'-','2023-11-27 17:58:30.275000',NULL,66828.00,NULL,NULL,1764),(484,'APP','2023-11-27 19:15:58.036000','APP','2023-11-27 19:15:58.036000',NULL,'1','2023-11-27 19:15:58.035000',NULL,46320.00,NULL,NULL,1767),(485,'APP','2023-11-27 19:15:58.155000','APP','2023-11-27 19:15:58.155000',NULL,'1','2023-11-27 19:15:58.154000',NULL,46320.00,NULL,NULL,1768),(486,'APP','2023-11-28 17:09:03.434000','APP','2023-11-28 17:09:03.434000',NULL,'1','2023-11-28 17:09:03.433000',NULL,19800.00,NULL,NULL,1773),(487,'APP','2023-11-28 18:04:51.823000','APP','2023-11-28 18:04:51.823000',NULL,'1','2023-11-28 18:04:51.822000',NULL,81250.00,NULL,NULL,1774),(488,'APP','2023-11-28 19:30:45.412000','APP','2023-11-28 19:30:45.412000',NULL,'1','2023-11-28 19:30:45.411000',NULL,11135.00,NULL,NULL,1775),(489,'APP','2023-11-29 15:09:54.915000','APP','2023-11-29 15:09:54.915000',NULL,'-','2023-11-29 15:09:54.914000',NULL,166395.00,NULL,NULL,1778),(490,'APP','2023-11-29 18:00:49.133000','APP','2023-11-29 18:00:49.133000',NULL,'1','2023-11-29 18:00:49.132000',NULL,20844.00,NULL,NULL,1779),(491,'APP','2023-11-29 18:00:49.193000','APP','2023-11-29 18:00:49.193000',NULL,'1','2023-11-29 18:00:49.192000',NULL,20844.00,NULL,NULL,1780),(492,'APP','2023-11-29 18:24:02.891000','APP','2023-11-29 18:24:02.891000',NULL,'1','2023-11-29 18:24:02.890000',NULL,126651.60,NULL,NULL,1782),(493,'APP','2023-11-30 13:16:07.676000','APP','2023-11-30 13:16:07.676000',NULL,'-','2023-11-30 13:16:07.675000',NULL,1357920.00,NULL,NULL,1787),(494,'APP','2023-11-30 13:18:07.387000','APP','2023-11-30 13:18:07.387000',NULL,'1','2023-11-30 13:18:07.386000',NULL,118800.00,NULL,NULL,1788),(495,'APP','2023-12-01 13:51:17.168000','APP','2023-12-01 13:51:17.168000',NULL,'-','2023-12-01 13:51:17.167000',NULL,80100.00,NULL,NULL,1792),(496,'APP','2023-12-01 15:24:38.727000','APP','2023-12-01 15:24:38.727000',NULL,'1','2023-12-01 15:24:38.726000',NULL,21600.00,NULL,NULL,1793),(497,'APP','2023-12-02 12:58:01.152000','APP','2023-12-02 12:58:01.152000',NULL,'1','2023-12-02 12:58:01.151000',NULL,65654.00,NULL,NULL,1795),(498,'APP','2023-12-02 13:44:26.186000','APP','2023-12-02 13:44:26.186000',NULL,'1','2023-12-02 13:44:26.186000',NULL,52920.00,NULL,NULL,1797),(499,'APP','2023-12-02 14:24:01.101000','APP','2023-12-02 14:24:01.101000',NULL,'1','2023-12-02 14:24:01.100000',NULL,146060.00,NULL,NULL,1800),(500,'APP','2023-12-02 14:54:59.832000','APP','2023-12-02 14:54:59.832000',NULL,'1','2023-12-02 14:54:59.831000',NULL,191395.00,NULL,NULL,1803),(501,'APP','2023-12-02 15:00:00.248000','APP','2023-12-02 15:00:00.248000',NULL,'-','2023-12-02 15:00:00.247000',NULL,105822.00,NULL,NULL,1804),(502,'APP','2023-12-02 15:13:37.887000','APP','2023-12-02 15:13:37.887000',NULL,'1','2023-12-02 15:13:37.887000',NULL,392839.20,NULL,NULL,1805),(503,'APP','2023-12-04 12:44:08.931000','APP','2023-12-04 12:44:08.931000',NULL,'1','2023-12-04 12:44:08.930000',NULL,217200.00,NULL,NULL,1807),(504,'APP','2023-12-04 13:58:52.930000','APP','2023-12-04 13:58:52.930000',NULL,'1','2023-12-04 13:58:52.928000',NULL,163737.00,NULL,NULL,1809),(505,'APP','2023-12-04 20:12:06.923000','APP','2023-12-04 20:12:06.923000',NULL,'1','2023-12-04 20:12:06.923000',NULL,25594.00,NULL,NULL,1814),(506,'APP','2023-12-06 11:55:08.217000','APP','2023-12-06 11:55:08.217000',NULL,'1','2023-12-06 11:55:08.215000',NULL,145482.00,NULL,NULL,1818),(507,'APP','2023-12-06 18:28:46.445000','APP','2023-12-06 18:28:46.445000',NULL,'1','2023-12-06 18:28:46.437000',NULL,14325.00,NULL,NULL,1822),(508,'APP','2023-12-06 18:56:21.886000','APP','2023-12-06 18:56:21.886000',NULL,'1','2023-12-06 18:56:21.885000',NULL,80438.40,NULL,NULL,1823),(509,'APP','2023-12-06 19:04:30.582000','APP','2023-12-06 19:04:30.582000',NULL,'1','2023-12-06 19:04:30.581000',NULL,45116.00,NULL,NULL,1825),(510,'APP','2023-12-07 19:27:34.917000','APP','2023-12-07 19:27:34.917000',NULL,'1','2023-12-07 19:27:34.914000',NULL,150005.00,NULL,NULL,1831),(511,'APP','2023-12-07 19:37:05.607000','APP','2023-12-07 19:37:05.607000',NULL,'1','2023-12-07 19:37:05.606000',NULL,71570.00,NULL,NULL,1832),(512,'APP','2023-12-07 19:54:10.027000','APP','2023-12-07 19:54:10.027000',NULL,'1','2023-12-07 19:54:10.027000',NULL,21200.00,NULL,NULL,1834),(513,'APP','2023-12-07 20:05:10.354000','APP','2023-12-07 20:05:10.354000',NULL,'7','2023-12-07 20:05:10.354000',NULL,83530.00,NULL,NULL,1835),(514,'APP','2023-12-07 20:16:05.347000','APP','2023-12-07 20:16:05.347000',NULL,'1','2023-12-07 20:16:05.346000',NULL,70200.00,NULL,NULL,1836),(515,'APP','2023-12-09 13:12:22.072000','APP','2023-12-09 13:12:22.072000',NULL,'1','2023-12-09 13:12:22.071000',NULL,39960.00,NULL,NULL,1839),(516,'APP','2023-12-09 13:40:31.171000','APP','2023-12-09 13:40:31.171000',NULL,'1','2023-12-09 13:40:31.170000',NULL,950006.00,NULL,NULL,1840),(517,'APP','2023-12-09 15:33:35.445000','APP','2023-12-09 15:33:35.445000',NULL,'1','2023-12-09 15:33:35.445000',NULL,13105.00,NULL,NULL,1842),(518,'APP','2023-12-11 17:15:36.360000','APP','2023-12-11 17:15:36.360000',NULL,'1','2023-12-11 17:15:36.359000',NULL,59950.00,NULL,NULL,1844),(519,'APP','2023-12-11 17:17:48.156000','APP','2023-12-11 17:17:48.156000',NULL,'1','2023-12-11 17:17:48.116000',NULL,803520.00,NULL,NULL,1845),(520,'APP','2023-12-12 12:54:52.418000','APP','2023-12-12 12:54:52.418000',NULL,'1','2023-12-12 12:54:52.416000',NULL,36270.00,NULL,NULL,1849),(521,'APP','2023-12-12 15:45:57.971000','APP','2023-12-12 15:45:57.971000',NULL,'1','2023-12-12 15:45:57.970000',NULL,70761.00,NULL,NULL,1851),(522,'APP','2023-12-12 17:09:00.877000','APP','2023-12-12 17:09:00.877000',NULL,'1','2023-12-12 17:09:00.876000',NULL,41920.00,NULL,NULL,1852),(523,'APP','2023-12-13 15:13:02.791000','APP','2023-12-13 15:13:02.791000',NULL,'11','2023-12-13 15:13:02.790000',NULL,18615.00,NULL,NULL,1854),(524,'APP','2023-12-13 17:31:45.088000','APP','2023-12-13 17:31:45.088000',NULL,'x','2023-12-13 17:31:45.087000',NULL,117000.00,NULL,NULL,1855),(525,'APP','2023-12-13 18:28:06.846000','APP','2023-12-13 18:28:06.846000',NULL,'1','2023-12-13 18:28:06.846000',NULL,45315.00,NULL,NULL,1856),(526,'APP','2023-12-16 14:02:51.248000','APP','2023-12-16 14:02:51.248000',NULL,'1','2023-12-16 14:02:51.246000',NULL,77530.00,NULL,NULL,1862),(527,'APP','2023-12-16 14:23:19.779000','APP','2023-12-16 14:23:19.779000',NULL,'1','2023-12-16 14:23:19.779000',NULL,109500.00,NULL,NULL,1864),(528,'APP','2023-12-19 13:57:10.760000','APP','2023-12-19 13:57:10.760000',NULL,'1','2023-12-19 13:57:10.752000',NULL,736685.10,NULL,NULL,1874),(529,'APP','2023-12-19 16:05:58.897000','APP','2023-12-19 16:05:58.897000',NULL,'1','2023-12-19 16:05:58.896000',NULL,117800.00,NULL,NULL,1877),(530,'APP','2023-12-19 17:12:29.460000','APP','2023-12-19 17:12:29.460000',NULL,'1','2023-12-19 17:12:29.459000',NULL,116200.00,NULL,NULL,1878),(531,'APP','2023-12-19 17:36:27.769000','APP','2023-12-19 17:36:27.769000',NULL,'1','2023-12-19 17:36:27.768000',NULL,25450.00,NULL,NULL,1879),(532,'APP','2023-12-19 18:06:08.340000','APP','2023-12-19 18:06:08.340000',NULL,NULL,'2023-12-19 18:06:08.339000',NULL,144238.00,NULL,NULL,1881),(533,'APP','2023-12-19 20:33:27.178000','APP','2023-12-19 20:33:27.178000',NULL,'1','2023-12-19 20:33:27.178000',NULL,12546.00,NULL,NULL,1882),(534,'APP','2023-12-20 17:18:29.248000','APP','2023-12-20 17:18:29.248000',NULL,'2','2023-12-20 17:18:29.247000',NULL,131965.20,NULL,NULL,1885),(535,'APP','2023-12-20 19:03:29.792000','APP','2023-12-20 19:03:29.792000',NULL,'1','2023-12-20 19:03:29.792000',NULL,147335.00,NULL,NULL,1886),(536,'APP','2023-12-22 12:12:55.555000','APP','2023-12-22 12:12:55.555000',NULL,NULL,'2023-12-22 12:12:55.553000',NULL,136272.00,NULL,NULL,1892),(537,'APP','2023-12-26 15:04:54.578000','APP','2023-12-26 15:04:54.578000',NULL,'1','2023-12-26 15:04:54.577000',NULL,170812.00,NULL,NULL,1897),(538,'APP','2023-12-29 12:51:24.455000','APP','2023-12-29 12:51:24.455000',NULL,'1','2023-12-29 12:51:24.454000',NULL,22906.00,NULL,NULL,1908),(539,'APP','2023-12-29 14:14:55.053000','APP','2023-12-29 14:14:55.053000',NULL,'1','2023-12-29 14:14:55.052000',NULL,305084.00,NULL,NULL,1909),(540,'APP','2023-12-29 18:39:33.268000','APP','2023-12-29 18:39:33.268000',NULL,'1','2023-12-29 18:39:33.267000',NULL,28944.00,NULL,NULL,1911),(541,'APP','2023-12-29 20:09:58.434000','APP','2023-12-29 20:09:58.434000',NULL,'1','2023-12-29 20:09:58.434000',NULL,104420.80,NULL,NULL,1915),(542,'APP','2024-01-02 18:47:08.861000','APP','2024-01-02 18:47:08.861000',NULL,'1','2024-01-02 18:47:08.859000',NULL,47520.00,NULL,NULL,1917),(543,'APP','2024-01-02 20:00:56.593000','APP','2024-01-02 20:00:56.593000',NULL,'1','2024-01-02 20:00:56.592000',NULL,80390.00,NULL,NULL,1919),(544,'APP','2024-01-03 13:57:59.171000','APP','2024-01-03 13:57:59.171000',NULL,'1','2024-01-03 13:57:59.169000',NULL,977296.00,NULL,NULL,1926),(545,'APP','2024-01-03 19:42:53.890000','APP','2024-01-03 19:42:53.890000',NULL,'1','2024-01-03 19:42:53.880000',NULL,97800.00,NULL,NULL,1928),(546,'APP','2024-01-04 12:29:20.472000','APP','2024-01-04 12:29:20.472000',NULL,'1','2024-01-04 12:29:20.470000',NULL,57880.00,NULL,NULL,1932),(547,'APP','2024-01-04 13:40:29.259000','APP','2024-01-04 13:40:29.259000',NULL,'1','2024-01-04 13:40:29.257000',NULL,188654.40,NULL,NULL,1934),(548,'APP','2024-01-04 19:30:55.048000','APP','2024-01-04 19:30:55.048000',NULL,'1','2024-01-04 19:30:55.047000',NULL,305613.00,NULL,NULL,1939),(549,'APP','2024-01-05 17:24:30.126000','APP','2024-01-05 17:24:30.126000',NULL,'1','2024-01-05 17:24:30.125000',NULL,79450.00,NULL,NULL,1943),(550,'APP','2024-01-06 13:23:36.290000','APP','2024-01-06 13:23:36.290000',NULL,'92050151','2024-01-06 13:23:36.289000',NULL,70230.00,NULL,NULL,1952),(551,'APP','2024-01-06 15:59:04.033000','APP','2024-01-06 15:59:04.033000',NULL,'38680453','2024-01-06 15:59:04.033000',NULL,218153.00,NULL,NULL,1957),(552,'APP','2024-01-08 13:44:01.411000','APP','2024-01-08 13:44:01.411000',NULL,'32649457','2024-01-08 13:44:01.410000',NULL,36942.00,NULL,NULL,1960),(553,'APP','2024-01-10 18:01:04.841000','APP','2024-01-10 18:01:04.841000',NULL,'20214302','2024-01-10 18:01:04.840000',NULL,310763.88,NULL,NULL,1974),(554,'APP','2024-01-11 17:20:39.055000','APP','2024-01-11 17:20:39.055000',NULL,'1','2024-01-11 17:20:39.055000',NULL,1948136.40,NULL,NULL,1981),(555,'APP','2024-01-12 12:57:49.245000','APP','2024-01-12 12:57:49.245000',NULL,'31512381','2024-01-12 12:57:49.243000',NULL,155066.40,NULL,NULL,1984),(556,'APP','2024-01-12 13:08:51.827000','APP','2024-01-12 13:08:51.827000',NULL,'25064005','2024-01-12 13:08:51.826000',NULL,34290.40,NULL,NULL,1985),(557,'APP','2024-01-12 14:51:52.191000','APP','2024-01-12 14:51:52.191000',NULL,'1','2024-01-12 14:51:52.190000',NULL,44862.00,NULL,NULL,1987),(558,'APP','2024-01-12 18:56:48.776000','APP','2024-01-12 18:56:48.776000',NULL,'27231047','2024-01-12 18:56:48.776000',NULL,3686.00,NULL,NULL,1992),(559,'APP','2024-01-13 12:07:13.953000','APP','2024-01-13 12:07:13.953000',NULL,'1','2024-01-13 12:07:13.952000',NULL,16020.00,NULL,NULL,1993),(560,'APP','2024-01-13 14:11:11.168000','APP','2024-01-13 14:11:11.168000',NULL,'23005279','2024-01-13 14:11:11.167000',NULL,31361.00,NULL,NULL,1994),(561,'APP','2024-01-13 14:13:40.200000','APP','2024-01-13 14:13:40.200000',NULL,'1','2024-01-13 14:13:40.200000',NULL,153063.00,NULL,NULL,1995),(562,'APP','2024-01-13 14:46:07.121000','APP','2024-01-13 14:46:07.121000',NULL,'34049326','2024-01-13 14:46:07.120000',NULL,409050.00,NULL,NULL,1996),(563,'APP','2024-01-13 15:16:32.461000','APP','2024-01-13 15:16:32.461000',NULL,'20464468','2024-01-13 15:16:32.459000',NULL,126090.00,NULL,NULL,1997),(564,'APP','2024-01-13 15:16:32.466000','APP','2024-01-13 15:16:32.466000',NULL,'20464468','2024-01-13 15:16:32.465000',NULL,126090.00,NULL,NULL,1998),(565,'APP','2024-01-15 18:46:23.360000','APP','2024-01-15 18:46:23.360000',NULL,'16181631','2024-01-15 18:46:23.358000',NULL,69143.00,NULL,NULL,2001),(566,'APP','2024-01-17 13:23:10.190000','APP','2024-01-17 13:23:10.190000',NULL,'20912959','2024-01-17 13:23:10.189000',NULL,355100.00,NULL,NULL,2006),(567,'APP','2024-01-17 14:03:21.797000','APP','2024-01-17 14:03:21.797000',NULL,'13623799','2024-01-17 14:03:21.797000',NULL,199792.00,NULL,NULL,2007),(568,'APP','2024-01-18 15:14:07.456000','APP','2024-01-18 15:14:07.456000',NULL,'22987753','2024-01-18 15:14:07.454000',NULL,61056.00,NULL,NULL,2012),(569,'APP','2024-01-19 17:24:26.081000','APP','2024-01-19 17:24:26.081000',NULL,'24805124','2024-01-19 17:24:26.080000',NULL,2170200.00,NULL,NULL,2014),(570,'APP','2024-01-22 14:25:03.158000','APP','2024-01-22 14:25:03.158000',NULL,'1','2024-01-22 14:25:03.156000',NULL,154847.70,NULL,NULL,2018),(571,'APP','2024-01-23 13:34:10.868000','APP','2024-01-23 13:34:10.868000',NULL,'1','2024-01-23 13:34:10.865000',NULL,565112.00,NULL,NULL,2020),(572,'APP','2024-01-23 18:21:32.423000','APP','2024-01-23 18:21:32.423000',NULL,'25189745','2024-01-23 18:21:32.423000',NULL,151624.00,NULL,NULL,2021),(573,'APP','2024-01-23 18:47:08.133000','APP','2024-01-23 18:47:08.133000',NULL,'1','2024-01-23 18:47:08.133000',NULL,46050.00,NULL,NULL,2022),(574,'APP','2024-01-24 12:15:44.163000','APP','2024-01-24 12:15:44.163000',NULL,'1','2024-01-24 12:15:44.162000',NULL,152400.00,NULL,NULL,2024),(575,'APP','2024-01-26 13:47:27.748000','APP','2024-01-26 13:47:27.748000',NULL,'40854371','2024-01-26 13:47:27.746000',NULL,171720.00,NULL,NULL,2029),(576,'APP','2024-01-26 17:35:35.683000','APP','2024-01-26 17:35:35.683000',NULL,'21903058','2024-01-26 17:35:35.683000',NULL,173000.00,NULL,NULL,2032),(577,'APP','2024-02-01 14:51:27.454000','APP','2024-02-01 14:51:27.454000',NULL,'37686202','2024-02-01 14:51:27.452000',NULL,76208.00,NULL,NULL,2040),(578,'APP','2024-02-02 14:02:07.516000','APP','2024-02-02 14:02:07.516000',NULL,'30715216678','2024-02-02 14:02:07.514000',NULL,95976.00,NULL,NULL,2041),(579,'APP','2024-02-02 17:47:02.928000','APP','2024-02-02 17:47:02.928000',NULL,'33850272','2024-02-02 17:47:02.927000',NULL,32420.00,NULL,NULL,2042),(580,'APP','2024-02-03 11:55:35.333000','APP','2024-02-03 11:55:35.333000',NULL,'21861776','2024-02-03 11:55:35.332000',NULL,31578.00,NULL,NULL,2043),(581,'APP','2024-02-03 14:53:40.007000','APP','2024-02-03 14:53:40.007000',NULL,'34049326','2024-02-03 14:53:40.007000',NULL,418136.00,NULL,NULL,2046),(582,'APP','2024-02-03 15:52:37.566000','APP','2024-02-03 15:52:37.566000',NULL,'21538454','2024-02-03 15:52:37.565000',NULL,129562.00,NULL,NULL,2048),(583,'APP','2024-02-05 13:23:12.932000','APP','2024-02-05 13:23:12.932000',NULL,'1','2024-02-05 13:23:12.930000',NULL,15260.00,NULL,NULL,2050),(584,'APP','2024-02-05 15:10:02.731000','APP','2024-02-05 15:10:02.731000',NULL,'26499655','2024-02-05 15:10:02.730000',NULL,835000.00,NULL,NULL,2051),(585,'APP','2024-02-06 14:02:19.889000','APP','2024-02-06 14:02:19.889000',NULL,'1','2024-02-06 14:02:19.887000',NULL,63160.00,NULL,NULL,2053),(586,'APP','2024-02-07 15:28:37.399000','APP','2024-02-07 15:28:37.399000',NULL,'23705851','2024-02-07 15:28:37.398000',NULL,119984.00,NULL,NULL,2058),(587,'APP','2024-02-07 15:52:07.067000','APP','2024-02-07 15:52:07.067000',NULL,'25872153','2024-02-07 15:52:07.066000',NULL,76173.00,NULL,NULL,2059),(588,'APP','2024-02-08 13:53:12.349000','APP','2024-02-08 13:53:12.349000',NULL,'1','2024-02-08 13:53:12.348000',NULL,245689.00,NULL,NULL,2061),(589,'APP','2024-02-09 11:54:41.000000','APP','2024-02-09 11:54:41.000000',NULL,NULL,'2024-02-09 11:54:40.998000',NULL,136200.00,NULL,NULL,2062),(590,'APP','2024-02-09 18:45:37.932000','APP','2024-02-09 18:45:37.932000',NULL,'26584065','2024-02-09 18:45:37.931000',NULL,197440.00,NULL,NULL,2067),(591,'APP','2024-02-10 13:39:59.157000','APP','2024-02-10 13:39:59.157000',NULL,'38491269','2024-02-10 13:39:59.156000',NULL,374000.00,NULL,NULL,2070),(592,'APP','2024-02-10 14:28:09.049000','APP','2024-02-10 14:28:09.049000',NULL,'37894370','2024-02-10 14:28:09.048000',NULL,228960.00,NULL,NULL,2071),(593,'APP','2024-02-14 15:18:25.306000','APP','2024-02-14 15:18:25.306000',NULL,NULL,'2024-02-14 15:18:25.305000',NULL,683100.00,NULL,NULL,2074),(594,'APP','2024-02-14 17:03:32.712000','APP','2024-02-14 17:03:32.712000',NULL,'21960534','2024-02-14 17:03:32.712000',NULL,199425.00,NULL,NULL,2075),(595,'APP','2024-02-15 14:05:09.105000','APP','2024-02-15 14:05:09.105000',NULL,'1','2024-02-15 14:05:09.103000',NULL,111615.00,NULL,NULL,2078),(596,'APP','2024-02-16 14:27:51.708000','APP','2024-02-16 14:27:51.708000',NULL,'1','2024-02-16 14:27:51.706000',NULL,19782.00,NULL,NULL,2083),(597,'APP','2024-02-16 20:02:05.034000','APP','2024-02-16 20:02:05.034000',NULL,'27709410','2024-02-16 20:02:05.033000',NULL,265100.00,NULL,NULL,2085),(598,'APP','2024-02-17 14:10:03.760000','APP','2024-02-17 14:10:03.760000',NULL,'25154031','2024-02-17 14:10:03.758000',NULL,408400.00,NULL,NULL,2086),(599,'APP','2024-02-17 14:49:11.340000','APP','2024-02-17 14:49:11.340000',NULL,'27709410','2024-02-17 14:49:11.339000',NULL,2937.60,NULL,NULL,2087),(600,'APP','2024-02-17 14:55:44.581000','APP','2024-02-17 14:55:44.581000',NULL,'27709410','2024-02-17 14:55:44.580000',NULL,46280.70,NULL,NULL,2088),(601,'APP','2024-02-17 15:45:02.453000','APP','2024-02-17 15:45:02.453000',NULL,'1','2024-02-17 15:45:02.452000',NULL,71700.00,NULL,NULL,2092),(602,'APP','2024-02-19 15:35:39.956000','APP','2024-02-19 15:35:39.956000',NULL,'1','2024-02-19 15:35:39.954000',NULL,217440.00,NULL,NULL,2098),(603,'APP','2024-02-20 18:10:48.471000','APP','2024-02-20 18:10:48.471000',NULL,'10605418','2024-02-20 18:10:48.470000',NULL,142315.00,NULL,NULL,2102),(604,'APP','2024-02-21 15:12:55.235000','APP','2024-02-21 15:12:55.235000',NULL,'24951086','2024-02-21 15:12:55.233000',NULL,25433.00,NULL,NULL,2104),(605,'APP','2024-02-21 17:16:37.078000','APP','2024-02-21 17:16:37.078000',NULL,'8480406','2024-02-21 17:16:37.077000',NULL,9067.50,NULL,NULL,2105),(606,'APP','2024-02-24 14:09:17.879000','APP','2024-02-24 14:09:17.879000',NULL,'24815142','2024-02-24 14:09:17.877000',NULL,338800.00,NULL,NULL,2118),(607,'APP','2024-02-24 15:04:47.747000','APP','2024-02-24 15:04:47.747000',NULL,'36786773','2024-02-24 15:04:47.746000',NULL,127100.00,NULL,NULL,2119),(608,'APP','2024-02-26 15:25:31.642000','APP','2024-02-26 15:25:31.642000',NULL,'29904376','2024-02-26 15:25:31.640000',NULL,16470.00,NULL,NULL,2121),(609,'APP','2024-02-27 17:07:59.034000','APP','2024-02-27 17:07:59.034000',NULL,'18049379','2024-02-27 17:07:59.032000',NULL,37696.00,NULL,NULL,2124),(610,'APP','2024-02-27 19:51:09.446000','APP','2024-02-27 19:51:09.446000',NULL,'30779034','2024-02-27 19:51:09.445000',NULL,39438.90,NULL,NULL,2126),(611,'APP','2024-02-27 20:18:37.882000','APP','2024-02-27 20:18:37.882000',NULL,'1','2024-02-27 20:18:37.881000',NULL,119039.00,NULL,NULL,2127),(612,'APP','2024-02-28 14:40:41.151000','APP','2024-02-28 14:40:41.151000',NULL,'11037393','2024-02-28 14:40:41.150000',NULL,246660.00,NULL,NULL,2131),(613,'APP','2024-02-28 18:18:35.315000','APP','2024-02-28 18:18:35.315000',NULL,'17901552','2024-02-28 18:18:35.315000',NULL,21438.00,NULL,NULL,2133),(614,'APP','2024-02-29 12:39:15.631000','APP','2024-02-29 12:39:15.631000',NULL,'17901552','2024-02-29 12:39:15.630000',NULL,42876.00,NULL,NULL,2135),(615,'APP','2024-02-29 17:04:44.780000','APP','2024-02-29 17:04:44.780000',NULL,'18049379','2024-02-29 17:04:44.779000',NULL,33760.00,NULL,NULL,2136),(616,'APP','2024-02-29 17:21:12.553000','APP','2024-02-29 17:21:12.553000',NULL,NULL,'2024-02-29 17:21:12.553000',NULL,11200.00,NULL,NULL,2137),(617,'APP','2024-02-29 17:24:40.535000','APP','2024-02-29 17:24:40.535000',NULL,NULL,'2024-02-29 17:24:40.534000',NULL,77567.00,NULL,NULL,2138),(618,'APP','2024-03-01 14:18:53.557000','APP','2024-03-01 14:18:53.557000',NULL,'1','2024-03-01 14:18:53.555000',NULL,44000.00,NULL,NULL,2139),(619,'APP','2024-03-01 14:21:29.721000','APP','2024-03-01 14:21:29.721000',NULL,'16917447','2024-03-01 14:21:29.720000',NULL,17830.00,NULL,NULL,2140),(620,'APP','2024-03-01 17:07:13.770000','APP','2024-03-01 17:07:13.770000',NULL,'25434104','2024-03-01 17:07:13.769000',NULL,30600.00,NULL,NULL,2141),(621,'APP','2024-03-01 18:54:08.195000','APP','2024-03-01 18:54:08.195000',NULL,'38393131','2024-03-01 18:54:08.194000',NULL,15840.00,NULL,NULL,2143),(622,'APP','2024-03-01 19:04:04.898000','APP','2024-03-01 19:04:04.898000',NULL,'35107773','2024-03-01 19:04:04.897000',NULL,194300.00,NULL,NULL,2144),(623,'APP','2024-03-02 13:45:14.577000','APP','2024-03-02 13:45:14.577000',NULL,'23702794','2024-03-02 13:45:14.576000',NULL,58420.00,NULL,NULL,2145),(624,'APP','2024-03-02 14:55:45.638000','APP','2024-03-02 14:55:45.638000',NULL,'13021920','2024-03-02 14:55:45.638000',NULL,521700.00,NULL,NULL,2151),(625,'APP','2024-03-02 15:04:49.230000','APP','2024-03-02 15:04:49.230000',NULL,'32724720','2024-03-02 15:04:49.230000',NULL,128140.00,NULL,NULL,2152),(626,'APP','2024-03-06 12:29:29.627000','APP','2024-03-06 12:29:29.627000',NULL,'16572936','2024-03-06 12:29:29.625000',NULL,108900.00,NULL,NULL,2156),(627,'APP','2024-03-06 12:50:09.704000','APP','2024-03-06 12:50:09.704000',NULL,'23556978','2024-03-06 12:50:09.703000',NULL,94200.00,NULL,NULL,2157),(628,'APP','2024-03-06 13:21:22.862000','APP','2024-03-06 13:21:22.862000',NULL,'21937111','2024-03-06 13:21:22.861000',NULL,137277.00,NULL,NULL,2160),(629,'APP','2024-03-06 14:22:05.081000','APP','2024-03-06 14:22:05.081000',NULL,'28346746','2024-03-06 14:22:05.081000',NULL,67300.00,NULL,NULL,2162),(630,'APP','2024-03-07 14:19:44.969000','APP','2024-03-07 14:19:44.969000',NULL,'27208247773 ','2024-03-07 14:19:44.968000',NULL,403200.00,NULL,NULL,2163),(631,'APP','2024-03-08 15:43:54.494000','APP','2024-03-08 15:43:54.494000',NULL,'25646336','2024-03-08 15:43:54.492000',NULL,86680.00,NULL,NULL,2166),(632,'APP','2024-03-09 14:13:08.569000','APP','2024-03-09 14:13:08.569000',NULL,'44421203','2024-03-09 14:13:08.540000',NULL,136340.00,NULL,NULL,2169),(633,'APP','2024-03-09 15:53:24.834000','APP','2024-03-09 15:53:24.834000',NULL,'27759168','2024-03-09 15:53:24.831000',NULL,210444.00,NULL,NULL,2172),(634,'APP','2024-03-11 13:59:59.359000','APP','2024-03-11 13:59:59.359000',NULL,'22695147','2024-03-11 13:59:59.353000',NULL,13905.00,NULL,NULL,2174),(635,'APP','2024-03-12 12:35:28.941000','APP','2024-03-12 12:35:28.941000',NULL,'1534115121','2024-03-12 12:35:28.938000',NULL,405840.00,NULL,NULL,2177),(636,'APP','2024-03-13 18:16:06.780000','APP','2024-03-13 18:16:06.780000',NULL,'29932979','2024-03-13 18:16:06.778000',NULL,15795.00,NULL,NULL,2179),(637,'APP','2024-03-15 13:13:40.077000','APP','2024-03-15 13:13:40.077000',NULL,'38491269','2024-03-15 13:13:40.075000',NULL,89430.00,NULL,NULL,2183),(638,'APP','2024-03-15 14:07:08.504000','APP','2024-03-15 14:07:08.504000',NULL,'20280306615','2024-03-15 14:07:08.500000',NULL,619080.00,NULL,NULL,2185),(639,'APP','2024-03-15 14:27:14.031000','APP','2024-03-15 14:27:14.031000',NULL,'30576188451','2024-03-15 14:27:14.030000',NULL,17550.00,NULL,NULL,2186),(640,'APP','2024-03-15 17:44:39.518000','APP','2024-03-15 17:44:39.518000',NULL,NULL,'2024-03-15 17:44:39.508000',NULL,177030.00,NULL,NULL,2188),(641,'APP','2024-03-15 17:55:06.646000','APP','2024-03-15 17:55:06.646000',NULL,'15','2024-03-15 17:55:06.637000',NULL,81840.00,NULL,NULL,2189),(642,'APP','2024-03-18 15:11:22.509000','APP','2024-03-18 15:11:22.509000',NULL,'30-71666217-5','2024-03-18 15:11:22.461000',NULL,177030.00,NULL,NULL,2197),(643,'APP','2024-03-19 19:18:22.508000','APP','2024-03-19 19:18:22.508000',NULL,'34396045','2024-03-19 19:18:22.463000',NULL,53856.00,NULL,NULL,2204),(644,'APP','2024-03-19 19:49:38.529000','APP','2024-03-19 19:49:38.529000',NULL,'25024855','2024-03-19 19:49:38.527000',NULL,425610.00,NULL,NULL,2205),(645,'APP','2024-03-20 19:14:47.999000','APP','2024-03-20 19:14:47.999000',NULL,'28716285','2024-03-20 19:14:47.995000',NULL,34482.00,NULL,NULL,2206),(646,'APP','2024-03-21 18:43:42.434000','APP','2024-03-21 18:43:42.434000',NULL,'33793722','2024-03-21 18:43:42.426000',NULL,44738.00,NULL,NULL,2213),(647,'APP','2024-03-21 19:51:02.541000','APP','2024-03-21 19:51:02.541000',NULL,'17','2024-03-21 19:51:02.540000',NULL,17571.60,NULL,NULL,2216),(648,'APP','2024-03-21 20:07:51.401000','APP','2024-03-21 20:07:51.401000',NULL,'92323879','2024-03-21 20:07:51.401000',NULL,10190.00,NULL,NULL,2217),(649,'APP','2024-03-21 20:26:18.833000','APP','2024-03-21 20:26:18.833000',NULL,'20464468','2024-03-21 20:26:18.832000',NULL,130500.00,NULL,NULL,2219),(650,'APP','2024-03-22 13:26:47.582000','APP','2024-03-22 13:26:47.582000',NULL,'1','2024-03-22 13:26:47.580000',NULL,653000.00,NULL,NULL,2220),(651,'APP','2024-03-22 15:03:27.332000','APP','2024-03-22 15:03:27.332000',NULL,'94869164','2024-03-22 15:03:27.329000',NULL,225502.00,NULL,NULL,2221),(652,'APP','2024-03-22 15:41:25.537000','APP','2024-03-22 15:41:25.537000',NULL,'92100840','2024-03-22 15:41:25.537000',NULL,303540.00,NULL,NULL,2223),(653,'APP','2024-03-22 19:00:02.041000','APP','2024-03-22 19:00:02.041000',NULL,'23093049','2024-03-22 19:00:02.039000',NULL,18105.00,NULL,NULL,2224),(654,'APP','2024-03-22 19:43:46.139000','APP','2024-03-22 19:43:46.139000',NULL,'30512598','2024-03-22 19:43:46.136000',NULL,105073.60,NULL,NULL,2225),(655,'APP','2024-03-25 12:12:27.343000','APP','2024-03-25 12:12:27.343000',NULL,'26660019','2024-03-25 12:12:27.341000',NULL,14000.00,NULL,NULL,2229),(656,'APP','2024-03-25 13:29:41.421000','APP','2024-03-25 13:29:41.421000',NULL,'28983107','2024-03-25 13:29:41.417000',NULL,9900.00,NULL,NULL,2230),(657,'APP','2024-03-25 13:29:42.101000','APP','2024-03-25 13:29:42.101000',NULL,'28983107','2024-03-25 13:29:42.100000',NULL,9900.00,NULL,NULL,2231),(658,'APP','2024-03-25 15:00:06.402000','APP','2024-03-25 15:00:06.402000',NULL,'13593556','2024-03-25 15:00:06.401000',NULL,186750.00,NULL,NULL,2232),(659,'APP','2024-03-25 15:13:27.317000','APP','2024-03-25 15:13:27.317000',NULL,'13593556','2024-03-25 15:13:27.315000',NULL,37350.00,NULL,NULL,2233),(660,'APP','2024-03-25 17:10:39.353000','APP','2024-03-25 17:10:39.353000',NULL,'21938423','2024-03-25 17:10:39.353000',NULL,30904.00,NULL,NULL,2236),(661,'APP','2024-03-25 18:52:41.881000','APP','2024-03-25 18:52:41.881000',NULL,'16599384','2024-03-25 18:52:41.879000',NULL,150851.00,NULL,NULL,2238),(662,'APP','2024-03-26 15:09:43.331000','APP','2024-03-26 15:09:43.331000',NULL,'26742312','2024-03-26 15:09:43.330000',NULL,154347.00,NULL,NULL,2241),(663,'APP','2024-03-26 17:40:11.934000','APP','2024-03-26 17:40:11.934000',NULL,'1','2024-03-26 17:40:11.933000',NULL,31660.00,NULL,NULL,2244),(664,'APP','2024-03-27 14:41:40.601000','APP','2024-03-27 14:41:40.601000',NULL,'27525439','2024-03-27 14:41:40.599000',NULL,43800.00,NULL,NULL,2250),(665,'APP','2024-03-27 18:41:04.496000','APP','2024-03-27 18:41:04.496000',NULL,'40808738','2024-03-27 18:41:04.448000',NULL,251185.00,NULL,NULL,2253),(666,'APP','2024-03-28 14:58:32.920000','APP','2024-03-28 14:58:32.920000',NULL,'34585107','2024-03-28 14:58:32.917000',NULL,17170.00,NULL,NULL,2261),(667,'APP','2024-03-28 17:50:34.782000','APP','2024-03-28 17:50:34.782000',NULL,'33241063','2024-03-28 17:50:34.781000',NULL,655800.00,NULL,NULL,2262),(668,'APP','2024-03-28 17:53:50.565000','APP','2024-03-28 17:53:50.565000',NULL,'20464468','2024-03-28 17:53:50.565000',NULL,52218.00,NULL,NULL,2263),(669,'APP','2024-03-30 14:27:56.719000','APP','2024-03-30 14:27:56.719000',NULL,'44421203','2024-03-30 14:27:56.717000',NULL,42837.00,NULL,NULL,2264),(670,'APP','2024-03-30 14:54:12.942000','APP','2024-03-30 14:54:12.942000',NULL,'28189945','2024-03-30 14:54:12.942000',NULL,150851.00,NULL,NULL,2268),(671,'APP','2024-04-03 14:27:58.515000','APP','2024-04-03 14:27:58.515000',NULL,'27780302','2024-04-03 14:27:58.514000',NULL,41940.00,NULL,NULL,2269),(672,'APP','2024-04-03 14:34:24.509000','APP','2024-04-03 14:34:24.509000',NULL,'27780302','2024-04-03 14:34:24.508000',NULL,39342.00,NULL,NULL,2270),(673,'APP','2024-04-03 18:54:32.067000','APP','2024-04-03 18:54:32.067000',NULL,'27187460','2024-04-03 18:54:32.066000',NULL,140020.00,NULL,NULL,2272),(674,'APP','2024-04-05 17:14:02.046000','APP','2024-04-05 17:14:02.046000',NULL,'95201549','2024-04-05 17:14:02.045000',NULL,213750.00,NULL,NULL,2279),(675,'APP','2024-04-06 13:08:23.617000','APP','2024-04-06 13:08:23.617000',NULL,'21407136','2024-04-06 13:08:23.616000',NULL,26838.90,NULL,NULL,2280),(676,'APP','2024-04-06 13:09:01.686000','APP','2024-04-06 13:09:01.686000',NULL,NULL,'2024-04-06 13:09:01.685000',NULL,73925.00,NULL,NULL,2281),(677,'APP','2024-04-06 14:24:42.301000','APP','2024-04-06 14:24:42.301000',NULL,'23109459','2024-04-06 14:24:42.301000',NULL,34340.00,NULL,NULL,2283),(678,'APP','2024-04-06 14:54:51.458000','APP','2024-04-06 14:54:51.458000',NULL,'11721103','2024-04-06 14:54:51.457000',NULL,78704.22,NULL,NULL,2285),(679,'APP','2024-04-06 15:06:36.855000','APP','2024-04-06 15:06:36.855000',NULL,'16290608','2024-04-06 15:06:36.855000',NULL,7682.40,NULL,NULL,2288),(680,'APP','2024-04-08 19:14:38.485000','APP','2024-04-08 19:14:38.485000',NULL,'1','2024-04-08 19:14:38.482000',NULL,18710.00,NULL,NULL,2293),(681,'APP','2024-04-08 20:34:48.354000','APP','2024-04-08 20:34:48.354000',NULL,'30581958176','2024-04-08 20:34:48.353000',NULL,60546.60,NULL,NULL,2295),(682,'APP','2024-04-09 13:07:41.867000','APP','2024-04-09 13:07:41.867000',NULL,'14282618','2024-04-09 13:07:41.799000',NULL,58230.00,NULL,NULL,2296),(683,'APP','2024-04-09 14:22:58.973000','APP','2024-04-09 14:22:58.973000',NULL,'13363804','2024-04-09 14:22:58.969000',NULL,2800.00,NULL,NULL,2298),(684,'APP','2024-04-09 14:24:55.086000','APP','2024-04-09 14:24:55.086000',NULL,'23454377','2024-04-09 14:24:55.086000',NULL,132100.00,NULL,NULL,2299),(685,'APP','2024-04-09 18:00:44.651000','APP','2024-04-09 18:00:44.651000',NULL,'11499414','2024-04-09 18:00:44.650000',NULL,108970.00,NULL,NULL,2301),(686,'APP','2024-04-09 19:09:09.404000','APP','2024-04-09 19:09:09.404000',NULL,'38822808','2024-04-09 19:09:09.404000',NULL,7022.70,NULL,NULL,2303),(687,'APP','2024-04-09 20:12:06.528000','APP','2024-04-09 20:12:06.528000',NULL,'1','2024-04-09 20:12:06.527000',NULL,7227.00,NULL,NULL,2304),(688,'APP','2024-04-10 12:20:28.867000','APP','2024-04-10 12:20:28.867000',NULL,'36624513','2024-04-10 12:20:28.866000',NULL,121655.00,NULL,NULL,2306),(689,'APP','2024-04-10 14:54:51.385000','APP','2024-04-10 14:54:51.385000',NULL,'22666774','2024-04-10 14:54:51.385000',NULL,165951.00,NULL,NULL,2309),(690,'APP','2024-04-10 15:34:39.868000','APP','2024-04-10 15:34:39.868000',NULL,'29390070','2024-04-10 15:34:39.867000',NULL,5120.00,NULL,NULL,2310),(691,'APP','2024-04-10 18:27:03.404000','APP','2024-04-10 18:27:03.404000',NULL,'22361466','2024-04-10 18:27:03.403000',NULL,21450.00,NULL,NULL,2314),(692,'APP','2024-04-11 13:37:21.408000','APP','2024-04-11 13:37:21.408000',NULL,'13943371','2024-04-11 13:37:21.407000',NULL,103645.00,NULL,NULL,2315),(693,'APP','2024-04-15 13:04:54.473000','APP','2024-04-15 13:04:54.473000',NULL,'1','2024-04-15 13:04:54.471000',NULL,520050.00,NULL,NULL,2322),(694,'APP','2024-04-22 17:31:51.205000','APP','2024-04-22 17:31:51.205000',NULL,'frias','2024-04-22 17:31:51.203000',NULL,215400.00,NULL,NULL,2346),(695,'APP','2024-04-22 17:49:50.358000','APP','2024-04-22 17:49:50.358000',NULL,'27590858','2024-04-22 17:49:50.358000',NULL,37000.00,NULL,NULL,2347),(696,'APP','2024-04-22 17:50:43.979000','APP','2024-04-22 17:50:43.979000',NULL,'18523716','2024-04-22 17:50:43.979000',NULL,36270.00,NULL,NULL,2348),(697,'APP','2024-04-22 18:15:11.579000','APP','2024-04-22 18:15:11.579000',NULL,'20232295660','2024-04-22 18:15:11.579000',NULL,195800.00,NULL,NULL,2349),(698,'APP','2024-04-23 15:16:35.449000','APP','2024-04-23 15:16:35.449000',NULL,'17141281','2024-04-23 15:16:35.444000',NULL,143360.00,NULL,NULL,2354),(699,'APP','2024-04-25 13:04:17.864000','APP','2024-04-25 13:04:17.864000',NULL,'36624513','2024-04-25 13:04:17.799000',NULL,74352.00,NULL,NULL,2359),(700,'APP','2024-04-25 15:41:23.948000','APP','2024-04-25 15:41:23.948000',NULL,'13768121','2024-04-25 15:41:23.947000',NULL,18136.00,NULL,NULL,2362),(701,'APP','2024-04-25 19:16:36.747000','APP','2024-04-25 19:16:36.747000',NULL,'39175924','2024-04-25 19:16:36.747000',NULL,131300.00,NULL,NULL,2364),(702,'APP','2024-04-25 19:58:43.841000','APP','2024-04-25 19:58:43.841000',NULL,'25724624','2024-04-25 19:58:43.841000',NULL,2777.00,NULL,NULL,2365),(703,'APP','2024-04-26 17:22:15.410000','APP','2024-04-26 17:22:15.410000',NULL,'1','2024-04-26 17:22:15.409000',NULL,220500.00,NULL,NULL,2369),(704,'APP','2024-04-26 17:53:52.677000','APP','2024-04-26 17:53:52.677000',NULL,'1','2024-04-26 17:53:52.677000',NULL,30906.00,NULL,NULL,2370),(705,'APP','2024-04-29 13:03:19.549000','APP','2024-04-29 13:03:19.549000',NULL,'26660019','2024-04-29 13:03:19.547000',NULL,212154.00,NULL,NULL,2374),(706,'APP','2024-04-29 19:51:20.138000','APP','2024-04-29 19:51:20.138000',NULL,'21015501','2024-04-29 19:51:19.831000',NULL,161682.00,NULL,NULL,2375),(707,'APP','2024-04-30 19:06:21.038000','APP','2024-04-30 19:06:21.038000',NULL,'24535662','2024-04-30 19:06:21.037000',NULL,39526.20,NULL,NULL,2376),(708,'APP','2024-04-30 20:06:33.626000','APP','2024-04-30 20:06:33.626000',NULL,'34482160','2024-04-30 20:06:33.625000',NULL,93224.00,NULL,NULL,2377),(709,'APP','2024-05-02 12:46:01.974000','APP','2024-05-02 12:46:01.974000',NULL,'26200201','2024-05-02 12:46:01.973000',NULL,32386.50,NULL,NULL,2378),(710,'APP','2024-05-02 15:52:19.215000','APP','2024-05-02 15:52:19.215000',NULL,'20912572','2024-05-02 15:52:19.214000',NULL,266000.00,NULL,NULL,2381),(711,'APP','2024-05-02 20:21:52.931000','APP','2024-05-02 20:21:52.931000',NULL,'16672790','2024-05-02 20:21:52.930000',NULL,2830.00,NULL,NULL,2384),(712,'APP','2024-05-04 12:30:23.948000','APP','2024-05-04 12:30:23.948000',NULL,'25205295','2024-05-04 12:30:23.947000',NULL,13000.00,NULL,NULL,2389),(713,'APP','2024-05-06 18:04:58.503000','APP','2024-05-06 18:04:58.503000',NULL,'24176519','2024-05-06 18:04:58.501000',NULL,2800.00,NULL,NULL,2395),(714,'APP','2024-06-14 12:32:57.497000','APP','2024-06-14 12:32:57.497000',NULL,'1','2024-06-14 12:32:57.459000',NULL,81240.00,NULL,NULL,2510),(715,'APP','2024-06-14 18:20:20.990000','APP','2024-06-14 18:20:20.990000',NULL,'44700551','2024-06-14 18:20:20.989000',NULL,350000.00,NULL,NULL,2515),(716,'APP','2024-07-10 19:00:50.143000','APP','2024-07-10 19:00:50.143000',NULL,'263196881','2024-07-10 19:00:50.026000',NULL,14200.00,NULL,NULL,2584),(717,'anonymousUser','2024-08-10 13:36:26.170000','anonymousUser','2024-08-10 13:36:26.170000',NULL,'31797183','2024-08-10 13:36:25.719000',NULL,17600.00,NULL,NULL,2714),(718,'anonymousUser','2024-10-14 20:25:20.963000','anonymousUser','2024-10-14 20:25:20.963000',NULL,'16290144','2024-10-14 20:25:20.903000',NULL,33600.00,NULL,NULL,2894),(719,'anonymousUser','2025-04-11 17:37:26.026000','anonymousUser','2025-04-11 17:37:26.026000',NULL,'1','2025-04-11 17:37:26.024000',NULL,14580.00,NULL,NULL,3346),(720,'anonymousUser','2025-09-02 19:22:03.029000','anonymousUser','2025-09-02 19:22:03.029000',NULL,'26618332','2025-09-02 19:22:03.020000',NULL,87413.00,NULL,NULL,3695);

--
-- Table structure for table `telegram_user`
--

CREATE TABLE `telegram_user` (
  `id` int NOT NULL AUTO_INCREMENT,
  `telegram_chat_id` varchar(255) COLLATE utf8mb3_unicode_ci DEFAULT NULL,
  `telegram_user_id` varchar(255) COLLATE utf8mb3_unicode_ci DEFAULT NULL,
  `telegram_user_name` varchar(255) COLLATE utf8mb3_unicode_ci DEFAULT NULL,
  PRIMARY KEY (`id`)
) ENGINE=InnoDB AUTO_INCREMENT=3 DEFAULT CHARSET=utf8mb3 COLLATE=utf8mb3_unicode_ci;

--
-- Dumping data for table `telegram_user`
--

INSERT INTO `telegram_user` VALUES (1,'1308176788','1308176788','Nrlfdlhtm'),(2,'1302814593','1302814593',NULL);

--
-- Table structure for table `tipos_comprobante`
--

CREATE TABLE `tipos_comprobante` (
  `idtipos_comprobante` int NOT NULL AUTO_INCREMENT,
  `descripcion` varchar(255) DEFAULT NULL,
  `descripcion_corta` varchar(3) DEFAULT NULL,
  `numero_comprobante` int DEFAULT NULL,
  `created_by` varchar(255) DEFAULT NULL,
  `created_date` datetime(6) DEFAULT NULL,
  `last_modified_by` varchar(255) DEFAULT NULL,
  `last_modified_date` datetime(6) DEFAULT NULL,
  `idtiposcomprobante` decimal(19,2) NOT NULL,
  `mandar_afip` varchar(2) DEFAULT NULL,
  PRIMARY KEY (`idtipos_comprobante`)
) ENGINE=InnoDB AUTO_INCREMENT=21 DEFAULT CHARSET=utf8mb4 COLLATE=utf8mb4_0900_ai_ci;

--
-- Dumping data for table `tipos_comprobante`
--

INSERT INTO `tipos_comprobante` VALUES (1,'Orden de Compra','OCX',98,NULL,NULL,NULL,NULL,0.00,'N'),(2,'Factura de Compra','FCX',99,NULL,NULL,NULL,NULL,0.00,'N'),(3,'Remito de Compra','RCX',97,NULL,NULL,NULL,NULL,0.00,'N'),(4,'Nota Venta','NVX',96,NULL,NULL,NULL,NULL,0.00,'N'),(5,'Recibo Devolucion','RDX',95,NULL,NULL,NULL,NULL,0.00,'N'),(6,'Factura  A','FVA',1,NULL,NULL,NULL,NULL,0.00,'S'),(7,'Factura B','FVB',6,NULL,NULL,NULL,NULL,0.00,'S'),(8,'Nota Debito A','NDA',2,NULL,NULL,NULL,NULL,0.00,'N'),(9,'Nota Credito A','NCA',3,NULL,NULL,NULL,NULL,0.00,'N'),(10,'Recibos A','RCA',4,NULL,NULL,NULL,NULL,0.00,'N'),(11,'Notas Venta Al Contado','NVA',5,NULL,NULL,NULL,NULL,0.00,'N'),(12,'Notas Debito B','NDB',7,NULL,NULL,NULL,NULL,0.00,'N'),(13,'Notas Credito B','NCB',8,NULL,NULL,NULL,NULL,0.00,'N'),(14,'Recibos B','RCB',9,NULL,NULL,NULL,NULL,0.00,'N'),(15,'Notas Venta Al Contado B','NVA',10,NULL,NULL,NULL,NULL,0.00,'N'),(16,'Facturas C','FVC',11,NULL,NULL,NULL,NULL,0.00,'N'),(17,'Nota Debito C','NDC',12,NULL,NULL,NULL,NULL,0.00,'N'),(18,'Nota Credito C','NCC',13,NULL,NULL,NULL,NULL,0.00,'N'),(19,'Recibos C','RCC',15,NULL,NULL,NULL,NULL,0.00,'N'),(20,'Nota de Credito','NCX',100,NULL,NULL,NULL,NULL,0.00,'N');

--
-- Table structure for table `tipos_documentos`
--

CREATE TABLE `tipos_documentos` (
  `idtiposdocumentos` int NOT NULL AUTO_INCREMENT,
  `descripcion` varchar(255) DEFAULT NULL,
  `created_by` varchar(255) DEFAULT NULL,
  `created_date` datetime(6) DEFAULT NULL,
  `last_modified_by` varchar(255) DEFAULT NULL,
  `last_modified_date` datetime(6) DEFAULT NULL,
  PRIMARY KEY (`idtiposdocumentos`)
) ENGINE=InnoDB AUTO_INCREMENT=100 DEFAULT CHARSET=utf8mb4 COLLATE=utf8mb4_0900_ai_ci;

--
-- Dumping data for table `tipos_documentos`
--

INSERT INTO `tipos_documentos` VALUES (1,'DNI',NULL,NULL,NULL,NULL),(80,'CUIT',NULL,NULL,NULL,NULL),(99,'GENERICO',NULL,NULL,NULL,NULL);

--
-- Table structure for table `transferencias`
--

CREATE TABLE `transferencias` (
  `idtransferencias` int NOT NULL AUTO_INCREMENT,
  `fecha` date NOT NULL,
  `sucursal` varchar(30) NOT NULL,
  `banco` varchar(30) NOT NULL,
  `importe` decimal(14,2) NOT NULL,
  `observacion` varchar(200) DEFAULT NULL,
  `fecha_pago` date NOT NULL,
  `created_by` varchar(255) DEFAULT NULL,
  `created_date` datetime(6) DEFAULT NULL,
  `last_modified_by` varchar(255) DEFAULT NULL,
  `last_modified_date` datetime(6) DEFAULT NULL,
  `caja_idcajas` int DEFAULT NULL,
  `factura_idfacturasventas` int DEFAULT NULL,
  PRIMARY KEY (`idtransferencias`),
  KEY `FKeduo21s16j7y4rjxfh36f68rr` (`caja_idcajas`),
  KEY `FKjd2dn6duaunsxyf3s4q4aqvu6` (`factura_idfacturasventas`),
  CONSTRAINT `FKeduo21s16j7y4rjxfh36f68rr` FOREIGN KEY (`caja_idcajas`) REFERENCES `cajas` (`idcajas`),
  CONSTRAINT `FKjd2dn6duaunsxyf3s4q4aqvu6` FOREIGN KEY (`factura_idfacturasventas`) REFERENCES `facturas_venta` (`idfacturasventas`)
) ENGINE=InnoDB DEFAULT CHARSET=latin1;

--
-- Dumping data for table `transferencias`
--


--
-- Table structure for table `unidad_medida`
--

CREATE TABLE `unidad_medida` (
  `idunidadmedida` int NOT NULL AUTO_INCREMENT,
  `descripcion` varchar(255) DEFAULT NULL,
  `created_by` varchar(255) DEFAULT NULL,
  `created_date` datetime(6) DEFAULT NULL,
  `last_modified_by` varchar(255) DEFAULT NULL,
  `last_modified_date` datetime(6) DEFAULT NULL,
  PRIMARY KEY (`idunidadmedida`)
) ENGINE=InnoDB AUTO_INCREMENT=10 DEFAULT CHARSET=utf8mb4 COLLATE=utf8mb4_0900_ai_ci;

--
-- Dumping data for table `unidad_medida`
--

INSERT INTO `unidad_medida` VALUES (3,'M2',NULL,NULL,NULL,NULL),(4,'PALLETS',NULL,NULL,NULL,NULL),(6,'CAJA','daniela','2021-06-03 12:19:41.942000','daniela','2021-06-03 12:19:41.942000'),(7,'UNIDAD','daniela','2021-06-03 12:19:42.213000','daniela','2021-06-03 12:19:42.213000'),(8,'MTS','javain','2022-08-31 10:58:31.313000','javain','2022-08-31 10:58:31.313000'),(9,'un','admin','2025-03-15 14:58:26.528000','admin','2025-03-15 14:58:26.528000');

--
-- Dumping routines for database 'grupopignataro'
--


