(107709,'2025-08-15 11:51:41','','sec_Login','Scriptcase','190.182.172.154','access',''),(107710,'2025-08-15 11:51:44','admin','sec_logged','Scriptcase','190.182.172.154','access',''),(107711,'2025-08-15 11:51:47','admin','sec_menu','Scriptcase','190.182.172.154','access',''),(107712,'2025-08-15 14:42:04','','sec_Login','Scriptcase','34.71.45.25','access',''),(107713,'2025-08-15 19:44:49','','sec_Login','Scriptcase','34.170.134.117','access',''),(107714,'2025-08-15 20:27:20','','sec_Login','Scriptcase','198.235.24.140','access',''),(107715,'2025-08-15 21:07:33','','sec_Login','Scriptcase','34.26.33.151','access',''),(107716,'2025-08-16 09:27:02','','sec_Login','Scriptcase','18.224.192.118','access',''),(107717,'2025-08-16 09:27:02','','sec_Login','Scriptcase','18.224.192.118','access',''),(107718,'2025-08-16 10:51:08','','sec_Login','Scriptcase','190.182.172.154','access',''),(107719,'2025-08-16 10:51:09','','sec_Login','Scriptcase','190.182.172.154','access',''),(107720,'2025-08-16 10:51:13','admin','sec_logged','Scriptcase','190.182.172.154','access',''),(107721,'2025-08-16 10:51:16','admin','sec_menu','Scriptcase','190.182.172.154','access',''),(107722,'2025-08-16 12:19:11','','sec_Login','Scriptcase','190.182.172.154','access',''),(107723,'2025-08-16 12:19:16','admin','sec_logged','Scriptcase','190.182.172.154','access',''),(107724,'2025-08-16 12:19:19','admin','sec_menu','Scriptcase','190.182.172.154','access',''),(107725,'2025-08-17 05:07:56','','sec_Login','Scriptcase','35.224.45.109','access',''),(107726,'2025-08-17 12:00:26','','sec_Login','Scriptcase','34.61.154.121','access',''),(107727,'2025-08-17 22:28:53','','sec_Login','Scriptcase','34.139.229.172','access',''),(107728,'2025-08-18 11:34:08','','sec_Login','Scriptcase','181.214.107.150','access',''),(107729,'2025-08-18 13:17:31','','sec_Login_mob','Scriptcase','54.190.61.153','access',''),(107730,'2025-08-18 13:49:02','','sec_Login_mob','Scriptcase','18.237.193.226','access',''),(107731,'2025-08-18 21:32:48','','sec_Login','Scriptcase','35.196.175.210','access',''),(107732,'2025-08-18 22:46:33','','sec_Login','Scriptcase','20.171.207.133','access',''),(107733,'2025-08-19 12:24:04','','sec_Login','Scriptcase','190.182.172.154','access',''),(107734,'2025-08-19 12:24:08','admin','sec_logged','Scriptcase','190.182.172.154','access',''),(107735,'2025-08-19 12:24:11','admin','sec_menu','Scriptcase','190.182.172.154','access',''),(107736,'2025-08-19 18:16:12','','sec_Login','Scriptcase','190.182.172.154','access',''),(107737,'2025-08-19 18:16:15','admin','sec_logged','Scriptcase','190.182.172.154','access',''),(107738,'2025-08-19 18:16:17','admin','sec_menu','Scriptcase','190.182.172.154','access',''),(107739,'2025-08-19 19:19:02','','sec_Login','Scriptcase','190.182.172.154','access',''),(107740,'2025-08-19 19:19:05','admin','sec_logged','Scriptcase','190.182.172.154','access',''),(107741,'2025-08-19 19:19:08','admin','sec_menu','Scriptcase','190.182.172.154','access',''),(107742,'2025-08-19 21:34:25','','sec_Login','Scriptcase','35.237.53.33','access',''),(107743,'2025-08-19 22:18:59','','sec_Login','Scriptcase','34.148.206.79','access',''),(107744,'2025-08-21 00:59:30','','sec_Login','Scriptcase','20.171.207.150','access',''),(107745,'2025-08-21 17:09:19','','sec_Login','Scriptcase','190.182.172.154','access',''),(107746,'2025-08-21 17:09:23','admin','sec_logged','Scriptcase','190.182.172.154','access',''),(107747,'2025-08-21 17:09:26','admin','sec_menu','Scriptcase','190.182.172.154','access',''),(107748,'2025-08-21 18:24:19','','sec_Login','Scriptcase','190.182.172.154','access',''),(107749,'2025-08-21 18:24:21','admin','sec_logged','Scriptcase','190.182.172.154','access',''),(107750,'2025-08-21 18:24:24','admin','sec_menu','Scriptcase','190.182.172.154','access',''),(107751,'2025-08-21 20:44:26','','sec_Login','Scriptcase','34.75.140.112','access',''),(107752,'2025-08-22 02:25:11','','sec_Login','Scriptcase','192.64.113.146','access',''),(107753,'2025-08-22 02:25:12','','sec_Login','Scriptcase','192.64.113.146','access',''),(107754,'2025-08-22 02:48:12','','sec_Login','Scriptcase','18.224.192.118','access',''),(107755,'2025-08-22 02:48:14','','sec_Login','Scriptcase','18.224.192.118','access',''),(107756,'2025-08-22 08:15:34','','sec_Login','Scriptcase','185.247.137.84','access',''),(107757,'2025-08-22 18:45:42','','sec_Login','Scriptcase','190.182.172.154','access',''),(107758,'2025-08-22 18:45:51','admin','sec_logged','Scriptcase','190.182.172.154','access',''),(107759,'2025-08-22 18:46:06','admin','sec_menu','Scriptcase','190.182.172.154','access',''),(107760,'2025-08-23 00:48:02','','sec_Login','Scriptcase','35.236.85.8','access',''),(107761,'2025-08-23 09:43:54','','sec_Login','Scriptcase','20.171.207.54','access',''),(107762,'2025-08-23 12:03:09','','sec_Login','Scriptcase','172.105.8.53','access',''),(107763,'2025-08-24 09:31:23','','sec_Login','Scriptcase','205.210.31.57','access',''),(107764,'2025-08-24 11:17:09','','sec_Login','Scriptcase','195.178.106.195','access',''),(107765,'2025-08-24 21:26:44','','sec_Login','Scriptcase','52.88.33.51','access',''),(107766,'2025-08-24 21:30:28','','sec_Login','Scriptcase','34.211.56.113','access',''),(107767,'2025-08-25 11:19:29','','sec_Login','Scriptcase','20.171.207.132','access',''),(107768,'2025-08-25 19:50:07','','sec_Login','Scriptcase','185.177.72.22','access',''),(107769,'2025-08-26 18:14:32','','sec_Login','Scriptcase','190.182.172.154','access',''),(107770,'2025-08-26 18:14:52','admin','sec_logged','Scriptcase','190.182.172.154','access',''),(107771,'2025-08-26 18:14:54','admin','sec_menu','Scriptcase','190.182.172.154','access',''),(107772,'2025-08-26 21:49:29','','sec_Login','Scriptcase','34.148.218.47','access',''),(107773,'2025-08-27 11:40:32','','sec_Login','Scriptcase','190.182.172.154','access',''),(107774,'2025-08-27 11:40:38','admin','sec_logged','Scriptcase','190.182.172.154','access',''),(107775,'2025-08-27 11:40:44','admin','sec_menu','Scriptcase','190.182.172.154','access',''),(107776,'2025-08-27 12:45:22','','sec_Login','Scriptcase','139.59.42.0','access',''),(107777,'2025-08-27 21:35:12','','sec_Login','Scriptcase','104.196.2.238','access',''),(107778,'2025-08-28 22:38:02','','sec_Login','Scriptcase','34.138.32.30','access',''),(107779,'2025-08-28 23:09:09','','sec_Login','Scriptcase','51.81.46.212','access',''),(107780,'2025-08-29 20:45:25','','sec_Login','Scriptcase','34.73.87.84','access',''),(107781,'2025-08-29 21:38:03','','sec_Login','Scriptcase','199.45.155.80','access',''),(107782,'2025-08-30 18:01:45','','sec_Login','Scriptcase','47.84.198.198','access',''),(107783,'2025-08-30 18:22:34','','sec_Login','Scriptcase','34.147.27.237','access',''),(107784,'2025-08-31 05:44:26','','sec_Login','Scriptcase','34.222.128.110','access',''),(107785,'2025-08-31 06:16:08','','sec_Login','Scriptcase','35.165.142.111','access',''),(107786,'2025-08-31 15:36:25','','sec_Login','Scriptcase','20.41.79.212','access',''),(107787,'2025-08-31 17:02:08','','sec_Login','Scriptcase','205.210.31.128','access',''),(107788,'2025-09-01 05:18:40','','sec_Login','Scriptcase','44.243.242.240','access',''),(107789,'2025-09-01 05:19:54','','sec_Login','Scriptcase','18.246.69.81','access',''),(107790,'2025-09-01 11:54:07','','sec_Login','Scriptcase','147.93.158.187','access',''),(107791,'2025-09-01 11:54:09','','sec_Login','Scriptcase','147.93.158.187','access',''),(107792,'2025-09-01 12:17:05','','sec_Login','Scriptcase','190.182.172.154','access',''),(107793,'2025-09-01 12:17:11','admin','sec_logged','Scriptcase','190.182.172.154','access',''),(107794,'2025-09-01 12:17:14','admin','sec_menu','Scriptcase','190.182.172.154','access',''),(107795,'2025-09-01 15:19:16','','sec_Login','Scriptcase','104.197.165.21','access',''),(107796,'2025-09-01 23:38:41','','sec_Login','Scriptcase','3.249.191.204','access',''),(107797,'2025-09-02 04:21:51','','sec_Login_mob','Scriptcase','34.219.234.171','access',''),(107798,'2025-09-02 05:06:10','','sec_Login_mob','Scriptcase','35.91.15.145','access',''),(107799,'2025-09-02 09:10:07','','sec_Login','Scriptcase','185.247.137.175','access',''),(107800,'2025-09-02 20:53:01','','sec_Login','Scriptcase','34.74.75.182','access',''),(107801,'2025-09-03 03:24:50','','sec_Login','Scriptcase','35.88.237.170','access',''),(107802,'2025-09-03 03:49:15','','sec_Login','Scriptcase','34.211.81.216','access',''),(107803,'2025-09-03 21:26:19','','sec_Login','Scriptcase','20.171.207.130','access',''),(107804,'2025-09-03 23:36:26','','sec_Login','Scriptcase','106.75.157.202','access',''),(107805,'2025-09-03 23:37:05','','sec_Login','Scriptcase','106.75.164.139','access',''),(107806,'2025-09-03 23:40:48','','sec_Login','Scriptcase','35.237.170.159','access',''),(107807,'2025-09-04 02:25:31','','sec_Login_mob','Scriptcase','52.37.88.139','access',''),(107808,'2025-09-04 02:51:24','','sec_Login_mob','Scriptcase','54.202.43.25','access',''),(107809,'2025-09-04 11:02:41','','sec_Login','Scriptcase','190.182.172.154','access',''),(107810,'2025-09-04 11:02:45','admin','sec_logged','Scriptcase','190.182.172.154','access',''),(107811,'2025-09-04 11:02:47','admin','sec_menu','Scriptcase','190.182.172.154','access',''),(107812,'2025-09-04 14:03:14','','sec_Login','Scriptcase','4.230.38.149','access',''),(107813,'2025-09-04 18:38:26','','sec_Login','Scriptcase','190.182.172.154','access',''),(107814,'2025-09-04 18:38:29','admin','sec_logged','Scriptcase','190.182.172.154','access',''),(107815,'2025-09-04 18:38:34','admin','sec_menu','Scriptcase','190.182.172.154','access',''),(107816,'2025-09-05 01:27:26','','sec_Login','Scriptcase','52.13.89.109','access','');
INSERT INTO `sc_log` VALUES (107817,'2025-09-05 01:34:30','','sec_Login','Scriptcase','18.237.150.225','access',''),(107818,'2025-09-05 13:35:49','','sec_Login','Scriptcase','52.187.7.219','access',''),(107819,'2025-09-05 18:50:16','','sec_Login','Scriptcase','18.224.192.118','access',''),(107820,'2025-09-05 19:26:16','','sec_Login','Scriptcase','190.182.172.154','access',''),(107821,'2025-09-05 19:26:19','admin','sec_logged','Scriptcase','190.182.172.154','access',''),(107822,'2025-09-05 19:26:36','admin','sec_menu','Scriptcase','190.182.172.154','access',''),(107823,'2025-09-05 23:36:24','','sec_Login','Scriptcase','52.187.7.219','access',''),(107824,'2025-09-06 00:27:34','','sec_Login_mob','Scriptcase','34.213.183.110','access',''),(107825,'2025-09-06 00:41:02','','sec_Login_mob','Scriptcase','54.190.150.246','access',''),(107826,'2025-09-06 10:42:22','','sec_Login','Scriptcase','198.235.24.169','access',''),(107827,'2025-09-06 23:30:03','','sec_Login','Scriptcase','34.219.163.230','access',''),(107828,'2025-09-06 23:31:45','','sec_Login','Scriptcase','34.221.171.116','access',''),(107829,'2025-09-07 01:52:59','','sec_Login','Scriptcase','152.42.190.32','access',''),(107830,'2025-09-07 16:34:52','','sec_Login','Scriptcase','13.76.241.189','access',''),(107831,'2025-09-08 13:14:45','','sec_Login','Scriptcase','52.187.19.49','access',''),(107832,'2025-09-08 18:05:14','','sec_Login','Scriptcase','190.182.172.154','access',''),(107833,'2025-09-08 18:12:40','admin','sec_logged','Scriptcase','190.182.172.154','access',''),(107834,'2025-09-08 18:12:44','admin','sec_menu','Scriptcase','190.182.172.154','access',''),(107835,'2025-09-09 01:45:17','','sec_Login','Scriptcase','123.6.49.36','access',''),(107836,'2025-09-09 14:02:44','','sec_Login','Scriptcase','52.187.31.137','access',''),(107837,'2025-09-10 00:22:44','','sec_Login','Scriptcase','64.227.35.130','access',''),(107838,'2025-09-10 10:40:36','','sec_Login','Scriptcase','34.223.108.25','access',''),(107839,'2025-09-10 22:30:42','','sec_Login','Scriptcase','35.237.247.188','access',''),(107840,'2025-09-11 03:17:42','','sec_Login','Scriptcase','188.166.236.44','access',''),(107841,'2025-09-11 03:17:44','','sec_Login','Scriptcase','188.166.236.44','access',''),(107842,'2025-09-11 17:08:18','','sec_Login','Scriptcase','190.182.172.154','access',''),(107843,'2025-09-11 17:08:22','admin','sec_logged','Scriptcase','190.182.172.154','access',''),(107844,'2025-09-11 17:08:24','admin','sec_menu','Scriptcase','190.182.172.154','access',''),(107845,'2025-09-11 18:10:40','','sec_Login','Scriptcase','34.187.183.24','access',''),(107846,'2025-09-12 16:27:05','','sec_Login','Scriptcase','45.82.78.109','access',''),(107847,'2025-09-12 18:45:51','','sec_Login','Scriptcase','34.53.48.206','access',''),(107848,'2025-09-13 02:48:33','','sec_Login','Scriptcase','123.6.49.41','access',''),(107849,'2025-09-13 07:37:58','','sec_Login','Scriptcase','54.149.9.158','access',''),(107850,'2025-09-13 07:58:53','','sec_Login','Scriptcase','54.184.116.13','access',''),(107851,'2025-09-14 09:39:43','','sec_Login','Scriptcase','199.45.154.156','access',''),(107852,'2025-09-14 18:51:19','','sec_Login_mob','Scriptcase','104.198.96.71','access',''),(107853,'2025-09-15 09:09:19','','sec_Login','Scriptcase','190.182.172.154','access',''),(107854,'2025-09-15 14:35:00','','sec_Login','Scriptcase','34.168.27.65','access',''),(107855,'2025-09-15 14:39:15','','sec_Login','Scriptcase','198.235.24.135','access',''),(107856,'2025-09-16 06:34:07','','sec_Login','Scriptcase','20.171.207.106','access',''),(107857,'2025-09-16 16:41:33','','sec_Login','Scriptcase','194.164.107.5','access',''),(107858,'2025-09-16 23:39:34','','sec_Login','Scriptcase','34.19.111.74','access',''),(107859,'2025-09-17 20:23:02','','sec_Login','Scriptcase','34.83.198.173','access',''),(107860,'2025-09-18 09:28:24','','sec_Login','Scriptcase','162.214.208.138','access',''),(107861,'2025-09-18 19:31:44','','sec_Login_mob','Scriptcase','34.187.183.222','access',''),(107862,'2025-09-19 00:47:48','','sec_Login','Scriptcase','139.59.255.178','access',''),(107863,'2025-09-19 00:47:49','','sec_Login','Scriptcase','139.59.255.178','access',''),(107864,'2025-09-19 12:42:22','','sec_Login','Scriptcase','199.45.154.116','access',''),(107865,'2025-09-19 15:58:37','','sec_Login','Scriptcase','54.190.148.169','access',''),(107866,'2025-09-19 16:04:22','','sec_Login','Scriptcase','35.92.125.171','access',''),(107867,'2025-09-19 17:35:40','','sec_Login_mob','Scriptcase','34.145.63.82','access',''),(107868,'2025-09-20 00:36:04','','sec_Login','Scriptcase','198.235.24.56','access',''),(107869,'2025-09-20 03:41:39','','sec_Login','Scriptcase','40.77.167.33','access',''),(107870,'2025-09-20 10:07:39','','sec_Login','Scriptcase','1.192.195.5','access',''),(107871,'2025-09-21 04:35:34','','sec_Login','Scriptcase','195.178.110.201','access',''),(107872,'2025-09-21 04:35:43','','sec_Login','Scriptcase','195.178.110.201','access',''),(107873,'2025-09-21 04:35:46','','sec_Login','Scriptcase','195.178.110.201','access',''),(107874,'2025-09-21 21:23:49','','sec_Login','Scriptcase','34.127.92.128','access',''),(107875,'2025-09-22 02:46:20','','sec_Login','Scriptcase','188.166.236.44','access',''),(107876,'2025-09-22 02:46:21','','sec_Login','Scriptcase','188.166.236.44','access',''),(107877,'2025-09-22 20:10:57','','sec_Login','Scriptcase','3.140.182.19','access',''),(107878,'2025-09-23 03:02:22','','sec_Login','Scriptcase','47.84.36.236','access',''),(107879,'2025-09-23 12:01:02','','sec_Login','Scriptcase','185.247.137.107','access',''),(107880,'2025-09-23 12:59:27','','sec_Login','Scriptcase','20.171.207.7','access',''),(107881,'2025-09-23 15:58:09','','sec_Login_mob','Scriptcase','34.168.214.78','access',''),(107882,'2025-09-24 02:13:15','','sec_Login','Scriptcase','24.144.85.30','access',''),(107883,'2025-09-24 12:28:01','','sec_Login','Scriptcase','154.42.3.12','access',''),(107884,'2025-09-24 22:31:36','','sec_Login','Scriptcase','3.222.165.167','access',''),(107885,'2025-09-24 22:31:36','','sec_Login','Scriptcase','3.222.165.167','access',''),(107886,'2025-09-25 23:59:45','','sec_Login_mob','Scriptcase','35.87.2.244','access',''),(107887,'2025-09-26 00:07:33','','sec_Login_mob','Scriptcase','44.248.25.110','access',''),(107888,'2025-09-26 02:19:34','','sec_Login','Scriptcase','20.171.207.228','access',''),(107889,'2025-09-27 00:05:53','','sec_Login','Scriptcase','206.189.150.236','access',''),(107890,'2025-09-27 00:05:54','','sec_Login','Scriptcase','206.189.150.236','access',''),(107891,'2025-09-27 08:00:52','','sec_Login','Scriptcase','198.235.24.41','access',''),(107892,'2025-09-27 11:44:01','','sec_Login','Scriptcase','145.220.91.19','access',''),(107893,'2025-09-28 17:41:30','','sec_Login','Scriptcase','34.187.157.94','access',''),(107894,'2025-09-29 14:04:49','','sec_Login','Scriptcase','34.11.162.120','access',''),(107895,'2025-09-29 15:50:23','','sec_Login','Scriptcase','35.204.166.221','access',''),(107896,'2025-09-30 05:06:27','','sec_Login','Scriptcase','188.166.236.44','access',''),(107897,'2025-09-30 05:06:28','','sec_Login','Scriptcase','188.166.236.44','access',''),(107898,'2025-09-30 22:28:56','','sec_Login','Scriptcase','195.123.244.84','access',''),(107899,'2025-09-30 22:28:59','','sec_Login','Scriptcase','195.123.244.84','access',''),(107900,'2025-09-30 23:04:48','','sec_Login','Scriptcase','44.247.112.131','access',''),(107901,'2025-09-30 23:04:48','','sec_Login_mob','Scriptcase','44.247.112.131','access',''),(107902,'2025-09-30 23:04:53','','sec_Login_mob','Scriptcase','35.150.149.119','access',''),(107903,'2025-09-30 23:05:12','','sec_Login','Scriptcase','100.0.114.187','access',''),(107904,'2025-09-30 23:05:23','','sec_Login','Scriptcase','178.128.146.18','access',''),(107905,'2025-10-01 00:04:54','','sec_Login','Scriptcase','146.70.185.32','access',''),(107906,'2025-10-01 00:53:04','','sec_Login','Scriptcase','20.171.207.34','access',''),(107907,'2025-10-01 05:32:22','','sec_Login','Scriptcase','68.131.34.233','access',''),(107908,'2025-10-01 05:32:29','','sec_Login_mob','Scriptcase','70.171.0.116','access',''),(107909,'2025-10-01 05:32:32','','sec_Login','Scriptcase','149.102.230.118','access',''),(107910,'2025-10-01 05:32:34','','sec_Login','Scriptcase','149.102.230.119','access',''),(107911,'2025-10-01 05:32:35','','sec_Login','Scriptcase','149.102.230.117','access',''),(107912,'2025-10-01 05:32:36','','sec_Login','Scriptcase','149.102.230.118','access',''),(107913,'2025-10-01 05:43:23','','sec_Login','Scriptcase','54.244.205.159','access',''),(107914,'2025-10-01 05:43:27','','sec_Login_mob','Scriptcase','54.244.205.159','access',''),(107915,'2025-10-01 08:35:09','','sec_Login','Scriptcase','34.219.187.173','access',''),(107916,'2025-10-01 08:35:14','','sec_Login_mob','Scriptcase','34.219.187.173','access',''),(107917,'2025-10-01 08:46:06','','sec_Login','Scriptcase','69.50.236.249','access',''),(107918,'2025-10-01 08:46:11','','sec_Login_mob','Scriptcase','174.110.195.213','access',''),(107919,'2025-10-01 12:35:39','','sec_Login','Scriptcase','97.238.3.156','access',''),(107920,'2025-10-01 12:35:45','','sec_Login_mob','Scriptcase','68.193.227.128','access',''),(107921,'2025-10-01 12:35:52','','sec_Login','Scriptcase','149.102.230.119','access',''),(107922,'2025-10-01 12:35:54','','sec_Login','Scriptcase','149.102.230.117','access',''),(107923,'2025-10-01 12:35:55','','sec_Login','Scriptcase','149.102.230.117','access',''),(107924,'2025-10-01 12:35:56','','sec_Login','Scriptcase','149.102.230.117','access',''),(107925,'2025-10-01 12:35:57','','sec_Login','Scriptcase','149.102.230.119','access',''),(107926,'2025-10-01 12:35:58','','sec_Login','Scriptcase','149.102.230.117','access',''),(107927,'2025-10-01 12:36:00','','sec_Login','Scriptcase','149.102.230.119','access',''),(107928,'2025-10-01 13:09:34','','sec_Login','Scriptcase','34.211.231.111','access',''),(107929,'2025-10-01 13:09:37','','sec_Login_mob','Scriptcase','34.211.231.111','access',''),(107930,'2025-10-01 13:54:50','','sec_Login','Scriptcase','34.220.217.131','access',''),(107931,'2025-10-01 13:54:55','','sec_Login_mob','Scriptcase','34.220.217.131','access',''),(107932,'2025-10-01 14:05:36','','sec_Login','Scriptcase','108.247.56.133','access',''),(107933,'2025-10-01 14:05:39','','sec_Login_mob','Scriptcase','35.148.122.155','access',''),(107934,'2025-10-01 15:36:05','','sec_Login','Scriptcase','109.202.99.41','access',''),(107935,'2025-10-01 17:02:13','','sec_Login','Scriptcase','209.38.128.125','access',''),(107936,'2025-10-02 04:03:38','','sec_Login_mob','Scriptcase','35.247.139.64','access',''),(107937,'2025-10-02 05:32:13','','sec_Login','Scriptcase','185.93.89.97','access',''),(107938,'2025-10-02 13:06:50','','sec_Login_mob','Scriptcase','35.85.54.19','access',''),(107939,'2025-10-02 14:08:54','','sec_Login','Scriptcase','185.93.89.97','access',''),(107940,'2025-10-02 14:44:40','','sec_Login','Scriptcase','136.115.73.216','access',''),(107941,'2025-10-02 15:12:15','','sec_Login','Scriptcase','54.218.81.185','access',''),(107942,'2025-10-02 15:12:38','','sec_Login','Scriptcase','54.218.81.185','access',''),(107943,'2025-10-02 15:12:43','','sec_Login','Scriptcase','54.218.81.185','access',''),(107944,'2025-10-02 18:58:16','','sec_Login','Scriptcase','3.82.247.226','access',''),(107945,'2025-10-02 19:01:34','','sec_Login','Scriptcase','190.182.172.154','access',''),(107946,'2025-10-02 19:01:51','admin','sec_logged','Scriptcase','190.182.172.154','access',''),(107947,'2025-10-02 19:01:54','admin','sec_menu','Scriptcase','190.182.172.154','access',''),(107948,'2025-10-03 01:55:05','','sec_Login_mob','Scriptcase','44.248.42.150','access',''),(107949,'2025-10-03 11:16:34','','sec_Login','Scriptcase','34.168.226.251','access',''),(107950,'2025-10-03 12:08:07','','sec_Login','Scriptcase','35.93.212.129','access',''),(107951,'2025-10-03 15:05:48','','sec_Login','Scriptcase','128.199.49.158','access',''),(107952,'2025-10-03 21:12:01','','sec_Login','Scriptcase','195.178.110.201','access',''),(107953,'2025-10-03 21:12:09','','sec_Login','Scriptcase','195.178.110.201','access',''),(107954,'2025-10-03 21:12:13','','sec_Login','Scriptcase','195.178.110.201','access',''),(107955,'2025-10-04 11:10:27','','sec_Login_mob','Scriptcase','52.42.106.184','access',''),(107956,'2025-10-04 11:20:22','','sec_Login','Scriptcase','44.248.223.204','access',''),(107957,'2025-10-04 15:39:01','','sec_Login_mob','Scriptcase','35.162.205.149','access',''),(107958,'2025-10-05 10:12:04','','sec_Login','Scriptcase','34.218.80.35','access',''),(107959,'2025-10-05 10:12:05','','sec_Login','Scriptcase','44.249.250.169','access',''),(107960,'2025-10-05 15:28:18','','sec_Login','Scriptcase','164.92.134.158','access',''),(107961,'2025-10-06 05:48:17','','sec_Login','Scriptcase','34.45.201.157','access',''),(107962,'2025-10-06 09:19:20','','sec_Login_mob','Scriptcase','34.220.193.61','access',''),(107963,'2025-10-06 09:19:20','','sec_Login_mob','Scriptcase','34.222.237.142','access',''),(107964,'2025-10-06 16:19:48','','sec_Login','Scriptcase','34.121.81.44','access',''),(107965,'2025-10-06 17:36:39','','sec_Login','Scriptcase','15.157.63.196','access',''),(107966,'2025-10-06 20:19:33','','sec_Login','Scriptcase','190.182.172.154','access',''),(107967,'2025-10-06 20:19:38','admin','sec_logged','Scriptcase','190.182.172.154','access',''),(107968,'2025-10-06 20:19:40','admin','sec_menu','Scriptcase','190.182.172.154','access',''),(107969,'2025-10-07 08:23:56','','sec_Login','Scriptcase','44.244.93.139','access',''),(107970,'2025-10-07 10:17:51','','sec_Login','Scriptcase','190.182.172.154','access',''),(107971,'2025-10-07 10:17:57','admin','sec_logged','Scriptcase','190.182.172.154','access',''),(107972,'2025-10-07 10:17:59','admin','sec_menu','Scriptcase','190.182.172.154','access',''),(107973,'2025-10-07 10:24:47','','sec_Login','Scriptcase','190.182.172.154','access',''),(107974,'2025-10-07 10:24:49','admin','sec_logged','Scriptcase','190.182.172.154','access',''),(107975,'2025-10-07 10:24:53','admin','sec_menu','Scriptcase','190.182.172.154','access',''),(107976,'2025-10-07 10:27:19','','sec_Login','Scriptcase','190.182.172.154','access',''),(107977,'2025-10-07 10:27:22','admin','sec_logged','Scriptcase','190.182.172.154','access',''),(107978,'2025-10-07 10:27:25','admin','sec_menu','Scriptcase','190.182.172.154','access',''),(107979,'2025-10-07 11:28:27','','sec_Login','Scriptcase','190.182.172.154','access',''),(107980,'2025-10-07 11:28:30','admin','sec_logged','Scriptcase','190.182.172.154','access',''),(107981,'2025-10-07 11:28:32','admin','sec_menu','Scriptcase','190.182.172.154','access',''),(107982,'2025-10-07 12:10:38','','sec_Login','Scriptcase','34.173.203.141','access',''),(107983,'2025-10-07 12:28:40','','sec_Login','Scriptcase','44.243.19.51','access',''),(107984,'2025-10-07 14:33:08','','sec_Login','Scriptcase','34.173.203.141','access',''),(107985,'2025-10-07 18:06:22','','sec_Login','Scriptcase','190.182.172.154','access',''),(107986,'2025-10-07 18:06:24','admin','sec_logged','Scriptcase','190.182.172.154','access',''),(107987,'2025-10-07 18:06:27','admin','sec_menu','Scriptcase','190.182.172.154','access',''),(107988,'2025-10-08 03:43:09','','sec_Login','Scriptcase','138.197.147.32','access',''),(107989,'2025-10-08 07:21:58','','sec_Login_mob','Scriptcase','34.220.193.61','access',''),(107990,'2025-10-08 15:05:00','','sec_Login','Scriptcase','35.231.27.235','access',''),(107991,'2025-10-08 18:27:07','','sec_Login_mob','Scriptcase','18.237.246.102','access',''),(107992,'2025-10-08 19:12:37','','sec_Login','Scriptcase','190.182.172.154','access',''),(107993,'2025-10-08 19:12:40','admin','sec_logged','Scriptcase','190.182.172.154','access',''),(107994,'2025-10-08 19:12:43','admin','sec_menu','Scriptcase','190.182.172.154','access',''),(107995,'2025-10-08 19:43:24','','sec_Login','Scriptcase','190.182.172.154','access',''),(107996,'2025-10-08 19:43:26','admin','sec_logged','Scriptcase','190.182.172.154','access',''),(107997,'2025-10-08 19:43:29','admin','sec_menu','Scriptcase','190.182.172.154','access',''),(107998,'2025-10-08 20:35:49','','sec_Login','Scriptcase','84.20.18.75','access',''),(107999,'2025-10-09 06:25:52','','sec_Login','Scriptcase','54.244.198.242','access',''),(108000,'2025-10-09 07:06:30','','sec_Login','Scriptcase','34.222.75.84','access',''),(108001,'2025-10-09 15:49:29','','sec_Login','Scriptcase','18.201.132.208','access',''),(108002,'2025-10-10 01:20:10','','sec_Login','Scriptcase','51.81.46.212','access',''),(108003,'2025-10-10 05:24:26','','sec_Login_mob','Scriptcase','54.186.51.254','access',''),(108004,'2025-10-10 06:33:06','','sec_Login_mob','Scriptcase','54.184.107.13','access',''),(108005,'2025-10-10 11:19:35','','sec_Login','Scriptcase','190.182.172.154','access',''),(108006,'2025-10-10 11:19:52','admin','sec_logged','Scriptcase','190.182.172.154','access',''),(108007,'2025-10-10 11:19:55','admin','sec_menu','Scriptcase','190.182.172.154','access',''),(108008,'2025-10-10 13:28:09','','sec_Login','Scriptcase','192.64.113.146','access',''),(108009,'2025-10-10 13:28:11','','sec_Login','Scriptcase','192.64.113.146','access',''),(108010,'2025-10-10 17:13:47','','sec_Login','Scriptcase','176.65.149.195','access',''),(108011,'2025-10-10 17:13:49','','sec_Login','Scriptcase','176.65.149.195','access',''),(108012,'2025-10-10 22:27:12','','sec_Login','Scriptcase','34.75.124.29','access',''),(108013,'2025-10-11 00:33:42','','sec_Login','Scriptcase','62.60.131.229','access',''),(108014,'2025-10-11 04:26:58','','sec_Login','Scriptcase','34.221.248.80','access',''),(108015,'2025-10-11 04:42:41','','sec_Login','Scriptcase','54.184.107.13','access',''),(108016,'2025-10-11 13:44:38','','sec_Login','Scriptcase','165.22.219.64','access',''),(108017,'2025-10-11 23:13:49','','sec_Login','Scriptcase','35.185.254.57','access',''),(108018,'2025-10-12 03:48:01','','sec_Login_mob','Scriptcase','35.85.40.92','access',''),(108019,'2025-10-12 05:35:26','','sec_Login_mob','Scriptcase','54.201.117.58','access',''),(108020,'2025-10-12 05:41:13','','sec_Login','Scriptcase','185.177.72.48','access',''),(108021,'2025-10-12 19:08:04','','sec_Login','Scriptcase','20.171.207.199','access',''),(108022,'2025-10-12 22:00:19','','sec_Login','Scriptcase','136.117.176.213','access',''),(108023,'2025-10-13 02:45:53','','sec_Login','Scriptcase','52.42.145.109','access',''),(108024,'2025-10-13 02:56:06','','sec_Login','Scriptcase','34.221.100.157','access',''),(108025,'2025-10-13 10:43:01','','sec_Login','Scriptcase','35.232.232.170','access',''),(108026,'2025-10-13 14:23:19','','sec_Login','Scriptcase','13.115.169.2','access',''),(108027,'2025-10-13 15:14:10','','sec_Login','Scriptcase','34.125.114.116','access',''),(108028,'2025-10-13 16:49:55','','sec_Login','Scriptcase','72.11.150.128','access',''),(108029,'2025-10-14 01:47:29','','sec_Login_mob','Scriptcase','35.90.63.244','access',''),(108030,'2025-10-14 07:07:50','','sec_Login','Scriptcase','44.249.3.119','access',''),(108031,'2025-10-14 12:40:07','','sec_Login_mob','Scriptcase','35.88.147.178','access',''),(108032,'2025-10-14 21:53:09','','sec_Login','Scriptcase','185.247.137.158','access',''),(108033,'2025-10-15 00:52:24','','sec_Login','Scriptcase','34.211.230.93','access',''),(108034,'2025-10-15 01:58:53','','sec_Login','Scriptcase','35.90.6.37','access',''),(108035,'2025-10-15 07:20:12','','sec_Login','Scriptcase','173.236.154.166','access',''),(108036,'2025-10-15 11:11:06','','sec_Login','Scriptcase','152.32.131.118','access',''),(108037,'2025-10-15 11:11:06','','sec_Login','Scriptcase','123.58.220.215','access',''),(108038,'2025-10-15 11:28:52','','sec_Login','Scriptcase','190.182.172.154','access',''),(108039,'2025-10-15 11:29:11','admin','sec_logged','Scriptcase','190.182.172.154','access',''),(108040,'2025-10-15 11:29:18','admin','sec_menu','Scriptcase','190.182.172.154','access',''),(108041,'2025-10-15 15:05:45','','sec_Login','Scriptcase','172.191.183.155','access',''),(108042,'2025-10-15 20:14:48','','sec_Login','Scriptcase','35.87.231.161','access',''),(108043,'2025-10-15 23:49:30','','sec_Login_mob','Scriptcase','35.95.17.10','access',''),(108044,'2025-10-16 00:00:42','','sec_Login_mob','Scriptcase','34.220.235.243','access',''),(108045,'2025-10-16 02:59:38','','sec_Login','Scriptcase','157.245.169.144','access',''),(108046,'2025-10-16 02:59:42','','sec_Login','Scriptcase','157.245.169.144','access',''),(108047,'2025-10-16 03:06:45','','sec_Login','Scriptcase','157.245.169.144','access',''),(108048,'2025-10-16 03:16:32','','sec_Login','Scriptcase','157.245.169.144','access',''),(108049,'2025-10-16 03:34:58','','sec_Login','Scriptcase','157.245.169.144','access',''),(108050,'2025-10-16 03:39:54','','sec_Login','Scriptcase','157.245.169.144','access',''),(108051,'2025-10-16 03:58:22','','sec_Login','Scriptcase','157.245.169.144','access',''),(108052,'2025-10-16 04:04:38','','sec_Login','Scriptcase','157.245.169.144','access',''),(108053,'2025-10-16 04:10:09','','sec_Login','Scriptcase','157.245.169.144','access',''),(108054,'2025-10-16 04:11:22','','sec_Login','Scriptcase','157.245.169.144','access',''),(108055,'2025-10-16 04:11:25','','sec_Login','Scriptcase','157.245.169.144','access',''),(108056,'2025-10-16 04:32:28','','sec_Login','Scriptcase','157.245.169.144','access',''),(108057,'2025-10-16 04:35:12','','sec_Login','Scriptcase','157.245.169.144','access',''),(108058,'2025-10-16 04:46:24','','sec_Login','Scriptcase','157.245.169.144','access',''),(108059,'2025-10-16 04:46:28','','sec_Login','Scriptcase','157.245.169.144','access',''),(108060,'2025-10-16 04:55:02','','sec_Login_mob','Scriptcase','157.245.169.144','access',''),(108061,'2025-10-16 04:56:21','','sec_Login','Scriptcase','157.245.169.144','access',''),(108062,'2025-10-16 05:13:22','','sec_Login','Scriptcase','157.245.169.144','access',''),(108063,'2025-10-16 05:13:51','','sec_Login','Scriptcase','157.245.169.144','access',''),(108064,'2025-10-16 05:24:49','','sec_Login','Scriptcase','3.1.222.113','access',''),(108065,'2025-10-16 05:24:51','','sec_Login','Scriptcase','3.1.222.113','access',''),(108066,'2025-10-16 05:24:52','','sec_Login','Scriptcase','3.1.222.113','access',''),(108067,'2025-10-16 05:26:03','','sec_Login','Scriptcase','3.1.222.113','access',''),(108068,'2025-10-16 05:26:04','','sec_Login','Scriptcase','3.1.222.113','access',''),(108069,'2025-10-16 05:37:36','','sec_Login','Scriptcase','157.245.169.144','access',''),(108070,'2025-10-16 05:37:40','','sec_Login','Scriptcase','157.245.169.144','access',''),(108071,'2025-10-16 05:45:24','','sec_Login','Scriptcase','157.245.169.144','access',''),(108072,'2025-10-16 05:50:18','','sec_Login','Scriptcase','157.245.169.144','access',''),(108073,'2025-10-16 05:52:46','','sec_Login','Scriptcase','157.245.169.144','access',''),(108074,'2025-10-16 06:02:09','','sec_Login','Scriptcase','157.245.169.144','access',''),(108075,'2025-10-16 06:02:55','','sec_Login','Scriptcase','157.245.169.144','access',''),(108076,'2025-10-16 06:08:00','','sec_Login','Scriptcase','157.245.169.144','access',''),(108077,'2025-10-16 06:09:52','','sec_Login','Scriptcase','157.245.169.144','access',''),(108078,'2025-10-16 06:19:47','','sec_Login','Scriptcase','157.245.169.144','access',''),(108079,'2025-10-16 06:28:49','','sec_Login','Scriptcase','157.245.169.144','access',''),(108080,'2025-10-16 06:30:46','','sec_Login','Scriptcase','157.245.169.144','access',''),(108081,'2025-10-16 06:41:09','','sec_Login','Scriptcase','157.245.169.144','access',''),(108082,'2025-10-16 06:44:59','','sec_Login','Scriptcase','157.245.169.144','access',''),(108083,'2025-10-16 06:57:19','','sec_Login','Scriptcase','157.245.169.144','access',''),(108084,'2025-10-16 07:02:32','','sec_Login','Scriptcase','157.245.169.144','access',''),(108085,'2025-10-16 07:12:52','','sec_Login','Scriptcase','157.245.169.144','access',''),(108086,'2025-10-16 07:12:56','','sec_Login','Scriptcase','157.245.169.144','access',''),(108087,'2025-10-16 07:12:58','','sec_Login','Scriptcase','157.245.169.144','access',''),(108088,'2025-10-16 07:21:08','','sec_Login','Scriptcase','157.245.169.144','access',''),(108089,'2025-10-16 07:27:26','','sec_Login','Scriptcase','157.245.169.144','access',''),(108090,'2025-10-16 07:27:34','','sec_Login','Scriptcase','157.245.169.144','access',''),(108091,'2025-10-16 07:30:01','','sec_Login','Scriptcase','157.245.169.144','access',''),(108092,'2025-10-16 07:31:09','','sec_Login','Scriptcase','157.245.169.144','access',''),(108093,'2025-10-16 07:44:28','','sec_Login','Scriptcase','157.245.169.144','access',''),(108094,'2025-10-16 07:49:43','','sec_Login','Scriptcase','157.245.169.144','access',''),(108095,'2025-10-16 07:56:21','','sec_Login','Scriptcase','157.245.169.144','access',''),(108096,'2025-10-16 08:01:04','','sec_Login','Scriptcase','157.245.169.144','access',''),(108097,'2025-10-16 08:05:31','','sec_Login','Scriptcase','157.245.169.144','access',''),(108098,'2025-10-16 08:49:16','','sec_Login','Scriptcase','157.245.169.144','access',''),(108099,'2025-10-16 09:15:55','','sec_Login','Scriptcase','157.245.169.144','access',''),(108100,'2025-10-16 09:26:21','','sec_Login','Scriptcase','157.245.169.144','access',''),(108101,'2025-10-16 09:40:39','','sec_Login','Scriptcase','157.245.169.144','access',''),(108102,'2025-10-16 09:40:39','','sec_Login','Scriptcase','157.245.169.144','access',''),(108103,'2025-10-16 09:40:39','','sec_Login','Scriptcase','157.245.169.144','access',''),(108104,'2025-10-16 09:40:39','','sec_Login','Scriptcase','157.245.169.144','access',''),(108105,'2025-10-16 10:07:08','','sec_Login','Scriptcase','157.245.169.144','access',''),(108106,'2025-10-16 10:07:40','','sec_Login','Scriptcase','157.245.169.144','access',''),(108107,'2025-10-16 10:07:49','','sec_Login','Scriptcase','157.245.169.144','access',''),(108108,'2025-10-16 10:07:58','','sec_Login','Scriptcase','157.245.169.144','access',''),(108109,'2025-10-16 10:26:03','','sec_Login','Scriptcase','157.245.169.144','access',''),(108110,'2025-10-16 11:56:32','','sec_Login','Scriptcase','190.182.172.154','access',''),(108111,'2025-10-16 11:56:32','','sec_Login','Scriptcase','190.182.172.154','access',''),(108112,'2025-10-16 11:56:36','admin','sec_logged','Scriptcase','190.182.172.154','access',''),(108113,'2025-10-16 11:56:40','admin','sec_menu','Scriptcase','190.182.172.154','access',''),(108114,'2025-10-16 12:00:16','','sec_Login','Scriptcase','157.245.169.144','access',''),(108115,'2025-10-16 12:03:43','','sec_Login','Scriptcase','157.245.169.144','access',''),(108116,'2025-10-16 12:07:04','','sec_Login','Scriptcase','157.245.169.144','access',''),(108117,'2025-10-16 12:29:01','','sec_Login','Scriptcase','157.245.169.144','access',''),(108118,'2025-10-16 12:59:16','','sec_Login','Scriptcase','157.245.169.144','access',''),(108119,'2025-10-16 13:05:06','','sec_Login','Scriptcase','157.245.169.144','access',''),(108120,'2025-10-16 13:05:13','','sec_Login','Scriptcase','157.245.169.144','access',''),(108121,'2025-10-16 13:35:16','','sec_Login','Scriptcase','157.245.169.144','access',''),(108122,'2025-10-16 14:07:50','','sec_Login','Scriptcase','157.245.169.144','access',''),(108123,'2025-10-16 14:19:11','','sec_Login','Scriptcase','157.245.169.144','access',''),(108124,'2025-10-16 15:21:17','','sec_Login','Scriptcase','157.245.169.144','access',''),(108125,'2025-10-16 22:50:33','','sec_Login','Scriptcase','35.89.12.131','access',''),(108126,'2025-10-16 23:01:42','','sec_Login','Scriptcase','18.237.193.107','access',''),(108127,'2025-10-16 23:19:47','','sec_Login','Scriptcase','172.203.39.201','access',''),(108128,'2025-10-17 13:13:42','','sec_Login','Scriptcase','13.82.216.177','access',''),(108129,'2025-10-17 22:04:47','','sec_Login_mob','Scriptcase','35.160.181.39','access',''),(108130,'2025-10-17 22:05:45','','sec_Login_mob','Scriptcase','44.243.201.140','access',''),(108131,'2025-10-18 21:06:08','','sec_Login','Scriptcase','54.190.60.66','access',''),(108132,'2025-10-19 00:38:24','','sec_Login','Scriptcase','34.217.110.190','access',''),(108133,'2025-10-19 14:01:50','','sec_Login','Scriptcase','172.173.171.126','access',''),(108134,'2025-10-20 12:49:21','','sec_Login','Scriptcase','162.142.125.120','access',''),(108135,'2025-10-20 19:08:05','','sec_Login_mob','Scriptcase','35.92.199.5','access',''),(108136,'2025-10-20 20:22:41','','sec_Login','Scriptcase','54.218.210.71','access',''),(108137,'2025-10-20 23:40:18','','sec_Login','Scriptcase','204.76.203.25','access',''),(108138,'2025-10-21 05:16:00','','sec_Login_mob','Scriptcase','34.219.102.106','access',''),(108139,'2025-10-21 09:29:31','','sec_Login','Scriptcase','190.182.172.154','access',''),(108140,'2025-10-21 09:29:35','admin','sec_logged','Scriptcase','190.182.172.154','access',''),(108141,'2025-10-21 09:29:38','admin','sec_menu','Scriptcase','190.182.172.154','access',''),(108142,'2025-10-21 12:17:28','','sec_Login','Scriptcase','34.233.53.209','access',''),(108143,'2025-10-21 19:24:00','','sec_Login','Scriptcase','34.219.88.27','access',''),(108144,'2025-10-21 19:24:01','','sec_Login','Scriptcase','35.90.122.105','access',''),(108145,'2025-10-21 19:32:38','','sec_Login','Scriptcase','13.77.99.66','access',''),(108146,'2025-10-21 19:33:04','','sec_Login','Scriptcase','190.182.172.154','access',''),(108147,'2025-10-21 19:33:08','admin','sec_logged','Scriptcase','190.182.172.154','access',''),(108148,'2025-10-21 19:33:10','admin','sec_menu','Scriptcase','190.182.172.154','access',''),(108149,'2025-10-21 20:33:24','','sec_Login','Scriptcase','54.175.222.81','access',''),(108150,'2025-10-21 20:33:27','','sec_Login','Scriptcase','54.175.222.81','access',''),(108151,'2025-10-22 00:39:50','','sec_Login','Scriptcase','159.65.147.192','access',''),(108152,'2025-10-22 04:41:14','','sec_Login','Scriptcase','3.93.66.203','access',''),(108153,'2025-10-22 04:41:26','','sec_Login','Scriptcase','98.83.208.92','access',''),(108154,'2025-10-22 04:43:04','','sec_Login','Scriptcase','13.77.99.66','access',''),(108155,'2025-10-22 05:20:14','','sec_Login','Scriptcase','204.76.203.25','access',''),(108156,'2025-10-22 05:20:19','','sec_Login','Scriptcase','204.76.203.25','access',''),(108157,'2025-10-22 06:48:53','','sec_Login','Scriptcase','34.1.22.121','access',''),(108158,'2025-10-22 11:56:38','','sec_Login','Scriptcase','34.1.25.214','access',''),(108159,'2025-10-22 14:16:22','','sec_Login','Scriptcase','71.6.134.233','access',''),(108160,'2025-10-22 18:23:55','','sec_Login_mob','Scriptcase','44.251.101.62','access',''),(108161,'2025-10-22 18:29:00','','sec_Login_mob','Scriptcase','54.187.51.200','access',''),(108162,'2025-10-22 19:25:07','','sec_Login','Scriptcase','84.20.18.75','access',''),(108163,'2025-10-22 19:50:07','','sec_Login','Scriptcase','20.49.20.11','access',''),(108164,'2025-10-23 00:31:21','','sec_Login','Scriptcase','34.1.28.157','access',''),(108165,'2025-10-23 08:26:42','','sec_Login','Scriptcase','34.1.31.239','access',''),(108166,'2025-10-23 16:50:51','','sec_Login_mob','Scriptcase','20.10.180.11','access',''),(108167,'2025-10-23 17:25:01','','sec_Login','Scriptcase','54.149.127.55','access',''),(108168,'2025-10-23 17:43:29','','sec_Login','Scriptcase','35.87.200.157','access',''),(108169,'2025-10-24 06:28:25','','sec_Login','Scriptcase','34.1.25.168','access',''),(108170,'2025-10-24 06:40:19','','sec_Login','Scriptcase','34.1.28.15','access',''),(108171,'2025-10-24 06:49:12','','sec_Login','Scriptcase','34.1.21.133','access',''),(108172,'2025-10-24 07:04:50','','sec_Login','Scriptcase','34.1.31.201','access',''),(108173,'2025-10-24 08:07:33','','sec_Login','Scriptcase','34.1.17.151','access',''),(108174,'2025-10-24 08:28:04','','sec_Login','Scriptcase','34.1.16.181','access',''),(108175,'2025-10-24 08:36:13','','sec_Login','Scriptcase','34.1.31.5','access',''),(108176,'2025-10-24 09:10:50','','sec_Login','Scriptcase','34.1.19.38','access',''),(108177,'2025-10-24 09:14:03','','sec_Login','Scriptcase','34.1.30.232','access',''),(108178,'2025-10-24 09:20:33','','sec_Login','Scriptcase','34.1.17.167','access',''),(108179,'2025-10-24 10:55:29','','sec_Login','Scriptcase','34.1.27.232','access',''),(108180,'2025-10-24 13:14:03','','sec_Login','Scriptcase','87.236.176.229','access',''),(108181,'2025-10-24 13:15:53','','sec_Login','Scriptcase','34.1.29.0','access',''),(108182,'2025-10-24 15:48:02','','sec_Login','Scriptcase','145.220.91.19','access',''),(108183,'2025-10-24 16:04:15','','sec_Login','Scriptcase','34.1.22.25','access',''),(108184,'2025-10-24 16:31:09','','sec_Login_mob','Scriptcase','44.244.249.104','access',''),(108185,'2025-10-24 16:31:09','','sec_Login_mob','Scriptcase','44.249.85.64','access',''),(108186,'2025-10-24 17:00:48','','sec_Login','Scriptcase','34.1.17.175','access',''),(108187,'2025-10-24 17:05:32','','sec_Login','Scriptcase','34.1.21.228','access',''),(108188,'2025-10-24 17:16:05','','sec_Login','Scriptcase','34.1.28.48','access',''),(108189,'2025-10-24 18:55:08','','sec_Login','Scriptcase','34.1.22.82','access',''),(108190,'2025-10-24 20:08:02','','sec_Login','Scriptcase','34.1.22.76','access',''),(108191,'2025-10-24 22:39:31','','sec_Login','Scriptcase','204.76.203.25','access',''),(108192,'2025-10-24 22:39:33','','sec_Login','Scriptcase','204.76.203.25','access',''),(108193,'2025-10-25 01:09:06','','sec_Login','Scriptcase','34.1.22.53','access',''),(108194,'2025-10-25 11:49:53','','sec_Login','Scriptcase','190.182.172.154','access',''),(108195,'2025-10-25 11:49:57','','sec_Login','Scriptcase','190.182.172.154','access',''),(108196,'2025-10-25 11:50:14','','sec_Login','Scriptcase','190.182.172.154','access',''),(108197,'2025-10-25 11:50:18','admin','sec_logged','Scriptcase','190.182.172.154','access',''),(108198,'2025-10-25 11:50:21','admin','sec_menu','Scriptcase','190.182.172.154','access',''),(108199,'2025-10-25 14:20:14','','sec_Login','Scriptcase','205.210.31.18','access',''),(108200,'2025-10-25 15:32:22','','sec_Login','Scriptcase','44.249.61.165','access',''),(108201,'2025-10-25 15:45:38','','sec_Login','Scriptcase','35.88.142.30','access',''),(108202,'2025-10-25 19:57:46','','sec_Login','Scriptcase','34.1.16.181','access',''),(108203,'2025-10-25 19:58:26','','sec_Login','Scriptcase','34.1.20.151','access',''),(108204,'2025-10-25 20:24:55','','sec_Login','Scriptcase','34.1.29.133','access',''),(108205,'2025-10-25 21:34:25','','sec_Login','Scriptcase','34.1.24.99','access',''),(108206,'2025-10-25 23:57:30','','sec_Login','Scriptcase','34.1.21.227','access',''),(108207,'2025-10-26 00:55:14','','sec_Login','Scriptcase','34.1.24.247','access',''),(108208,'2025-10-26 01:37:07','','sec_Login','Scriptcase','34.1.27.17','access',''),(108209,'2025-10-26 03:06:49','','sec_Login','Scriptcase','34.1.17.190','access',''),(108210,'2025-10-26 14:34:04','','sec_Login_mob','Scriptcase','54.187.3.149','access',''),(108211,'2025-10-26 14:53:11','','sec_Login_mob','Scriptcase','54.244.103.17','access',''),(108212,'2025-10-26 16:48:35','','sec_Login','Scriptcase','194.164.107.6','access',''),(108213,'2025-10-26 18:01:21','','sec_Login','Scriptcase','172.200.226.194','access',''),(108214,'2025-10-27 05:49:10','','sec_Login','Scriptcase','3.222.165.167','access',''),(108215,'2025-10-27 05:49:10','','sec_Login','Scriptcase','3.222.165.167','access',''),(108216,'2025-10-27 05:49:10','','sec_Login','Scriptcase','3.222.165.167','access',''),(108217,'2025-10-27 05:49:10','','sec_Login','Scriptcase','3.222.165.167','access',''),(108218,'2025-10-27 06:41:11','','sec_Login','Scriptcase','45.148.10.165','access',''),(108219,'2025-10-27 11:53:48','','sec_Login','Scriptcase','190.182.172.154','access',''),(108220,'2025-10-27 11:53:53','admin','sec_logged','Scriptcase','190.182.172.154','access',''),(108221,'2025-10-27 11:53:56','admin','sec_menu','Scriptcase','190.182.172.154','access',''),(108222,'2025-10-27 19:26:15','','sec_Login','Scriptcase','172.176.156.55','access',''),(108223,'2025-10-28 01:40:51','','sec_Login','Scriptcase','172.176.156.55','access',''),(108224,'2025-10-28 07:59:10','','sec_Login','Scriptcase','172.176.156.55','access',''),(108225,'2025-10-28 14:09:54','','sec_Login','Scriptcase','172.176.156.55','access',''),(108226,'2025-10-28 21:12:13','','sec_Login','Scriptcase','66.132.153.139','access',''),(108227,'2025-10-29 09:11:04','','sec_Login','Scriptcase','45.77.65.199','access',''),(108228,'2025-10-29 15:59:01','','sec_Login','Scriptcase','20.222.39.25','access',''),(108229,'2025-10-29 17:34:17','','sec_Login','Scriptcase','34.91.212.219','access',''),(108230,'2025-10-29 22:12:05','','sec_Login','Scriptcase','45.77.65.199','access',''),(108231,'2025-10-29 23:13:29','','sec_Login_mob','Scriptcase','144.126.150.249','access',''),(108232,'2025-10-29 23:13:44','','sec_Login_mob','Scriptcase','144.126.150.249','access',''),(108233,'2025-10-29 23:13:45','','sec_Login_mob','Scriptcase','144.126.150.249','access',''),(108234,'2025-10-30 06:41:12','','sec_Login','Scriptcase','78.29.53.57','access',''),(108235,'2025-10-31 05:24:07','','sec_Login','Scriptcase','54.201.129.88','access',''),(108236,'2025-10-31 09:58:31','','sec_Login','Scriptcase','98.88.23.225','access',''),(108237,'2025-10-31 18:53:40','','sec_Login','Scriptcase','3.237.85.107','access',''),(108238,'2025-10-31 22:15:00','','sec_Login_mob','Scriptcase','34.182.58.200','access',''),(108239,'2025-11-01 04:22:32','','sec_Login','Scriptcase','45.148.10.165','access',''),(108240,'2025-11-01 09:00:55','','sec_Login','Scriptcase','176.65.148.212','access',''),(108241,'2025-11-01 09:00:57','','sec_Login','Scriptcase','176.65.148.212','access',''),(108242,'2025-11-01 10:57:41','','sec_Login','Scriptcase','74.7.227.182','access',''),(108243,'2025-11-01 23:23:11','','sec_Login_mob','Scriptcase','34.220.154.176','access',''),(108244,'2025-11-01 23:42:22','','sec_Login_mob','Scriptcase','34.219.29.120','access',''),(108245,'2025-11-02 02:41:26','','sec_Login','Scriptcase','37.46.196.22','access',''),(108246,'2025-11-02 12:17:08','','sec_Login','Scriptcase','205.210.31.166','access',''),(108247,'2025-11-02 12:20:10','','sec_Login','Scriptcase','18.207.110.98','access',''),(108248,'2025-11-02 12:20:11','','sec_Login','Scriptcase','18.207.110.98','access',''),(108249,'2025-11-02 20:39:55','','sec_Login_mob','Scriptcase','34.169.144.49','access',''),(108250,'2025-11-02 21:41:25','','sec_Login','Scriptcase','34.226.246.115','access',''),(108251,'2025-11-02 21:41:26','','sec_Login','Scriptcase','34.226.246.115','access',''),(108252,'2025-11-03 07:04:16','','sec_Login','Scriptcase','54.205.94.64','access',''),(108253,'2025-11-03 08:26:04','','sec_Login','Scriptcase','15.152.72.94','access',''),(108254,'2025-11-03 11:18:18','','sec_Login','Scriptcase','45.148.10.165','access',''),(108255,'2025-11-03 13:56:52','','sec_Login','Scriptcase','74.7.227.182','access',''),(108256,'2025-11-03 16:40:42','','sec_Login','Scriptcase','34.106.47.144','access',''),(108257,'2025-11-03 21:03:35','','sec_Login','Scriptcase','104.218.55.248','access',''),(108258,'2025-11-03 23:20:01','','sec_Login','Scriptcase','3.255.122.168','access',''),(108259,'2025-11-03 23:28:29','','sec_Login','Scriptcase','208.115.211.25','access',''),(108260,'2025-11-04 13:23:14','','sec_Login','Scriptcase','18.156.122.101','access',''),(108261,'2025-11-04 16:35:29','','sec_Login_mob','Scriptcase','34.106.10.183','access',''),(108262,'2025-11-05 09:13:59','','sec_Login','Scriptcase','71.6.134.232','access',''),(108263,'2025-11-05 10:08:35','','sec_Login','Scriptcase','188.166.120.10','access',''),(108264,'2025-11-05 14:45:47','','sec_Login_mob','Scriptcase','34.106.131.241','access',''),(108265,'2025-11-05 18:12:35','','sec_Login','Scriptcase','190.182.172.154','access',''),(108266,'2025-11-05 18:12:40','','sec_Login','Scriptcase','190.182.172.154','access',''),(108267,'2025-11-05 18:12:46','admin','sec_logged','Scriptcase','190.182.172.154','access',''),(108268,'2025-11-05 18:13:42','admin','sec_menu','Scriptcase','190.182.172.154','access',''),(108269,'2025-11-05 18:45:28','','sec_Login','Scriptcase','190.182.172.154','access',''),(108270,'2025-11-05 18:45:31','admin','sec_logged','Scriptcase','190.182.172.154','access',''),(108271,'2025-11-05 18:45:35','admin','sec_menu','Scriptcase','190.182.172.154','access',''),(108272,'2025-11-05 18:56:29','','sec_Login','Scriptcase','74.7.227.182','access',''),(108273,'2025-11-06 10:58:34','','sec_Login','Scriptcase','190.182.172.154','access',''),(108274,'2025-11-06 10:59:34','admin','sec_logged','Scriptcase','190.182.172.154','access',''),(108275,'2025-11-06 11:00:00','admin','sec_menu','Scriptcase','190.182.172.154','access',''),(108276,'2025-11-06 18:22:23','','sec_Login','Scriptcase','34.106.154.219','access',''),(108277,'2025-11-07 14:38:57','','sec_Login_mob','Scriptcase','34.106.37.130','access',''),(108278,'2025-11-08 07:42:55','','sec_Login_mob','Scriptcase','18.236.240.46','access',''),(108279,'2025-11-08 08:02:17','','sec_Login_mob','Scriptcase','18.236.186.68','access',''),(108280,'2025-11-09 01:03:00','','sec_Login','Scriptcase','74.7.227.57','access',''),(108281,'2025-11-09 01:03:31','','sec_Login','Scriptcase','27.115.124.49','access',''),(108282,'2025-11-09 13:42:05','','sec_Login','Scriptcase','71.6.134.234','access',''),(108283,'2025-11-09 17:16:54','','sec_Login_mob','Scriptcase','104.196.190.126','access',''),(108284,'2025-11-10 11:07:43','','sec_Login','Scriptcase','190.182.172.154','access',''),(108285,'2025-11-10 11:07:44','','sec_Login','Scriptcase','190.182.172.154','access',''),(108286,'2025-11-10 11:07:48','admin','sec_logged','Scriptcase','190.182.172.154','access',''),(108287,'2025-11-10 11:07:51','admin','sec_menu','Scriptcase','190.182.172.154','access',''),(108288,'2025-11-10 12:00:01','','sec_Login','Scriptcase','190.182.172.154','access',''),(108289,'2025-11-10 12:00:04','admin','sec_logged','Scriptcase','190.182.172.154','access',''),(108290,'2025-11-10 12:00:07','admin','sec_menu','Scriptcase','190.182.172.154','access',''),(108291,'2025-11-10 14:47:42','','sec_Login','Scriptcase','34.106.78.64','access',''),(108292,'2025-11-10 19:11:26','','sec_Login','Scriptcase','190.182.172.154','access',''),(108293,'2025-11-10 19:11:32','admin','sec_logged','Scriptcase','190.182.172.154','access',''),(108294,'2025-11-10 19:11:36','admin','sec_menu','Scriptcase','190.182.172.154','access',''),(108295,'2025-11-10 20:31:23','','sec_Login_mob','Scriptcase','192.36.119.194','access',''),(108296,'2025-11-11 03:47:50','','sec_Login','Scriptcase','101.91.110.133','access',''),(108297,'2025-11-11 06:01:30','','sec_Login','Scriptcase','206.189.93.37','access',''),(108298,'2025-11-11 06:01:31','','sec_Login','Scriptcase','206.189.93.37','access',''),(108299,'2025-11-11 06:01:32','','sec_Login','Scriptcase','206.189.93.37','access',''),(108300,'2025-11-11 06:01:33','','sec_Login','Scriptcase','206.189.93.37','access',''),(108301,'2025-11-11 13:35:14','','sec_Login','Scriptcase','34.106.170.167','access',''),(108302,'2025-11-12 10:47:56','','sec_Login','Scriptcase','45.82.78.109','access',''),(108303,'2025-11-12 11:03:47','','sec_Login','Scriptcase','74.7.227.53','access',''),(108304,'2025-11-12 11:29:27','','sec_Login','Scriptcase','190.182.172.154','access',''),(108305,'2025-11-12 11:30:05','admin','sec_logged','Scriptcase','190.182.172.154','access',''),(108306,'2025-11-12 11:30:09','admin','sec_menu','Scriptcase','190.182.172.154','access',''),(108307,'2025-11-12 13:47:00','','sec_Login','Scriptcase','56.155.78.112','access',''),(108308,'2025-11-12 16:21:02','','sec_Login','Scriptcase','34.106.139.155','access',''),(108309,'2025-11-12 17:49:33','','sec_Login','Scriptcase','190.182.172.154','access',''),(108310,'2025-11-12 17:49:36','admin','sec_logged','Scriptcase','190.182.172.154','access',''),(108311,'2025-11-12 17:49:39','admin','sec_menu','Scriptcase','190.182.172.154','access',''),(108312,'2025-11-12 18:08:40','','sec_Login','Scriptcase','44.193.254.10','access',''),(108313,'2025-11-12 19:52:00','','sec_Login','Scriptcase','44.233.153.92','access',''),(108314,'2025-11-13 06:47:59','','sec_Login','Scriptcase','54.224.224.45','access',''),(108315,'2025-11-13 06:48:42','','sec_Login','Scriptcase','54.88.234.117','access',''),(108316,'2025-11-13 13:07:02','','sec_Login','Scriptcase','34.106.65.103','access',''),(108317,'2025-11-14 08:45:47','','sec_Login','Scriptcase','87.236.176.121','access',''),(108318,'2025-11-14 15:56:38','','sec_Login_mob','Scriptcase','34.219.5.157','access',''),(108319,'2025-11-14 16:49:16','','sec_Login_mob','Scriptcase','34.106.237.246','access',''),(108320,'2025-11-14 16:56:15','','sec_Login_mob','Scriptcase','44.252.81.177','access',''),(108321,'2025-11-14 19:28:42','','sec_Login','Scriptcase','44.193.254.10','access',''),(108322,'2025-11-14 19:31:38','','sec_Login','Scriptcase','16.52.134.127','access',''),(108323,'2025-11-14 22:06:00','','sec_Login','Scriptcase','167.94.146.62','access',''),(108324,'2025-11-15 05:31:33','','sec_Login','Scriptcase','103.218.242.167','access',''),(108325,'2025-11-15 05:31:33','','sec_Login','Scriptcase','101.36.118.228','access',''),(108326,'2025-11-15 16:53:12','','sec_Login','Scriptcase','45.148.10.249','access',''),(108327,'2025-11-15 16:53:18','','sec_Login','Scriptcase','45.148.10.249','access',''),(108328,'2025-11-16 13:02:45','','sec_Login','Scriptcase','71.6.134.230','access',''),(108329,'2025-11-16 15:33:19','','sec_Login','Scriptcase','34.123.92.103','access',''),(108330,'2025-11-16 18:01:04','','sec_Login','Scriptcase','45.82.78.112','access',''),(108331,'2025-11-17 16:26:01','','sec_Login','Scriptcase','34.106.36.6','access',''),(108332,'2025-11-18 09:40:59','','sec_Login','Scriptcase','74.7.227.202','access',''),(108333,'2025-11-18 11:23:12','','sec_Login','Scriptcase','190.182.172.154','access',''),(108334,'2025-11-18 11:23:31','admin','sec_logged','Scriptcase','190.182.172.154','access',''),(108335,'2025-11-18 11:23:34','admin','sec_menu','Scriptcase','190.182.172.154','access',''),(108336,'2025-11-18 11:55:04','','sec_Login','Scriptcase','190.182.172.154','access',''),(108337,'2025-11-18 11:55:09','admin','sec_logged','Scriptcase','190.182.172.154','access',''),(108338,'2025-11-18 11:55:13','admin','sec_menu','Scriptcase','190.182.172.154','access',''),(108339,'2025-11-18 17:37:59','','sec_Login','Scriptcase','204.76.203.25','access',''),(108340,'2025-11-18 17:38:01','','sec_Login','Scriptcase','204.76.203.25','access',''),(108341,'2025-11-18 19:14:48','','sec_Login_mob','Scriptcase','34.106.245.236','access',''),(108342,'2025-11-18 20:26:17','','sec_Login','Scriptcase','45.148.10.165','access',''),(108343,'2025-11-18 22:46:32','','sec_Login','Scriptcase','146.19.24.116','access',''),(108344,'2025-11-19 07:45:55','','sec_Login','Scriptcase','167.172.191.26','access',''),(108345,'2025-11-19 13:24:47','','sec_Login','Scriptcase','35.170.13.97','access',''),(108346,'2025-11-19 17:14:00','','sec_Login','Scriptcase','71.6.134.231','access',''),(108347,'2025-11-19 19:13:53','','sec_Login_mob','Scriptcase','34.106.138.109','access',''),(108348,'2025-11-20 07:30:48','','sec_Login','Scriptcase','18.235.110.182','access',''),(108349,'2025-11-20 10:11:30','','sec_Login','Scriptcase','146.19.24.116','access',''),(108350,'2025-11-21 00:04:49','','sec_Login','Scriptcase','35.164.106.93','access',''),(108351,'2025-11-21 00:30:33','','sec_Login','Scriptcase','34.212.158.191','access',''),(108352,'2025-11-21 08:00:16','','sec_Login','Scriptcase','146.19.24.116','access',''),(108353,'2025-11-21 23:40:46','','sec_Login','Scriptcase','146.19.24.116','access',''),(108354,'2025-11-22 00:46:37','','sec_Login','Scriptcase','138.197.171.123','access',''),(108355,'2025-11-22 00:46:38','','sec_Login','Scriptcase','138.197.171.123','access',''),(108356,'2025-11-22 01:22:37','','sec_Login','Scriptcase','146.19.24.116','access',''),(108357,'2025-11-22 16:34:24','','sec_Login','Scriptcase','74.7.242.48','access',''),(108358,'2025-11-22 19:47:37','','sec_Login','Scriptcase','146.19.24.116','access',''),(108359,'2025-11-23 07:42:21','','sec_Login','Scriptcase','198.235.24.178','access',''),(108360,'2025-11-24 08:38:06','','sec_Login','Scriptcase','146.19.24.116','access',''),(108361,'2025-11-24 20:30:26','','sec_Login','Scriptcase','146.19.24.116','access',''),(108362,'2025-11-24 23:53:49','','sec_Login','Scriptcase','18.224.192.118','access',''),(108363,'2025-11-25 00:50:39','','sec_Login','Scriptcase','74.7.242.48','access',''),(108364,'2025-11-25 03:30:14','','sec_Login','Scriptcase','146.190.152.252','access',''),(108365,'2025-11-25 09:39:06','','sec_Login','Scriptcase','193.26.115.165','access',''),(108366,'2025-11-25 14:58:43','','sec_Login','Scriptcase','101.198.0.135','access',''),(108367,'2025-11-25 15:08:17','','sec_Login','Scriptcase','101.198.0.152','access',''),(108368,'2025-11-25 16:08:40','','sec_Login','Scriptcase','35.192.18.22','access',''),(108369,'2025-11-27 01:45:29','','sec_Login','Scriptcase','74.7.242.48','access',''),(108370,'2025-11-27 03:59:24','','sec_Login','Scriptcase','34.240.160.41','access',''),(108371,'2025-11-27 08:33:15','','sec_Login','Scriptcase','16.146.7.80','access',''),(108372,'2025-11-27 08:59:41','','sec_Login','Scriptcase','54.214.93.122','access',''),(108373,'2025-11-27 17:02:08','','sec_Login','Scriptcase','34.106.247.85','access',''),(108374,'2025-11-28 04:51:56','','sec_Login','Scriptcase','3.92.245.202','access',''),(108375,'2025-11-28 04:51:56','','sec_Login','Scriptcase','3.92.245.202','access',''),(108376,'2025-11-28 04:51:58','','sec_Login','Scriptcase','3.92.245.202','access',''),(108377,'2025-11-28 04:52:49','','sec_Login','Scriptcase','3.92.245.202','access',''),(108378,'2025-11-28 04:52:49','','sec_Login','Scriptcase','3.92.245.202','access',''),(108379,'2025-11-28 10:35:23','','sec_Login','Scriptcase','45.82.78.109','access',''),(108380,'2025-11-28 13:48:28','','sec_Login','Scriptcase','3.238.244.46','access',''),(108381,'2025-11-28 13:49:10','','sec_Login','Scriptcase','3.235.226.36','access',''),(108382,'2025-11-28 16:16:32','','sec_Login','Scriptcase','34.106.81.78','access',''),(108383,'2025-11-28 22:22:40','','sec_Login','Scriptcase','198.235.24.132','access',''),(108384,'2025-11-29 02:25:35','','sec_Login','Scriptcase','74.7.242.48','access',''),(108385,'2025-11-29 18:47:12','','sec_Login','Scriptcase','188.166.241.26','access',''),(108386,'2025-11-30 15:13:33','','sec_Login','Scriptcase','101.198.0.141','access',''),(108387,'2025-11-30 16:51:33','','sec_Login','Scriptcase','34.106.20.99','access',''),(108388,'2025-11-30 17:15:44','','sec_Login','Scriptcase','195.123.244.84','access',''),(108389,'2025-11-30 17:15:46','','sec_Login','Scriptcase','195.123.244.84','access',''),(108390,'2025-11-30 17:18:56','','sec_Login','Scriptcase','43.156.91.105','access',''),(108391,'2025-11-30 17:49:07','','sec_Login','Scriptcase','91.196.152.43','access',''),(108392,'2025-12-01 03:57:14','','sec_Login','Scriptcase','195.178.110.201','access',''),(108393,'2025-12-01 07:58:48','','sec_Login','Scriptcase','34.122.17.140','access',''),(108394,'2025-12-01 09:58:22','','sec_Login','Scriptcase','34.91.130.177','access',''),(108395,'2025-12-01 12:36:38','','sec_Login','Scriptcase','34.83.32.103','access',''),(108396,'2025-12-01 14:14:21','','sec_Login','Scriptcase','34.106.49.49','access',''),(108397,'2025-12-01 15:20:58','','sec_Login','Scriptcase','13.217.204.224','access',''),(108398,'2025-12-02 00:25:14','','sec_Login','Scriptcase','74.7.242.48','access',''),(108399,'2025-12-02 02:47:15','','sec_Login','Scriptcase','204.76.203.25','access',''),(108400,'2025-12-02 02:47:17','','sec_Login','Scriptcase','204.76.203.25','access',''),(108401,'2025-12-02 02:59:14','','sec_Login','Scriptcase','71.6.134.234','access',''),(108402,'2025-12-02 09:46:04','','sec_Login','Scriptcase','206.189.154.240','access',''),(108403,'2025-12-02 16:22:49','','sec_Login','Scriptcase','159.65.184.208','access',''),(108404,'2025-12-02 18:10:54','','sec_Login','Scriptcase','34.106.190.0','access',''),(108405,'2025-12-03 05:13:47','','sec_Login','Scriptcase','137.184.124.154','access',''),(108406,'2025-12-03 13:58:02','','sec_Login_mob','Scriptcase','34.106.66.228','access',''),(108407,'2025-12-03 16:49:26','','sec_Login','Scriptcase','35.90.163.144','access',''),(108408,'2025-12-03 17:08:49','','sec_Login','Scriptcase','34.208.224.12','access',''),(108409,'2025-12-04 08:06:15','','sec_Login','Scriptcase','185.247.137.34','access',''),(108410,'2025-12-04 16:38:50','','sec_Login','Scriptcase','188.166.44.72','access',''),(108411,'2025-12-04 18:07:44','','sec_Login_mob','Scriptcase','34.106.63.244','access',''),(108412,'2025-12-04 19:49:56','','sec_Login','Scriptcase','74.7.227.182','access',''),(108413,'2025-12-04 22:41:50','','sec_Login','Scriptcase','176.126.103.21','access',''),(108414,'2025-12-05 05:27:37','','sec_Login','Scriptcase','45.86.202.193','access',''),(108415,'2025-12-05 16:49:41','','sec_Login_mob','Scriptcase','34.106.252.34','access',''),(108416,'2025-12-05 20:06:08','','sec_Login','Scriptcase','3.252.159.160','access',''),(108417,'2025-12-05 23:17:26','','sec_Login','Scriptcase','34.247.177.202','access',''),(108418,'2025-12-06 03:42:30','','sec_Login','Scriptcase','45.82.78.109','access',''),(108419,'2025-12-06 18:11:56','','sec_Login','Scriptcase','159.223.88.43','access',''),(108420,'2025-12-07 05:12:12','','sec_Login','Scriptcase','216.73.216.142','access',''),(108421,'2025-12-07 05:32:32','','sec_Login','Scriptcase','74.7.243.231','access',''),(108422,'2025-12-07 13:58:19','','sec_Login_mob','Scriptcase','34.106.254.133','access',''),(108423,'2025-12-08 02:30:42','','sec_Login','Scriptcase','35.204.69.78','access',''),(108424,'2025-12-08 11:08:27','','sec_Login','Scriptcase','194.164.107.4','access',''),(108425,'2025-12-08 13:09:12','','sec_Login','Scriptcase','165.22.111.222','access',''),(108426,'2025-12-08 18:33:40','','sec_Login','Scriptcase','34.106.69.66','access',''),(108427,'2025-12-08 22:16:17','','sec_Login','Scriptcase','45.148.10.63','access',''),(108428,'2025-12-08 22:16:34','','sec_Login','Scriptcase','45.148.10.63','access',''),(108429,'2025-12-09 01:02:25','','sec_Login','Scriptcase','157.245.203.186','access',''),(108430,'2025-12-09 01:10:01','','sec_Login','Scriptcase','198.235.24.169','access',''),(108431,'2025-12-09 09:25:40','','sec_Login','Scriptcase','190.182.172.154','access',''),(108432,'2025-12-09 09:25:51','admin','sec_logged','Scriptcase','190.182.172.154','access',''),(108433,'2025-12-09 09:26:16','admin','sec_menu','Scriptcase','190.182.172.154','access',''),(108434,'2025-12-09 09:33:24','','sec_Login','Scriptcase','190.182.172.154','access',''),(108435,'2025-12-09 09:33:28','admin','sec_logged','Scriptcase','190.182.172.154','access',''),(108436,'2025-12-09 09:33:31','admin','sec_menu','Scriptcase','190.182.172.154','access',''),(108437,'2025-12-09 09:40:43','','sec_Login','Scriptcase','190.182.172.154','access',''),(108438,'2025-12-09 09:40:46','admin','sec_logged','Scriptcase','190.182.172.154','access',''),(108439,'2025-12-09 09:40:49','admin','sec_menu','Scriptcase','190.182.172.154','access',''),(108440,'2025-12-09 13:05:15','','sec_Login','Scriptcase','34.11.111.144','access',''),(108441,'2025-12-09 17:09:43','','sec_Login_mob','Scriptcase','34.106.94.53','access',''),(108442,'2025-12-09 17:32:19','','sec_Login','Scriptcase','190.182.172.154','access',''),(108443,'2025-12-09 17:32:24','admin','sec_logged','Scriptcase','190.182.172.154','access',''),(108444,'2025-12-09 17:32:30','admin','sec_menu','Scriptcase','190.182.172.154','access',''),(108445,'2025-12-10 00:52:41','','sec_Login_mob','Scriptcase','16.145.94.216','access',''),(108446,'2025-12-10 00:52:57','','sec_Login_mob','Scriptcase','52.42.73.95','access',''),(108447,'2025-12-10 11:15:09','','sec_Login','Scriptcase','34.68.43.69','access',''),(108448,'2025-12-10 14:16:09','','sec_Login','Scriptcase','34.11.120.175','access',''),(108449,'2025-12-10 16:39:14','','sec_Login','Scriptcase','24.199.105.7','access',''),(108450,'2025-12-10 17:45:08','','sec_Login_mob','Scriptcase','34.106.21.145','access',''),(108451,'2025-12-10 19:16:27','','sec_Login','Scriptcase','45.82.78.110','access',''),(108452,'2025-12-10 22:13:42','','sec_Login','Scriptcase','34.221.21.250','access',''),(108453,'2025-12-10 23:39:37','','sec_Login','Scriptcase','74.7.243.128','access',''),(108454,'2025-12-11 03:46:03','','sec_Login','Scriptcase','91.92.243.250','access',''),(108455,'2025-12-11 18:17:32','','sec_Login','Scriptcase','34.106.62.159','access','');

--
-- Table structure for table `sec_apps`
--

CREATE TABLE `sec_apps` (
  `app_name` varchar(128) NOT NULL,
  `app_type` varchar(255) DEFAULT NULL,
  `description` varchar(255) DEFAULT NULL,
  PRIMARY KEY (`app_name`)
) ENGINE=InnoDB DEFAULT CHARSET=utf8mb3;

--
-- Dumping data for table `sec_apps`
--

INSERT INTO `sec_apps` VALUES ('.well-known','',NULL),('AjustePrecioMarca','contr',''),('AjustePrecioTalle','contr',''),('alta_pagos','contr',''),('app_change_pswd','contr','Security Application'),('app_form_add_users','form','Security Application'),('app_form_edit_users','form','Security Application'),('app_form_sec_apps','form','Security Application'),('app_form_sec_users_apps','form','Security Application'),('app_grid_sec_apps','cons','Security Application'),('app_grid_sec_users','cons','Security Application'),('app_grid_sec_users_apps','cons','Security Application'),('app_logged','contr','Security Application'),('app_logged_users','cons','Security Application'),('app_Login','contr','Security Application'),('app_menu','menu','Security Application'),('app_menu_old','menu','Menu'),('app_retrieve_pswd','contr','Security Application'),('app_search_sec_users','contr','Security Application'),('app_sync_apps','contr','Security Application'),('cgi-bin','',NULL),('colchones_20170917122120.zip','',NULL),('colchones_20180728171928.zip','',NULL),('colchones_20180728202624.zip','',NULL),('colchones_20180728203934.zip','',NULL),('colchones_20180728204738.zip','',NULL),('colchones_20180812201554.zip','',NULL),('colchones_20180812202220.zip','',NULL),('colchones_20180813105632.zip','',NULL),('colchones_20180813113301.zip','',NULL),('colchones_20180813114515.zip','',NULL),('colchones_20180813122253.zip','',NULL),('colchones_20180813140723.zip','',NULL),('colchones_20180813141123.zip','',NULL),('colchones_20180816105316.zip','',NULL),('colchones_20180816134526.zip','',NULL),('colchones_20180816141439.zip','',NULL),('colchones_20180827095227.zip','',NULL),('compras_alicuota','blank',NULL),('compras_cbte','blank',NULL),('control_2','contr',NULL),('Control_cta_cte','contr',''),('control_libro_iva','contr',NULL),('control_reg_info','contr',NULL),('control_talles','contr',''),('cont_ajuste_caja','contr',''),('cont_arqueo_caja','contr',''),('cont_dif_caja','contr',''),('c_pago_ctacte','contr',''),('c_ventas','contr',''),('det_recepcion','contr',''),('FECAESolicitar','blank',NULL),('FG_Tarjeta_creditos','form',''),('form_anulacion','form',NULL),('form_articulos','form','Articulo desde Menu '),('form_art_talles','form',''),('form_billetes','form',''),('form_cab_documentos','form',''),('form_cab_doc_stkinicial','form',NULL),('form_cab_dpto','form',''),('form_cab_localidades','form',''),('form_cab_stock_ini','',NULL),('form_cab_ventas','form',''),('form_cab_ventas_old','form',''),('form_cajas','form',''),('form_caja_billetes','form',''),('form_cheques','form',''),('form_chq_manual','form',''),('form_clientes','form',''),('form_clientes_credito','form',''),('form_colores','form',''),('form_comercios','form',''),('form_compras','form',NULL),('form_comprobantes_asociados','form',NULL),('form_cuotas_clientes','form',''),('form_dencidades','form',NULL),('form_dencidades_inline','form',NULL),('form_departamento','form',''),('form_deposito','form',NULL),('form_depositos','form',''),('form_deposito_inline','form',NULL),('form_deposito_old','',NULL),('form_deposito_old_inline','',NULL),('form_det_articulos','form',NULL),('form_det_articulos_1','',NULL),('form_det_cajas','form',''),('form_det_cta_cte','form',''),('form_det_devolucion','',NULL),('form_det_documentos','form',NULL),('form_det_documentos_1','',NULL),('form_det_documentos_inline','form',NULL),('form_det_documentos_old','form',''),('form_det_documentos_old_inline','',NULL),('form_det_factura','form',NULL),('form_det_pedido','form',NULL),('form_det_remito','form',NULL),('form_det_stock_inicio','',NULL),('form_devolucion','',NULL),('form_estado_stock','form',''),('form_factura','form',NULL),('form_facturas','form',NULL),('form_factura_detalle','form',NULL),('form_grupos_talles','form',''),('form_grupos_talles_inline','form',NULL),('form_localidades','form',''),('form_marcas','form',''),('form_materiales','form',''),('form_modalidad_pagos','form',''),('form_modelos','',NULL),('form_modelos_inline','form',NULL),('form_paises','form',''),('form_pedido','form',NULL),('form_proveedores','form',NULL),('form_provincias','form',''),('form_puntos_ventas','form',NULL),('form_remito','form',NULL),('form_rubros','form',''),('form_stock_inicio','',NULL),('form_sucursales','form',''),('form_sucursales_inline','form',NULL),('form_talles','form',''),('form_tarjcred_manual','form',''),('form_tarjeta_credito','form',''),('form_tipos','form',NULL),('form_tipos_doc','form',''),('form_tipos_doc_mov','form',''),('form_tipos_inline','form',NULL),('form_tipos_lista_precios','form',NULL),('form_tipos_lista_precios_inline','form',NULL),('form_total_billete','form',''),('form_v_padron_cta_cte','form',''),('form_v_padron_cta_cte_1','form',''),('form_v_ventas','form',''),('from_det_stock_ini','form',NULL),('grid_articulos','cons',NULL),('grid_cab_devoluciones','',NULL),('grid_cab_documentos','cons',NULL),('grid_cab_facturas','cons',NULL),('grid_cab_pedidos','cons',NULL),('grid_cab_remitos','cons',NULL),('grid_cab_ventas','cons',''),('grid_cajas','cons',''),('grid_clientes','cons',''),('grid_compras','cons',NULL),('grid_depositos','cons',''),('grid_det_cajas','cons',''),('grid_det_cta_cte','cons',''),('grid_det_recep','form',''),('grid_det_ventas','cons',''),('grid_facturas','cons',NULL),('grid_proveedores','cons',NULL),('grid_stock','cons',NULL),('grid_sucursales','cons',''),('grid_varticulos','cons',''),('grid_v_articulos','cons',NULL),('grid_v_cajas','cons',''),('grid_v_movim','cons',''),('grid_v_stock','cons',''),('grid_v_ventas','cons',''),('grig_cab_stock_ini','',NULL),('habitat','',NULL),('menu_old','menu','Menu'),('openclose_box','contr',''),('pdfreport_facturas','reportpdf',NULL),('pdfreport_libro_compras','reportpdf',NULL),('pdfreport_libro_ventas','reportpdf',NULL),('report_cta_cte','reportpdf',''),('sec_change_pswd','contr','Security Application'),('sec_form_add_users','form','Security Application'),('sec_form_edit_users','form','Security Application'),('sec_form_sec_apps','form','Security Application'),('sec_form_sec_users_apps','form','Security Application'),('sec_grid_sec_apps','cons','Security Application'),('sec_grid_sec_users','cons','Security Application'),('sec_grid_sec_users_apps','cons','Security Application'),('sec_logged','contr','Security Application'),('sec_logged_users','cons','Security Application'),('sec_Login','contr','Security Application'),('sec_menu','menu','Security Application'),('sec_retrieve_pswd','contr','Security Application'),('sec_search_sec_users','contr','Security Application'),('sec_sync_apps','contr','Security Application'),('ventas_cbte','blank',NULL),('venta_alicuota','blank',NULL);

--
-- Table structure for table `sec_logged`
--

CREATE TABLE `sec_logged` (
  `login` varchar(255) NOT NULL,
  `date_login` varchar(128) DEFAULT NULL,
  `sc_session` varchar(32) DEFAULT NULL,
  `ip` varchar(32) DEFAULT NULL
) ENGINE=InnoDB DEFAULT CHARSET=utf8mb3;

--
-- Dumping data for table `sec_logged`
--

INSERT INTO `sec_logged` VALUES ('ADMINB','1501768296.9446','_SC_FAIL_SC_','127.0.0.1'),('ADMINBadmin','1501768306.9042','_SC_FAIL_SC_','127.0.0.1'),('adm','1541193041.7566','_SC_FAIL_SC_','127.0.0.1'),('admim','1588089130.38','_SC_FAIL_SC_','179.62.244.37'),('admim','1588089137.8','_SC_FAIL_SC_','179.62.244.37'),('admim','1588089145.51','_SC_FAIL_SC_','179.62.244.37'),('Luli','1591641341.68','7dnfejv22915q674r9mhbpicg1','179.62.248.236'),('luli','1592858913.92','_SC_FAIL_SC_','179.62.241.131'),('adnin','1599342023.3852','_SC_FAIL_SC_','179.62.251.169'),('adnin','1599342032.2954','_SC_FAIL_SC_','179.62.251.169'),('adnin','1599342040.2631','_SC_FAIL_SC_','179.62.251.169'),('amin','1623771367.2553','_SC_FAIL_SC_','190.175.142.177'),('amin','1630066018.8317','_SC_FAIL_SC_','190.175.140.96'),('asmin','1681425378.9337','_SC_FAIL_SC_','179.62.115.88'),('adminn','1697034029.904','_SC_FAIL_SC_','179.62.115.88'),('adminn','1697034043.1412','_SC_FAIL_SC_','179.62.115.88'),('ruby78@goldenmarine.net','1717880145.707','_SC_FAIL_SC_','161.35.246.138'),('arvid_jakubowski8','1717880147.8771','_SC_FAIL_SC_','161.35.246.138'),('arvid_jakubowski8','1717880149.9555','_SC_FAIL_SC_','161.35.246.138'),('ruby78@goldenmarine.net','1717880152.1795','_SC_FAIL_SC_','161.35.246.138'),('moses_jacobi75@goldenmarine.net','1717880227.1813','_SC_FAIL_SC_','146.190.13.187'),('salvador.jacobson43','1717880229.4529','_SC_FAIL_SC_','146.190.13.187'),('salvador.jacobson43','1717880231.7438','_SC_FAIL_SC_','146.190.13.187'),('moses_jacobi75@goldenmarine.net','1717880234.2975','_SC_FAIL_SC_','146.190.13.187'),('admin','1765312349.7893','vk2n5dvjghcsr9l9j1ks3qgsk2','190.182.172.154');

--
-- Table structure for table `sec_users_apps`
--

CREATE TABLE `sec_users_apps` (
  `login` varchar(255) NOT NULL,
  `app_name` varchar(128) NOT NULL,
  `priv_access` varchar(1) DEFAULT NULL,
  `priv_insert` varchar(1) DEFAULT NULL,
  `priv_delete` varchar(1) DEFAULT NULL,
  `priv_update` varchar(1) DEFAULT NULL,
  `priv_export` varchar(1) DEFAULT NULL,
  `priv_print` varchar(1) DEFAULT NULL,
  PRIMARY KEY (`login`,`app_name`),
  KEY `sec_users_apps_ibfk_2` (`app_name`),
  CONSTRAINT `sec_users_apps_ibfk_1` FOREIGN KEY (`login`) REFERENCES `sec_users` (`login`) ON DELETE CASCADE,
  CONSTRAINT `sec_users_apps_ibfk_2` FOREIGN KEY (`app_name`) REFERENCES `sec_apps` (`app_name`) ON DELETE CASCADE
) ENGINE=InnoDB DEFAULT CHARSET=utf8mb3;

--
-- Dumping data for table `sec_users_apps`
--

INSERT INTO `sec_users_apps` VALUES ('admin','.well-known',NULL,NULL,NULL,NULL,NULL,NULL),('admin','AjustePrecioMarca','Y','N','N','N','N','N'),('admin','AjustePrecioTalle','Y','N','N','N','N','N'),('admin','alta_pagos','Y','N','N','N','N','N'),('admin','app_change_pswd','Y','N','N','N','N','N'),('admin','app_form_add_users','Y','Y','N','Y','Y','Y'),('admin','app_form_edit_users','Y','Y','N','Y','Y','Y'),('admin','app_form_sec_apps','Y','Y','N','Y','Y','Y'),('admin','app_form_sec_users_apps','Y','Y','N','Y','Y','Y'),('admin','app_grid_sec_apps','Y','N','N','N','Y','Y'),('admin','app_grid_sec_users','Y','N','N','N','Y','Y'),('admin','app_grid_sec_users_apps','Y','N','N','N','Y','Y'),('admin','app_logged','Y','N','N','N','N','N'),('admin','app_logged_users','Y','N','N','N','Y','Y'),('admin','app_Login','Y','Y','N','Y','Y','Y'),('admin','app_menu','Y','N','N','N','N','N'),('admin','app_menu_old','Y','N','N','N','N','N'),('admin','app_retrieve_pswd','Y','Y','N','Y','N','N'),('admin','app_search_sec_users','Y','N','N','N','N','N'),('admin','app_sync_apps','Y','N','N','N','N','N'),('admin','cgi-bin',NULL,NULL,NULL,NULL,NULL,NULL),('admin','colchones_20170917122120.zip',NULL,NULL,NULL,NULL,NULL,NULL),('admin','colchones_20180728171928.zip',NULL,NULL,NULL,NULL,NULL,NULL),('admin','colchones_20180728202624.zip',NULL,NULL,NULL,NULL,NULL,NULL),('admin','colchones_20180728203934.zip',NULL,NULL,NULL,NULL,NULL,NULL),('admin','colchones_20180728204738.zip',NULL,NULL,NULL,NULL,NULL,NULL),('admin','colchones_20180812201554.zip',NULL,NULL,NULL,NULL,NULL,NULL),('admin','colchones_20180812202220.zip',NULL,NULL,NULL,NULL,NULL,NULL),('admin','colchones_20180813105632.zip',NULL,NULL,NULL,NULL,NULL,NULL),('admin','colchones_20180813113301.zip',NULL,NULL,NULL,NULL,NULL,NULL),('admin','colchones_20180813114515.zip',NULL,NULL,NULL,NULL,NULL,NULL),('admin','colchones_20180813122253.zip',NULL,NULL,NULL,NULL,NULL,NULL),('admin','colchones_20180813140723.zip',NULL,NULL,NULL,NULL,NULL,NULL),('admin','colchones_20180813141123.zip',NULL,NULL,NULL,NULL,NULL,NULL),('admin','colchones_20180816105316.zip',NULL,NULL,NULL,NULL,NULL,NULL),('admin','colchones_20180816134526.zip',NULL,NULL,NULL,NULL,NULL,NULL),('admin','colchones_20180816141439.zip',NULL,NULL,NULL,NULL,NULL,NULL),('admin','colchones_20180827095227.zip',NULL,NULL,NULL,NULL,NULL,NULL),('admin','compras_alicuota','Y','N','N','N','N','N'),('admin','compras_cbte','Y','N','N','N','N','N'),('admin','control_2','Y','N','N','N','N','N'),('admin','Control_cta_cte','Y','N','N','N','N','N'),('admin','control_libro_iva','Y','N','N','N','N','N'),('admin','control_reg_info','Y','N','N','N','N','N'),('admin','control_talles','Y','N','N','N','N','N'),('admin','cont_ajuste_caja','Y','N','N','N','N','N'),('admin','cont_arqueo_caja','Y','N','N','N','N','N'),('admin','cont_dif_caja','Y','N','N','N','N','N'),('admin','c_pago_ctacte','Y','N','N','N','N','N'),('admin','c_ventas','Y','N','N','N','N','N'),('admin','det_recepcion','Y','N','N','N','N','N'),('admin','FECAESolicitar',NULL,NULL,NULL,NULL,NULL,NULL),('admin','FG_Tarjeta_creditos','Y','Y','Y','N','Y','Y'),('admin','form_anulacion','Y','Y','Y','Y','Y','Y'),('admin','form_articulos','Y','Y','N','Y','Y','Y'),('admin','form_art_talles','Y','Y','Y','N','Y','Y'),('admin','form_billetes','Y','N','N','Y','N','N'),('admin','form_cab_documentos','Y','Y','N','Y','Y','Y'),('admin','form_cab_doc_stkinicial','Y','Y','N','Y','Y','Y'),('admin','form_cab_dpto','Y','Y','N','Y','Y','Y'),('admin','form_cab_localidades','Y','Y','N','Y','Y','Y'),('admin','form_cab_stock_ini',NULL,NULL,NULL,NULL,NULL,NULL),('admin','form_cab_ventas','Y','Y','N','Y','Y','Y'),('admin','form_cab_ventas_old','Y','Y','N','Y','Y','Y'),('admin','form_cajas','Y','Y','N','Y','Y','Y'),('admin','form_caja_billetes','Y','Y','N','Y','Y','Y'),('admin','form_cheques','Y','Y','N','Y','Y','Y'),('admin','form_chq_manual','Y','Y','N','Y','Y','Y'),('admin','form_clientes','Y','Y','N','Y','Y','Y'),('admin','form_clientes_credito','Y','Y','N','Y','Y','Y'),('admin','form_colores','Y','Y','N','Y','Y','Y'),('admin','form_comercios','Y','Y','N','Y','Y','Y'),('admin','form_compras','Y','Y','Y','Y','Y','Y'),('admin','form_comprobantes_asociados','Y','Y','Y','Y','Y','Y'),('admin','form_cuotas_clientes','Y','N','N','N','N','N'),('admin','form_dencidades','Y','Y','N','Y','Y','Y'),('admin','form_dencidades_inline','Y','Y','N','Y','Y','Y'),('admin','form_departamento','Y','Y','N','Y','Y','Y'),('admin','form_deposito','Y','Y','N','N','Y','Y'),('admin','form_depositos','N','N','N','N','N','N'),('admin','form_deposito_inline','N','N','N','N','N','N'),('admin','form_deposito_old','N','N','N','N','N','N'),('admin','form_deposito_old_inline','N','N','N','N','N','N'),('admin','form_det_articulos','Y','Y','N','Y','Y','Y'),('admin','form_det_articulos_1','N','N','N','N','N','N'),('admin','form_det_cajas','Y','Y','N','N','Y','Y'),('admin','form_det_cta_cte','Y','Y','N','N','Y','Y'),('admin','form_det_devolucion',NULL,NULL,NULL,NULL,NULL,NULL),('admin','form_det_documentos','Y','Y','N','Y','Y','Y'),('admin','form_det_documentos_1',NULL,NULL,NULL,NULL,NULL,NULL),('admin','form_det_documentos_inline',NULL,NULL,NULL,NULL,NULL,NULL),('admin','form_det_documentos_old','Y','Y','Y','Y','Y','Y'),('admin','form_det_documentos_old_inline',NULL,NULL,NULL,NULL,NULL,NULL),('admin','form_det_factura','Y','Y','N','Y','Y','Y'),('admin','form_det_pedido','Y','Y','N','Y','Y','Y'),('admin','form_det_remito','Y','Y','N','Y','Y','Y'),('admin','form_det_stock_inicio',NULL,NULL,NULL,NULL,NULL,NULL),('admin','form_devolucion',NULL,NULL,NULL,NULL,NULL,NULL),('admin','form_estado_stock','Y','Y','N','N','Y','Y'),('admin','form_factura','Y','Y','Y','Y','Y','Y'),('admin','form_facturas','Y','Y','Y','Y','Y','Y'),('admin','form_factura_detalle','Y','Y','Y','Y','Y','Y'),('admin','form_grupos_talles','Y','Y','N','Y','Y','Y'),('admin','form_grupos_talles_inline',NULL,NULL,NULL,NULL,NULL,NULL),('admin','form_localidades','Y','Y','N','N','Y','Y'),('admin','form_marcas','Y','Y','N','N','Y','Y'),('admin','form_materiales','Y','Y','N','Y','Y','Y'),('admin','form_modalidad_pagos','Y','Y','N','Y','Y','Y'),('admin','form_modelos','Y','Y','N','Y','Y','Y'),('admin','form_modelos_inline','Y','Y','N','Y','Y','Y'),('admin','form_paises','Y','Y','N','Y','Y','Y'),('admin','form_pedido','Y','Y','N','Y','Y','Y'),('admin','form_proveedores','Y','Y','N','Y','Y','Y'),('admin','form_provincias','Y','Y','N','Y','Y','Y'),('admin','form_puntos_ventas','Y','Y','Y','Y','Y','Y'),('admin','form_remito','Y','Y','N','Y','Y','Y'),('admin','form_rubros','Y','Y','N','Y','Y','Y'),('admin','form_stock_inicio',NULL,NULL,NULL,NULL,NULL,NULL),('admin','form_sucursales','Y','Y','N','Y','Y','Y'),('admin','form_sucursales_inline',NULL,NULL,NULL,NULL,NULL,NULL),('admin','form_talles','Y','Y','N','Y','Y','Y'),('admin','form_tarjcred_manual','Y','Y','N','Y','Y','Y'),('admin','form_tarjeta_credito','Y','Y','N','Y','Y','Y'),('admin','form_tipos','Y','Y','N','Y','Y','Y'),('admin','form_tipos_doc','Y','Y','N','Y','Y','Y'),('admin','form_tipos_doc_mov','Y','Y','N','Y','Y','Y'),('admin','form_tipos_inline','Y','Y','N','Y','Y','Y'),('admin','form_tipos_lista_precios','Y','Y','N','Y','Y','Y'),('admin','form_tipos_lista_precios_inline','Y','Y','N','Y','Y','Y'),('admin','form_total_billete','Y','Y','N','Y','Y','Y'),('admin','form_v_padron_cta_cte','Y','Y','N','Y','Y','Y'),('admin','form_v_padron_cta_cte_1','Y','Y','N','Y','Y','Y'),('admin','form_v_ventas','Y','Y','N','Y','Y','Y'),('admin','from_det_stock_ini',NULL,NULL,NULL,NULL,NULL,NULL),('admin','grid_articulos','Y','N','N','N','Y','Y'),('admin','grid_cab_devoluciones',NULL,NULL,NULL,NULL,NULL,NULL),('admin','grid_cab_documentos','Y','N','N','N','N','N'),('admin','grid_cab_facturas','Y','N','N','N','Y','Y'),('admin','grid_cab_pedidos','Y','N','N','N','Y','Y'),('admin','grid_cab_remitos','Y','N','N','N','Y','Y'),('admin','grid_cab_ventas','Y','N','N','N','Y','Y'),('admin','grid_cajas','Y','N','N','N','N','N'),('admin','grid_clientes','Y','N','N','N','Y','Y'),('admin','grid_compras','Y','N','N','N','Y','Y'),('admin','grid_depositos','Y','N','N','N','Y','Y'),('admin','grid_det_cajas','Y','N','N','N','Y','Y'),('admin','grid_det_cta_cte','Y','N','N','N','Y','Y'),('admin','grid_det_recep','Y','Y','Y','Y','Y','Y'),('admin','grid_det_ventas','Y','N','N','N','Y','Y'),('admin','grid_facturas','Y','N','N','N','Y','Y'),('admin','grid_proveedores','Y','N','N','N','Y','Y'),('admin','grid_stock','Y','N','N','N','Y','Y'),('admin','grid_sucursales','Y','N','N','N','Y','Y'),('admin','grid_varticulos','N','N','N','N','N','N'),('admin','grid_v_articulos','Y','N','N','N','Y','Y'),('admin','grid_v_cajas','Y','N','N','N','Y','Y'),('admin','grid_v_movim','Y','N','N','N','Y','Y'),('admin','grid_v_stock','Y','N','N','N','Y','Y'),('admin','grid_v_ventas','Y','N','N','N','Y','Y'),('admin','grig_cab_stock_ini',NULL,NULL,NULL,NULL,NULL,NULL),('admin','habitat',NULL,NULL,NULL,NULL,NULL,NULL),('admin','menu_old','Y','N','N','N','N','N'),('admin','openclose_box','Y','N','N','N','N','N'),('admin','pdfreport_facturas','Y','N','N','N','N','N'),('admin','pdfreport_libro_compras','Y','N','N','N','N','N'),('admin','pdfreport_libro_ventas','Y','N','N','N','N','N'),('admin','report_cta_cte','Y','N','N','N','N','N'),('admin','sec_change_pswd','Y','N','N','N','N','N'),('admin','sec_form_add_users','Y','Y','Y','Y','Y','Y'),('admin','sec_form_edit_users','Y','Y','Y','Y','Y','Y'),('admin','sec_form_sec_apps','Y','Y','Y','Y','Y','Y'),('admin','sec_form_sec_users_apps','Y','Y','Y','Y','Y','Y'),('admin','sec_grid_sec_apps','Y','N','N','N','Y','Y'),('admin','sec_grid_sec_users','Y','N','N','N','Y','Y'),('admin','sec_grid_sec_users_apps','Y','N','N','N','Y','Y'),('admin','sec_logged','Y','N','N','N','N','N'),('admin','sec_logged_users','Y','N','N','N','Y','Y'),('admin','sec_Login','Y','N','N','N','N','N'),('admin','sec_menu','Y','N','N','N','N','N'),('admin','sec_retrieve_pswd','Y','N','N','N','N','N'),('admin','sec_search_sec_users','Y','N','N','N','N','N'),('admin','sec_sync_apps','Y','N','N','N','N','N'),('admin','ventas_cbte','Y','N','N','N','N','N'),('admin','venta_alicuota','Y','N','N','N','N','N'),('luli','.well-known',NULL,NULL,NULL,NULL,NULL,NULL),('luli','AjustePrecioMarca',NULL,NULL,NULL,NULL,NULL,NULL),('luli','AjustePrecioTalle',NULL,NULL,NULL,NULL,NULL,NULL),('luli','alta_pagos',NULL,NULL,NULL,NULL,NULL,NULL),('luli','app_change_pswd','Y','N','N','N','N','N'),('luli','app_form_add_users',NULL,NULL,NULL,NULL,NULL,NULL),('luli','app_form_edit_users',NULL,NULL,NULL,NULL,NULL,NULL),('luli','app_form_sec_apps',NULL,NULL,NULL,NULL,NULL,NULL),('luli','app_form_sec_users_apps',NULL,NULL,NULL,NULL,NULL,NULL),('luli','app_grid_sec_apps',NULL,NULL,NULL,NULL,NULL,NULL),('luli','app_grid_sec_users',NULL,NULL,NULL,NULL,NULL,NULL),('luli','app_grid_sec_users_apps',NULL,NULL,NULL,NULL,NULL,NULL),('luli','app_logged',NULL,NULL,NULL,NULL,NULL,NULL),('luli','app_logged_users',NULL,NULL,NULL,NULL,NULL,NULL),('luli','app_Login','Y','N','N','N','N','N'),('luli','app_menu','Y','N','N','N','N','N'),('luli','app_menu_old',NULL,NULL,NULL,NULL,NULL,NULL),('luli','app_retrieve_pswd',NULL,NULL,NULL,NULL,NULL,NULL),('luli','app_search_sec_users',NULL,NULL,NULL,NULL,NULL,NULL),('luli','app_sync_apps',NULL,NULL,NULL,NULL,NULL,NULL),('luli','cgi-bin',NULL,NULL,NULL,NULL,NULL,NULL),('luli','colchones_20170917122120.zip',NULL,NULL,NULL,NULL,NULL,NULL),('luli','colchones_20180728171928.zip',NULL,NULL,NULL,NULL,NULL,NULL),('luli','colchones_20180728202624.zip',NULL,NULL,NULL,NULL,NULL,NULL),('luli','colchones_20180728203934.zip',NULL,NULL,NULL,NULL,NULL,NULL),('luli','colchones_20180728204738.zip',NULL,NULL,NULL,NULL,NULL,NULL),('luli','colchones_20180812201554.zip',NULL,NULL,NULL,NULL,NULL,NULL),('luli','colchones_20180812202220.zip',NULL,NULL,NULL,NULL,NULL,NULL),('luli','colchones_20180813105632.zip',NULL,NULL,NULL,NULL,NULL,NULL),('luli','colchones_20180813113301.zip',NULL,NULL,NULL,NULL,NULL,NULL),('luli','colchones_20180813114515.zip',NULL,NULL,NULL,NULL,NULL,NULL),('luli','colchones_20180813122253.zip',NULL,NULL,NULL,NULL,NULL,NULL),('luli','colchones_20180813140723.zip',NULL,NULL,NULL,NULL,NULL,NULL),('luli','colchones_20180813141123.zip',NULL,NULL,NULL,NULL,NULL,NULL),('luli','colchones_20180816105316.zip',NULL,NULL,NULL,NULL,NULL,NULL),('luli','colchones_20180816134526.zip',NULL,NULL,NULL,NULL,NULL,NULL),('luli','colchones_20180816141439.zip',NULL,NULL,NULL,NULL,NULL,NULL),('luli','colchones_20180827095227.zip',NULL,NULL,NULL,NULL,NULL,NULL),('luli','compras_alicuota','Y','N','N','N','N','N'),('luli','compras_cbte','Y','N','N','N','N','N'),('luli','control_2','Y','N','N','N','N','N'),('luli','Control_cta_cte',NULL,NULL,NULL,NULL,NULL,NULL),('luli','control_libro_iva','Y','N','N','N','N','N'),('luli','control_reg_info','Y','N','N','N','N','N'),('luli','control_talles',NULL,NULL,NULL,NULL,NULL,NULL),('luli','cont_ajuste_caja',NULL,NULL,NULL,NULL,NULL,NULL),('luli','cont_arqueo_caja',NULL,NULL,NULL,NULL,NULL,NULL),('luli','cont_dif_caja',NULL,NULL,NULL,NULL,NULL,NULL),('luli','c_pago_ctacte',NULL,NULL,NULL,NULL,NULL,NULL),('luli','c_ventas',NULL,NULL,NULL,NULL,NULL,NULL),('luli','det_recepcion',NULL,NULL,NULL,NULL,NULL,NULL),('luli','FECAESolicitar',NULL,NULL,NULL,NULL,NULL,NULL),('luli','FG_Tarjeta_creditos',NULL,NULL,NULL,NULL,NULL,NULL),('luli','form_anulacion',NULL,NULL,NULL,NULL,NULL,NULL),('luli','form_articulos',NULL,NULL,NULL,NULL,NULL,NULL),('luli','form_art_talles',NULL,NULL,NULL,NULL,NULL,NULL),('luli','form_billetes',NULL,NULL,NULL,NULL,NULL,NULL),('luli','form_cab_documentos',NULL,NULL,NULL,NULL,NULL,NULL),('luli','form_cab_doc_stkinicial',NULL,NULL,NULL,NULL,NULL,NULL),('luli','form_cab_dpto',NULL,NULL,NULL,NULL,NULL,NULL),('luli','form_cab_localidades',NULL,NULL,NULL,NULL,NULL,NULL),('luli','form_cab_stock_ini',NULL,NULL,NULL,NULL,NULL,NULL),('luli','form_cab_ventas',NULL,NULL,NULL,NULL,NULL,NULL),('luli','form_cab_ventas_old',NULL,NULL,NULL,NULL,NULL,NULL),('luli','form_cajas',NULL,NULL,NULL,NULL,NULL,NULL),('luli','form_caja_billetes',NULL,NULL,NULL,NULL,NULL,NULL),('luli','form_cheques',NULL,NULL,NULL,NULL,NULL,NULL),('luli','form_chq_manual',NULL,NULL,NULL,NULL,NULL,NULL),('luli','form_clientes',NULL,NULL,NULL,NULL,NULL,NULL),('luli','form_clientes_credito',NULL,NULL,NULL,NULL,NULL,NULL),('luli','form_colores',NULL,NULL,NULL,NULL,NULL,NULL),('luli','form_comercios',NULL,NULL,NULL,NULL,NULL,NULL),('luli','form_compras','Y','Y','N','Y','Y','Y'),('luli','form_comprobantes_asociados',NULL,NULL,NULL,NULL,NULL,NULL),('luli','form_cuotas_clientes',NULL,NULL,NULL,NULL,NULL,NULL),('luli','form_dencidades',NULL,NULL,NULL,NULL,NULL,NULL),('luli','form_dencidades_inline',NULL,NULL,NULL,NULL,NULL,NULL),('luli','form_departamento',NULL,NULL,NULL,NULL,NULL,NULL),('luli','form_deposito',NULL,NULL,NULL,NULL,NULL,NULL),('luli','form_depositos',NULL,NULL,NULL,NULL,NULL,NULL),('luli','form_deposito_inline',NULL,NULL,NULL,NULL,NULL,NULL),('luli','form_deposito_old',NULL,NULL,NULL,NULL,NULL,NULL),('luli','form_deposito_old_inline',NULL,NULL,NULL,NULL,NULL,NULL),('luli','form_det_articulos',NULL,NULL,NULL,NULL,NULL,NULL),('luli','form_det_articulos_1',NULL,NULL,NULL,NULL,NULL,NULL),('luli','form_det_cajas',NULL,NULL,NULL,NULL,NULL,NULL),('luli','form_det_cta_cte',NULL,NULL,NULL,NULL,NULL,NULL),('luli','form_det_devolucion',NULL,NULL,NULL,NULL,NULL,NULL),('luli','form_det_documentos',NULL,NULL,NULL,NULL,NULL,NULL),('luli','form_det_documentos_1',NULL,NULL,NULL,NULL,NULL,NULL),('luli','form_det_documentos_inline',NULL,NULL,NULL,NULL,NULL,NULL),('luli','form_det_documentos_old',NULL,NULL,NULL,NULL,NULL,NULL),('luli','form_det_documentos_old_inline',NULL,NULL,NULL,NULL,NULL,NULL),('luli','form_det_factura',NULL,NULL,NULL,NULL,NULL,NULL),('luli','form_det_pedido',NULL,NULL,NULL,NULL,NULL,NULL),('luli','form_det_remito',NULL,NULL,NULL,NULL,NULL,NULL),('luli','form_det_stock_inicio',NULL,NULL,NULL,NULL,NULL,NULL),('luli','form_devolucion',NULL,NULL,NULL,NULL,NULL,NULL),('luli','form_estado_stock',NULL,NULL,NULL,NULL,NULL,NULL),('luli','form_factura',NULL,NULL,NULL,NULL,NULL,NULL),('luli','form_facturas',NULL,NULL,NULL,NULL,NULL,NULL),('luli','form_factura_detalle',NULL,NULL,NULL,NULL,NULL,NULL),('luli','form_grupos_talles',NULL,NULL,NULL,NULL,NULL,NULL),('luli','form_grupos_talles_inline',NULL,NULL,NULL,NULL,NULL,NULL),('luli','form_localidades',NULL,NULL,NULL,NULL,NULL,NULL),('luli','form_marcas',NULL,NULL,NULL,NULL,NULL,NULL),('luli','form_materiales',NULL,NULL,NULL,NULL,NULL,NULL),('luli','form_modalidad_pagos',NULL,NULL,NULL,NULL,NULL,NULL),('luli','form_modelos',NULL,NULL,NULL,NULL,NULL,NULL),('luli','form_modelos_inline',NULL,NULL,NULL,NULL,NULL,NULL),('luli','form_paises',NULL,NULL,NULL,NULL,NULL,NULL),('luli','form_pedido',NULL,NULL,NULL,NULL,NULL,NULL),('luli','form_proveedores',NULL,NULL,NULL,NULL,NULL,NULL),('luli','form_provincias',NULL,NULL,NULL,NULL,NULL,NULL),('luli','form_puntos_ventas',NULL,NULL,NULL,NULL,NULL,NULL),('luli','form_remito',NULL,NULL,NULL,NULL,NULL,NULL),('luli','form_rubros',NULL,NULL,NULL,NULL,NULL,NULL),('luli','form_stock_inicio',NULL,NULL,NULL,NULL,NULL,NULL),('luli','form_sucursales',NULL,NULL,NULL,NULL,NULL,NULL),('luli','form_sucursales_inline',NULL,NULL,NULL,NULL,NULL,NULL),('luli','form_talles',NULL,NULL,NULL,NULL,NULL,NULL),('luli','form_tarjcred_manual',NULL,NULL,NULL,NULL,NULL,NULL),('luli','form_tarjeta_credito',NULL,NULL,NULL,NULL,NULL,NULL),('luli','form_tipos',NULL,NULL,NULL,NULL,NULL,NULL),('luli','form_tipos_doc',NULL,NULL,NULL,NULL,NULL,NULL),('luli','form_tipos_doc_mov',NULL,NULL,NULL,NULL,NULL,NULL),('luli','form_tipos_inline',NULL,NULL,NULL,NULL,NULL,NULL),('luli','form_tipos_lista_precios',NULL,NULL,NULL,NULL,NULL,NULL),('luli','form_tipos_lista_precios_inline',NULL,NULL,NULL,NULL,NULL,NULL),('luli','form_total_billete',NULL,NULL,NULL,NULL,NULL,NULL),('luli','form_v_padron_cta_cte',NULL,NULL,NULL,NULL,NULL,NULL),('luli','form_v_padron_cta_cte_1',NULL,NULL,NULL,NULL,NULL,NULL),('luli','form_v_ventas',NULL,NULL,NULL,NULL,NULL,NULL),('luli','from_det_stock_ini',NULL,NULL,NULL,NULL,NULL,NULL),('luli','grid_articulos',NULL,NULL,NULL,NULL,NULL,NULL),('luli','grid_cab_devoluciones',NULL,NULL,NULL,NULL,NULL,NULL),('luli','grid_cab_documentos',NULL,NULL,NULL,NULL,NULL,NULL),('luli','grid_cab_facturas','Y','N','N','N','Y','Y'),('luli','grid_cab_pedidos',NULL,NULL,NULL,NULL,NULL,NULL),('luli','grid_cab_remitos',NULL,NULL,NULL,NULL,NULL,NULL),('luli','grid_cab_ventas','Y','N','N','N','Y','Y'),('luli','grid_cajas',NULL,NULL,NULL,NULL,NULL,NULL),('luli','grid_clientes',NULL,NULL,NULL,NULL,NULL,NULL),('luli','grid_compras','Y','N','N','N','Y','Y'),('luli','grid_depositos',NULL,NULL,NULL,NULL,NULL,NULL),('luli','grid_det_cajas',NULL,NULL,NULL,NULL,NULL,NULL),('luli','grid_det_cta_cte',NULL,NULL,NULL,NULL,NULL,NULL),('luli','grid_det_recep',NULL,NULL,NULL,NULL,NULL,NULL),('luli','grid_det_ventas',NULL,NULL,NULL,NULL,NULL,NULL),('luli','grid_facturas','Y','N','N','N','Y','Y'),('luli','grid_proveedores',NULL,NULL,NULL,NULL,NULL,NULL),('luli','grid_stock',NULL,NULL,NULL,NULL,NULL,NULL),('luli','grid_sucursales',NULL,NULL,NULL,NULL,NULL,NULL),('luli','grid_varticulos',NULL,NULL,NULL,NULL,NULL,NULL),('luli','grid_v_articulos',NULL,NULL,NULL,NULL,NULL,NULL),('luli','grid_v_cajas',NULL,NULL,NULL,NULL,NULL,NULL),('luli','grid_v_movim',NULL,NULL,NULL,NULL,NULL,NULL),('luli','grid_v_stock',NULL,NULL,NULL,NULL,NULL,NULL),('luli','grid_v_ventas','Y','N','N','N','Y','Y'),('luli','grig_cab_stock_ini',NULL,NULL,NULL,NULL,NULL,NULL),('luli','habitat',NULL,NULL,NULL,NULL,NULL,NULL),('luli','menu_old',NULL,NULL,NULL,NULL,NULL,NULL),('luli','openclose_box',NULL,NULL,NULL,NULL,NULL,NULL),('luli','pdfreport_facturas',NULL,NULL,NULL,NULL,NULL,NULL),('luli','pdfreport_libro_compras','Y','N','N','N','N','N'),('luli','pdfreport_libro_ventas','Y','N','N','N','N','N'),('luli','report_cta_cte',NULL,NULL,NULL,NULL,NULL,NULL),('luli','sec_change_pswd',NULL,NULL,NULL,NULL,NULL,NULL),('luli','sec_form_add_users',NULL,NULL,NULL,NULL,NULL,NULL),('luli','sec_form_edit_users',NULL,NULL,NULL,NULL,NULL,NULL),('luli','sec_form_sec_apps',NULL,NULL,NULL,NULL,NULL,NULL),('luli','sec_form_sec_users_apps',NULL,NULL,NULL,NULL,NULL,NULL),('luli','sec_grid_sec_apps',NULL,NULL,NULL,NULL,NULL,NULL),('luli','sec_grid_sec_users',NULL,NULL,NULL,NULL,NULL,NULL),('luli','sec_grid_sec_users_apps',NULL,NULL,NULL,NULL,NULL,NULL),('luli','sec_logged',NULL,NULL,NULL,NULL,NULL,NULL),('luli','sec_logged_users',NULL,NULL,NULL,NULL,NULL,NULL),('luli','sec_Login','Y','N','N','N','N','N'),('luli','sec_menu','Y','N','N','N','N','N'),('luli','sec_retrieve_pswd',NULL,NULL,NULL,NULL,NULL,NULL),('luli','sec_search_sec_users',NULL,NULL,NULL,NULL,NULL,NULL),('luli','sec_sync_apps',NULL,NULL,NULL,NULL,NULL,NULL),('luli','ventas_cbte','Y','N','N','N','N','N'),('luli','venta_alicuota','Y','N','N','N','N','N');

--
-- Table structure for table `stock`
--

CREATE TABLE `stock` (
  `art_id` int NOT NULL,
  `estk_id` int NOT NULL,
  `dep_id` int NOT NULL,
  `suc_id` int NOT NULL,
  `com_id` int NOT NULL,
  `pvee_id` int NOT NULL,
  `talle_id` int NOT NULL,
  `cantidad` int NOT NULL,
  `mar_id` int NOT NULL,
  `rbro_id` int NOT NULL,
  `codigo_material` int NOT NULL,
  `id_tp` int NOT NULL,
  `fecha_stock` date DEFAULT NULL,
  `id_mod` int DEFAULT '0',
  `id_den` int DEFAULT '0',
  PRIMARY KEY (`mar_id`,`rbro_id`,`art_id`,`estk_id`,`dep_id`,`suc_id`,`com_id`,`pvee_id`,`talle_id`,`codigo_material`,`id_tp`),
  KEY `stock_comer_ind` (`com_id`),
  KEY `estk_id` (`estk_id`),
  KEY `stock_ibfk_4` (`dep_id`),
  KEY `stock_ibfk_5` (`suc_id`),
  KEY `pvee_id` (`pvee_id`),
  KEY `stock_talle_id` (`talle_id`),
  KEY `fk_det_art_stk` (`art_id`,`mar_id`,`rbro_id`),
  KEY `codigo_material` (`codigo_material`)
) ENGINE=InnoDB DEFAULT CHARSET=latin1;

--
-- Dumping data for table `stock`
--

INSERT INTO `stock` VALUES (3,2,2,3,1,12,1,3,3,2,4,1,'2018-08-07',1,1),(3,2,2,3,1,17,1,3,3,2,4,1,NULL,1,1),(6,2,2,3,1,17,2,5,3,2,5,1,NULL,2,2),(7,2,2,3,1,12,4,2,3,2,6,1,'2018-08-07',5,5),(15,2,2,3,1,17,8,1,3,2,6,1,NULL,6,6),(16,2,2,3,1,17,9,3,3,2,4,1,NULL,1,1),(29,2,2,3,1,17,16,3,3,2,4,1,NULL,1,1),(31,2,2,3,1,17,17,2,3,2,5,1,NULL,2,2),(56,2,2,3,1,17,33,2,3,2,5,1,NULL,2,2),(62,2,2,3,1,12,37,1,3,2,6,1,NULL,12,8),(63,2,2,3,1,12,38,4,3,2,6,1,NULL,9,5),(76,2,2,3,1,12,61,1,3,2,6,1,NULL,12,8),(87,2,2,3,1,12,53,3,3,2,6,1,NULL,12,8),(88,2,2,3,1,12,54,1,3,2,6,1,NULL,9,5),(91,2,2,3,1,12,55,2,3,2,6,1,NULL,13,8),(92,2,2,3,1,12,39,1,3,2,6,1,'2018-08-07',10,6),(113,2,2,3,1,12,92,4,3,2,4,2,'2018-08-07',14,0),(129,2,2,3,1,12,93,2,3,2,6,2,NULL,20,0),(137,2,2,3,1,12,94,2,3,2,6,2,'2018-08-07',20,0),(157,2,2,3,1,12,96,2,3,2,6,2,'2018-08-07',20,0),(160,2,2,3,1,12,96,2,3,2,7,2,'2018-08-07',23,0),(177,2,2,3,1,12,97,1,3,2,6,2,NULL,20,0),(180,2,2,3,1,12,97,2,3,2,7,2,NULL,23,0),(190,2,2,3,1,12,99,2,3,2,7,2,NULL,23,0),(200,2,2,3,1,12,100,3,3,2,7,2,NULL,23,0),(207,2,2,3,1,12,92,4,3,4,9,0,NULL,0,0),(212,2,2,3,1,12,94,1,3,4,4,0,NULL,0,0),(258,2,2,3,1,12,92,10,3,11,7,0,'2018-08-07',0,0),(262,2,2,3,1,12,93,1,3,11,7,0,'2018-08-07',0,0),(266,2,2,3,1,12,94,6,3,11,9,0,'2018-08-07',0,0),(273,2,2,3,1,12,96,1,3,11,4,0,'2018-08-07',0,0),(274,2,2,3,1,12,96,3,3,11,6,0,'2018-08-07',0,0),(276,2,2,3,1,12,96,4,3,11,7,0,'2018-08-07',0,0),(277,2,2,3,1,12,97,3,3,11,4,0,'2018-08-07',0,0),(279,2,2,3,1,12,97,2,3,11,9,0,'2018-08-07',0,0),(280,2,2,3,1,12,98,2,3,11,4,0,'2018-08-07',0,0),(288,2,2,3,1,12,99,1,3,11,7,0,'2018-08-07',0,0),(289,2,2,3,1,12,100,2,3,11,4,0,'2018-08-07',0,0),(307,2,2,3,1,13,92,15,4,1,6,0,NULL,27,0),(309,2,2,3,1,12,94,10,4,1,6,0,'2018-07-28',27,0),(310,2,2,3,1,13,94,13,4,1,6,0,NULL,27,0),(312,2,2,3,1,12,96,13,4,1,6,0,'2018-08-07',27,0),(444,2,2,3,1,12,133,2,4,1,6,0,'2018-08-07',32,0),(294,2,2,3,1,13,92,6,4,2,6,1,NULL,29,5),(296,2,2,3,1,13,96,1,4,2,6,1,NULL,29,5),(298,2,2,3,1,13,92,11,4,2,6,2,NULL,27,0),(300,2,2,3,1,13,94,12,4,2,6,2,NULL,27,0),(301,2,2,3,1,12,96,3,4,2,6,2,'2018-08-07',27,0),(302,2,2,3,1,12,96,4,4,2,6,2,'2018-08-07',27,0),(302,2,2,3,1,13,96,7,4,2,6,2,NULL,27,0),(303,2,2,3,1,13,97,3,4,2,6,2,NULL,27,0),(304,2,2,3,1,13,102,1,4,2,6,2,NULL,27,0),(443,2,2,3,1,12,143,1,4,2,7,2,'2018-08-07',32,0),(330,2,2,3,1,14,13,0,5,2,6,2,NULL,37,0),(333,2,2,3,1,14,7,1,5,2,7,2,NULL,38,0),(337,2,2,3,1,14,13,1,5,2,6,2,NULL,37,0),(357,2,2,3,1,14,37,3,5,2,6,2,NULL,37,0),(365,2,2,3,1,14,45,1,5,2,6,2,NULL,37,0),(383,2,2,3,1,14,54,1,5,2,7,2,NULL,38,0),(389,2,2,3,1,14,70,1,5,2,6,2,NULL,36,0),(393,2,2,3,1,14,6,1,5,2,6,2,NULL,37,0),(394,2,2,3,1,14,70,1,5,2,7,2,NULL,38,0),(398,2,2,3,1,14,78,1,5,2,7,2,NULL,38,0),(401,2,2,3,1,14,128,1,5,2,7,2,NULL,42,0),(402,2,2,3,1,14,1,4,5,11,6,0,NULL,43,0),(405,2,2,3,1,14,3,4,5,11,6,0,NULL,46,0),(415,2,2,3,1,14,80,4,5,11,6,0,NULL,46,0),(420,2,2,3,1,14,93,1,5,11,6,0,NULL,49,0),(424,2,2,3,1,14,18,8,5,11,6,0,NULL,46,0),(320,2,2,3,1,21,141,4,45,2,0,0,NULL,52,0),(321,2,2,3,1,21,96,0,45,2,6,0,NULL,56,0),(322,2,2,3,1,21,96,3,45,2,0,0,NULL,50,0),(324,2,2,3,1,21,139,1,45,2,0,0,NULL,50,0),(326,2,2,3,1,21,139,2,45,2,6,0,NULL,56,0),(327,2,2,3,1,21,100,5,45,2,6,0,NULL,54,0),(318,2,2,3,1,21,140,4,45,11,0,0,NULL,0,0),(319,2,2,3,1,21,142,2,45,11,0,0,NULL,55,0),(323,2,2,3,1,21,96,1,45,11,0,0,NULL,51,0),(315,2,2,3,1,21,40,78,45,13,0,0,NULL,NULL,NULL);

--
-- Table structure for table `sucursales`
--

CREATE TABLE `sucursales` (
  `id` int NOT NULL AUTO_INCREMENT,
  `com_id` int NOT NULL,
  `dep_id` int NOT NULL,
  `razon_social` varchar(60) NOT NULL,
  `calle` varchar(30) NOT NULL,
  `altura` varchar(10) NOT NULL,
  `cod_postal` varchar(10) NOT NULL,
  `loc_id` int NOT NULL,
  `dpto_id` int NOT NULL,
  `pcia_id` int NOT NULL,
  `pais_id` int NOT NULL,
  PRIMARY KEY (`id`,`com_id`,`dep_id`),
  KEY `suc_emp_loc_id` (`loc_id`,`dpto_id`,`pcia_id`,`pais_id`),
  KEY `sucursales_fk_pais` (`pais_id`),
  KEY `sucursales_fk_pcia` (`pcia_id`),
  KEY `sucursales_fk_dpto` (`dpto_id`),
  KEY `sucursales_fk_come` (`com_id`),
  KEY `sucursales_fk_depo` (`dep_id`),
  CONSTRAINT `sucursales_fk_come` FOREIGN KEY (`com_id`) REFERENCES `depositos` (`com_id`) ON DELETE CASCADE ON UPDATE CASCADE,
  CONSTRAINT `sucursales_fk_depo` FOREIGN KEY (`dep_id`) REFERENCES `depositos` (`id`) ON DELETE CASCADE ON UPDATE CASCADE,
  CONSTRAINT `sucursales_fk_dpto` FOREIGN KEY (`dpto_id`) REFERENCES `departamentos` (`id`) ON DELETE CASCADE ON UPDATE CASCADE,
  CONSTRAINT `sucursales_fk_loca` FOREIGN KEY (`loc_id`) REFERENCES `localidades` (`id`) ON DELETE CASCADE ON UPDATE CASCADE,
  CONSTRAINT `sucursales_fk_pais` FOREIGN KEY (`pais_id`) REFERENCES `paises` (`id`) ON DELETE CASCADE ON UPDATE CASCADE,
  CONSTRAINT `sucursales_fk_pcia` FOREIGN KEY (`pcia_id`) REFERENCES `provincias` (`id`) ON DELETE CASCADE ON UPDATE CASCADE
) ENGINE=InnoDB AUTO_INCREMENT=5 DEFAULT CHARSET=latin1;

--
-- Dumping data for table `sucursales`
--

INSERT INTO `sucursales` VALUES (3,1,1,'CASA CENTRAL','10 ESQ. 30','.','6660',16,142,1,1),(4,1,2,'CASA CENTRAL','10 ESQ. 30','.','6660',16,142,1,1);

--
-- Table structure for table `talles`
--

CREATE TABLE `talles` (
  `id` int NOT NULL AUTO_INCREMENT,
  `talle` varchar(60) NOT NULL,
  PRIMARY KEY (`id`,`talle`)
) ENGINE=InnoDB AUTO_INCREMENT=144 DEFAULT CHARSET=latin1;

--
-- Dumping data for table `talles`
--

INSERT INTO `talles` VALUES (1,'0,80X18'),(2,'0,80X20'),(3,'0,80X22'),(4,'0,80X23'),(5,'0,80X25'),(6,'0,80X26'),(7,'0,80X28'),(8,'0,80X30'),(9,'0,90X18'),(10,'0,90X20'),(11,'0,90X23'),(12,'0,90X25'),(13,'0,90X26'),(14,'0,90X28'),(15,'0,90X30'),(16,'1,00X18'),(17,'1,00X20'),(18,'1,00X22'),(19,'1,00X23'),(20,'1,00X25'),(21,'1,00X26'),(22,'1,00X28'),(23,'1,00X30'),(24,'1,30X18'),(25,'1,30X20'),(26,'1,30X22'),(27,'1,30X23'),(28,'1,30X25'),(29,'1,30X26'),(30,'1,30X28'),(31,'1,30X30'),(32,'1,40X18'),(33,'1,40X20'),(34,'1,40X23'),(35,'1,40X22'),(36,'1,40X25'),(37,'1,40X26'),(38,'1,40X28'),(39,'1,40X30'),(40,'1,50X18'),(41,'1,50X20'),(42,'1,50X22'),(43,'1,50X23'),(44,'1,50X25'),(45,'1,50X26'),(46,'1,50X28'),(47,'1,50X30'),(48,'1,60X18'),(49,'1,60X20'),(50,'1,60X22'),(51,'1,60X23'),(52,'1,60X25'),(53,'1,60X26'),(54,'1,60X28'),(55,'1,60X30'),(56,'1,60X2X18'),(57,'1,60X2X20'),(58,'1,60X2X22'),(59,'1,60X2X23'),(60,'1,60X2X25'),(61,'1,60X2X26'),(62,'1,60X2X28'),(63,'1,60X2X30'),(64,'1,80X2X18'),(65,'1,80X2X20'),(66,'1,80X2X22'),(67,'1,80X2X23'),(68,'1,80X2X25'),(69,'1,80X2X26'),(70,'1,80X2X28'),(71,'1,80X2X30'),(72,'2X2X18'),(73,'2X2X20'),(74,'2X2X22'),(75,'2X2X23'),(76,'2X2X25'),(77,'2X2X26'),(78,'2X2X28'),(79,'2X2X30'),(80,'0,90X22'),(81,'0,80X21'),(82,'0,90X21'),(83,'1.00X21'),(84,'1,30X21'),(85,'1,40X21'),(86,'1,60X21'),(87,'1,60X2X21'),(88,'1,80X2X21'),(89,'2X2X21'),(90,'1,00X21'),(91,'160X30'),(92,'080X190'),(93,'0,90X190'),(94,'1,00X190'),(95,'1,30X190'),(96,'1,40X190'),(97,'1,60X190'),(98,'1,60X2'),(99,'1,80X2'),(100,'2X2'),(101,'0,70X190'),(102,'2X1,90'),(103,'080X21'),(104,'080X29'),(105,'0,90X21'),(106,'0,90X29'),(107,'100X21'),(108,'100X29'),(109,'130X21'),(110,'130X29'),(111,'140X21'),(112,'140X29'),(113,'150X21'),(114,'150X29'),(115,'160X21'),(116,'160X29'),(117,'160X2X21'),(118,'160X2X29'),(119,'180X2X21'),(120,'180X2X29'),(121,'2X2X21'),(122,'2X2X29'),(123,'140X31'),(124,'150X31'),(125,'160X31'),(126,'160X2X31'),(127,'180X2X31'),(128,'2X2X31'),(129,'0,80X24'),(130,'0,90X24'),(131,'130X24'),(132,'140X24'),(133,'0,80X2'),(134,'0,90X2'),(135,'1,00X2'),(136,'1,OOX24'),(137,'1,50X24'),(138,'1,50X190'),(139,'1,60 X 200'),(140,'080X200'),(141,'140X190X0,24'),(142,'100X200'),(143,'1,60X2');

--
-- Table structure for table `tarjeta_credito`
--

CREATE TABLE `tarjeta_credito` (
  `id` int NOT NULL AUTO_INCREMENT,
  `banco` varchar(40) NOT NULL,
  `indentificacion` varchar(20) NOT NULL,
  `nro_tarj` varchar(19) NOT NULL,
  `fec_vto` date NOT NULL,
  `importe` decimal(14,2) NOT NULL,
  `cdoc_id` int NOT NULL,
  `dni` varchar(20) DEFAULT NULL,
  PRIMARY KEY (`id`,`cdoc_id`),
  KEY `fk_tar_doc` (`cdoc_id`)
) ENGINE=InnoDB DEFAULT CHARSET=latin1;

--
-- Dumping data for table `tarjeta_credito`
--


--
-- Table structure for table `temporadas`
--

CREATE TABLE `temporadas` (
  `id` int NOT NULL AUTO_INCREMENT,
  `descripcion` varchar(15) NOT NULL,
  `anio` int NOT NULL,
  PRIMARY KEY (`id`)
) ENGINE=InnoDB DEFAULT CHARSET=latin1 COMMENT='Ingreso de los distintas condiciones de IVA del Individuo';

--
-- Dumping data for table `temporadas`
--


--
-- Table structure for table `tipos`
--

CREATE TABLE `tipos` (
  `id` int NOT NULL AUTO_INCREMENT,
  `descripcion` varchar(60) NOT NULL,
  PRIMARY KEY (`id`)
) ENGINE=InnoDB AUTO_INCREMENT=6 DEFAULT CHARSET=latin1;

--
-- Dumping data for table `tipos`
--

INSERT INTO `tipos` VALUES (1,'ESPUMA'),(2,'RESORTE'),(3,'CAJONERA'),(4,'MARINERA'),(5,'CUELLO');

--
-- Table structure for table `tipos_doc`
--

CREATE TABLE `tipos_doc` (
  `id` int NOT NULL AUTO_INCREMENT,
  `siglas` varchar(10) NOT NULL,
  `descripcion` varchar(60) NOT NULL,
  PRIMARY KEY (`id`)
) ENGINE=InnoDB AUTO_INCREMENT=3 DEFAULT CHARSET=latin1;

--
-- Dumping data for table `tipos_doc`
--

INSERT INTO `tipos_doc` VALUES (1,'D.N.I.','Documento Nacional de Identidad'),(2,'C.I.','Cedula de Identidad');

--
-- Table structure for table `tipos_doc_mov`
--

CREATE TABLE `tipos_doc_mov` (
  `id` int NOT NULL AUTO_INCREMENT,
  `descripcion` varchar(60) NOT NULL,
  PRIMARY KEY (`id`)
) ENGINE=InnoDB AUTO_INCREMENT=12 DEFAULT CHARSET=latin1;

--
-- Dumping data for table `tipos_doc_mov`
--

INSERT INTO `tipos_doc_mov` VALUES (1,'Doc. de Ingreso'),(2,'Doc. Recepcion'),(3,'Doc. de Ventas'),(4,'Nota de Credito'),(5,'Nota de Debito'),(6,'Stock Inicial'),(7,'Factura'),(8,'Remito'),(9,'Pedido'),(10,'Devolucion'),(11,'Doc. de Egreso');

--
-- Table structure for table `tipos_lista_precios`
--

CREATE TABLE `tipos_lista_precios` (
  `id` int NOT NULL AUTO_INCREMENT,
  `descripcion` varchar(60) NOT NULL,
  `porc_descuento` decimal(8,2) DEFAULT NULL,
  `porc_margen` decimal(8,2) DEFAULT NULL,
  `fecha_vgte` date DEFAULT NULL,
  PRIMARY KEY (`id`)
) ENGINE=InnoDB AUTO_INCREMENT=4 DEFAULT CHARSET=latin1;

--
-- Dumping data for table `tipos_lista_precios`
--

INSERT INTO `tipos_lista_precios` VALUES (1,'CONTADO',0.00,40.00,NULL),(2,'CUENTA CORREINTE',0.00,60.00,NULL),(3,'TARJETA',0.00,50.00,NULL);

--
-- Table structure for table `tipos_mov_caj`
--

CREATE TABLE `tipos_mov_caj` (
  `id` int NOT NULL AUTO_INCREMENT,
  `descripcion` varchar(60) NOT NULL,
  PRIMARY KEY (`id`)
) ENGINE=InnoDB AUTO_INCREMENT=6 DEFAULT CHARSET=latin1;

--
-- Dumping data for table `tipos_mov_caj`
--

INSERT INTO `tipos_mov_caj` VALUES (1,'VENTAS'),(2,'RETIRO'),(3,'COBRANZAS'),(4,'Ajuste en +'),(5,'Ajuste en -');

--
-- Table structure for table `tipos_tarj_creditos`
--

CREATE TABLE `tipos_tarj_creditos` (
  `id` int NOT NULL AUTO_INCREMENT,
  `descripcion` varchar(60) NOT NULL,
  PRIMARY KEY (`id`)
) ENGINE=InnoDB AUTO_INCREMENT=7 DEFAULT CHARSET=latin1;

--
-- Dumping data for table `tipos_tarj_creditos`
--

INSERT INTO `tipos_tarj_creditos` VALUES (1,'VISA'),(2,'MASTERCARD'),(3,'DINERS'),(4,'AMERICAN EXPRESS'),(5,'CABAL'),(6,'NATIVA');

--
-- Table structure for table `transferencias`
--

CREATE TABLE `transferencias` (
  `id` int NOT NULL AUTO_INCREMENT,
  `cobr_id` int NOT NULL,
  `fecha` date NOT NULL,
  `sucursal` varchar(30) NOT NULL,
  `banco` varchar(30) NOT NULL,
  `importe` decimal(14,2) NOT NULL,
  `observacion` varchar(200) DEFAULT NULL,
  `usu_alta` varchar(20) NOT NULL,
  `fec_alta` date NOT NULL,
  `usu_mod` varchar(20) DEFAULT NULL,
  `fec_mod` date DEFAULT NULL,
  PRIMARY KEY (`id`,`cobr_id`),
  KEY `cobr_id` (`cobr_id`),
  CONSTRAINT `transferencias_ibfk_1` FOREIGN KEY (`cobr_id`) REFERENCES `recibos` (`id`) ON DELETE CASCADE ON UPDATE CASCADE
) ENGINE=InnoDB DEFAULT CHARSET=latin1;

--
-- Dumping data for table `transferencias`
--


--
-- Table structure for table `usuario_perfiles`
--

CREATE TABLE `usuario_perfiles` (
  `uxp_usu_nombre` varchar(12) NOT NULL,
  `uxp_id_perfil` int NOT NULL,
  PRIMARY KEY (`uxp_usu_nombre`,`uxp_id_perfil`),
  KEY `uxp_id_perfil` (`uxp_id_perfil`),
  CONSTRAINT `usuario_perfiles_ibfk_1` FOREIGN KEY (`uxp_usu_nombre`) REFERENCES `usuarios` (`usu_nombre`) ON DELETE CASCADE ON UPDATE CASCADE,
  CONSTRAINT `usuario_perfiles_ibfk_2` FOREIGN KEY (`uxp_id_perfil`) REFERENCES `perfiles` (`ID_PERFIL`) ON DELETE CASCADE ON UPDATE CASCADE
) ENGINE=InnoDB DEFAULT CHARSET=latin1;

--
-- Dumping data for table `usuario_perfiles`
--

INSERT INTO `usuario_perfiles` VALUES ('admin',1),('prueba',1),('vendedor',2),('001',3),('016',3),('025',3),('031',3),('035',3),('039',3),('078',3),('100',3),('1001',3),('1002',3),('1003',3),('1004',3),('1005',3),('1006',3),('1007',3),('1008',3),('1009',3),('101',3),('1010',3),('1015',3),('1017',3),('1018',3),('1019',3),('102',3),('1021 ',3),('1023',3),('1024',3),('1025',3),('1027',3),('103',3),('1032',3),('1033',3),('1034',3),('1035',3),('1036',3),('1037',3),('1038',3),('104',3),('1040',3),('1041',3),('1042',3),('1043',3),('10444',3),('1045',3),('1046',3),('1047',3),('1048',3),('1049',3),('105',3),('1050',3),('1051',3),('1052',3),('1053',3),('1054',3),('1055',3),('1056',3),('1057',3),('1059',3),('1060',3),('1061',3),('1062',3),('1063',3),('1064',3),('1065',3),('1066',3),('1067',3),('1068',3),('1069',3),('107',3),('1070',3),('1071',3),('1073',3),('1074',3),('1075',3),('1078',3),('108',3),('1080',3),('1081',3),('1082',3),('1084',3),('1085',3),('1086',3),('1087',3),('1088',3),('1090',3),('1091',3),('1093',3),('1094',3),('1095',3),('1096',3),('1099',3),('110',3),('1102',3),('11068',3),('1107',3),('1109',3),('1110',3),('1111',3),('1113',3),('1114',3),('1116',3),('1117',3),('1118',3),('112',3),('1121',3),('1122',3),('1123',3),('1124',3),('1126',3),('1127',3),('1128',3),('1129',3),('1131',3),('1132',3),('1133',3),('1134',3),('1135',3),('1136',3),('1137',3),('1138',3),('114',3),('1140',3),('1141',3),('1142',3),('1144',3),('1146',3),('1147',3),('1149',3),('1151',3),('1152',3),('1153',3),('1159',3),('116',3),('1160',3),('1161',3),('1162',3),('1163',3),('1165',3),('1166',3),('1167',3),('1169',3),('117',3),('1171',3),('1172',3),('1174',3),('1175',3),('1177',3),('1178',3),('1179',3),('118',3),('1180',3),('1181',3),('1182',3),('1184',3),('1185',3),('1186',3),('1187',3),('1188',3),('1189',3),('1190',3),('1191',3),('1192',3),('1193',3),('1194',3),('1195',3),('1196',3),('1197',3),('1198',3),('1199',3),('120',3),('1200',3),('1201',3),('1202',3),('1203',3),('1204',3),('1208',3),('121',3),('1212',3),('1222',3),('1223',3),('1224',3),('124',3),('13',3),('131',3),('141',3),('142',3),('143',3),('144',3),('145',3),('146',3),('147',3),('149',3),('150',3),('152',3),('153',3),('154',3),('156',3),('164',3),('166',3),('167',3),('168',3),('169',3),('170',3),('172',3),('175',3),('176',3),('177',3),('18',3),('184',3),('187',3),('189',3),('19',3),('191',3),('196',3),('197',3),('198',3),('20',3),('204',3),('206',3),('208',3),('209',3),('21',3),('210',3),('213',3),('217',3),('218',3),('219',3),('220',3),('223',3),('224',3),('225',3),('226',3),('227',3),('228',3),('229',3),('231',3),('236',3),('238',3),('239',3),('24',3),('241',3),('242',3),('243',3),('244',3),('246',3),('249',3),('251',3),('254',3),('255',3),('256',3),('257',3),('259',3),('262',3),('263',3),('265',3),('268',3),('269',3),('27',3),('270',3),('271',3),('274',3),('277',3),('279',3),('282',3),('284',3),('287',3),('288',3),('289',3),('293',3),('295',3),('296',3),('297',3),('30',3),('304',3),('307',3),('308',3),('31',3),('310',3),('312',3),('316',3),('319',3),('32',3),('320',3),('324',3),('325',3),('33',3),('330',3),('333',3),('334',3),('337',3),('338',3),('339',3),('342',3),('345',3),('35',3),('357',3),('358',3),('359',3),('361',3),('366',3),('369',3),('37',3),('370',3),('373',3),('379',3),('380',3),('381',3),('383',3),('384',3),('388',3),('389',3),('390',3),('391',3),('393',3),('394',3),('398',3),('402',3),('405',3),('412',3),('414',3),('415',3),('418',3),('419',3),('42',3),('420',3),('422',3),('424',3),('427',3),('43',3),('438',3),('439',3),('441',3),('443',3),('445',3),('454',3),('456',3),('457',3),('458',3),('459',3),('46',3),('461',3),('463',3),('466',3),('469',3),('47',3),('470',3),('472',3),('473',3),('475',3),('481',3),('483',3),('486',3),('487',3),('489',3),('49',3),('490',3),('492',3),('494',3),('499',3),('5',3),('50',3),('500',3),('508',3),('509',3),('510',3),('511',3),('512',3),('513',3),('514',3),('515',3),('517',3),('518',3),('519',3),('520',3),('521',3),('523',3),('526',3),('527',3),('530',3),('537',3),('54',3),('541',3),('544',3),('545',3),('549',3),('55',3),('555',3),('556',3),('558',3),('559',3),('56',3),('560',3),('562',3),('564',3),('566',3),('568',3),('57',3),('570',3),('571',3),('575',3),('576',3),('578',3),('579',3),('58',3),('586',3),('587',3),('589',3),('59',3),('591',3),('592',3),('595',3),('597',3),('598',3),('603',3),('606',3),('609',3),('610',3),('614',3),('615',3),('616',3),('617',3),('619',3),('62',3),('620',3),('622',3),('628',3),('632',3),('633',3),('634',3),('635',3),('636',3),('638',3),('639',3),('641',3),('644',3),('651',3),('652',3),('654',3),('66',3),('661',3),('663',3),('666',3),('668',3),('669',3),('67',3),('672',3),('673',3),('674',3),('682',3),('684',3),('689',3),('69',3),('694',3),('696',3),('698',3),('70',3),('709',3),('710',3),('712',3),('713',3),('723',3),('724',3),('728',3),('729',3),('73',3),('730',3),('736',3),('737',3),('738',3),('741',3),('743',3),('748',3),('756',3),('757',3),('76',3),('760',3),('767',3),('771',3),('772',3),('783',3),('785',3),('786',3),('788',3),('789',3),('791',3),('794',3),('797',3),('799',3),('80',3),('803',3),('804',3),('805',3),('806',3),('808',3),('810',3),('811',3),('812',3),('813',3),('815',3),('817',3),('818',3),('821',3),('823',3),('824',3),('825',3),('829',3),('832',3),('833',3),('834',3),('835',3),('838',3),('839',3),('84',3),('840',3),('841',3),('843',3),('844',3),('845',3),('846',3),('847',3),('850',3),('855',3),('856',3),('858',3),('86',3),('861',3),('863',3),('864',3),('866',3),('868',3),('869',3),('87',3),('875',3),('877',3),('879',3),('88',3),('880',3),('881',3),('883',3),('885',3),('886',3),('89',3),('890',3),('891',3),('892',3),('893',3),('894',3),('895',3),('898',3),('899',3),('90',3),('900',3),('901',3),('905',3),('906',3),('907',3),('908',3),('909',3),('91',3),('912',3),('917',3),('918',3),('921',3),('922',3),('927',3),('928',3),('929',3),('93',3),('931',3),('934',3),('935',3),('936',3),('937',3),('938',3),('943',3),('944',3),('945',3),('947',3),('948',3),('952',3),('953',3),('957',3),('958',3),('96',3),('960',3),('962',3),('965',3),('966',3),('967',3),('968',3),('969',3),('97',3),('971',3),('972',3),('973',3),('975',3),('976',3),('979',3),('984',3),('985',3),('986',3),('987',3),('988',3),('989',3),('99',3),('990',3),('991',3),('992',3),('994',3),('996',3),('997',3),('998',3),('abrerub',3),('adiana',3),('aica',3),('aicarayde',3),('aicarjulia',3),('aicarsabri',3),('alejandra',3),('alicia',3),('allor',3),('almaisa',3),('alvaeze',3),('alvenluisa',3),('amalia',3),('amenlore',3),('amensabri',3),('ana',3),('analia',3),('andragus',3),('andre',3),('andrea',3),('angi',3),('anto',3),('antomari',3),('ara',3),('are',3),('ariel',3),('audipau',3),('banmo',3),('barby',3),('barvani',3),('basan',3),('basso',3),('beasu',3),('beba',3),('bocha',3),('boma',3),('bonde',3),('bonfimanu',3),('braian',3),('brichi',3),('brisan',3),('bruale',3),('busevan',3),('caandres',3),('calroxa',3),('calser',3),('calso',3),('camicin',3),('camimal',3),('canteros',3),('canuadri',3),('capopa',3),('caramarce',3),('caranmar',3),('carapo',3),('cararoxa',3),('carasergio',3),('cari',3),('caricato ',3),('carina',3),('carlos ',3),('carmen',3),('caro',3),('carolina',3),('carri',3),('carricoca',3),('carrilore',3),('carrimar',3),('carrimaria',3),('carrisu',3),('carriyani',3),('casa',3),('casagra',3),('casale',3),('casandre',3),('casedu',3),('cash',3),('cashugo',3),('casmar',3),('casos',3),('catu',3),('cavaclara',3),('cavajuli',3),('cavalea',3),('cavamir',3),('cavamo',3),('cavan',3),('cech',3),('ceci',3),('cecla',3),('cejas',3),('cejseba',3),('celeste',3),('celino',3),('chaparro ',3),('chava',3),('chavic',3),('ciceri',3),('ciceyami',3),('cintia',3),('claudia',3),('colamirta',3),('corclau',3),('corragaby',3),('cosilvia',3),('crubraian',3),('crupa ',3),('cuacari',3),('cuadardo',3),('cuadrapatri',3),('cuaes',3),('cualeo',3),('cueale',3),('cuevas',3),('dalochimaria',3),('dani',3),('danielevan',3),('daragamabel',3),('dari',3),('de lokari',3),('decilllo',3),('decillo',3),('diaz',3),('difalcarmen',3),('dihernan',3),('dorado',3),('dotti',3),('dotyyani',3),('eche',3),('edda',3),('eduard ',3),('eli',3),('elvi',3),('ely',3),('emi',3),('emilia',3),('emiliano ',3),('erika',3),('escocari',3),('esther',3),('eve',3),('fabian',3),('fabricio',3),('fede',3),('figuegla',3),('fita',3),('fito',3),('floreki',3),('follcin',3),('frassa',3),('gaby',3),('galosaman',3),('garcia',3),('garret',3),('gladis',3),('gloria',3),('goggi',3),('goggroxa',3),('gomez',3),('gosol',3),('gperalt5',3),('gra',3),('granja',3),('guaramirta',3),('guille',3),('guiller',3),('gustavo',3),('hunt',3),('ibarra',3),('irazusceci',3),('irazusta',3),('irinoe',3),('iris',3),('irma',3),('isabel',3),('iva',3),('jorge',3),('jorgelina',3),('josè',3),('josefa',3),('juan',3),('juani',3),('juany',3),('juli',3),('karina',3),('kity',3),('lelia',3),('lemos',3),('lemosole',3),('leo',3),('leon',3),('licha',3),('lila',3),('lili',3),('lilian',3),('lopez',3),('lore',3),('lorna',3),('luciano',3),('luly',3),('m.luz',3),('magda',3),('maira',3),('marce',3),('marcela',3),('mari',3),('maria',3),('mariana',3),('mariela',3),('marta',3),('martin',3),('matias',3),('mauri',3),('maxi',3),('menay',3),('mercedes',3),('mesusa',3),('mir',3),('moni',3),('moya',3),('mri',3),('nahara',3),('nahuel',3),('nancy',3),('nardi',3),('nati',3),('naty',3),('neli',3),('nelida',3),('nico',3),('nina',3),('nora',3),('norma',3),('novas',3),('olcese',3),('oscares',3),('pablo ',3),('paino',3),('pala',3),('paladino ',3),('paola',3),('parga',3),('pascaro',3),('patri',3),('pedro',3),('perez',3),('pesa',3),('pesce ',3),('peti',3),('piazze ',3),('pica',3),('pirito',3),('pocho',3),('poggi ',3),('pom',3),('popa',3),('posse',3),('prez ',3),('priscila',3),('ratto ',3),('rey ',3),('ricardo',3),('rios ',3),('riverlucia',3),('roberto',3),('roca',3),('rodri',3),('romano',3),('romi',3),('rosa',3),('rosana',3),('roxana',3),('ruben',3),('rubino ',3),('sabella',3),('sabri ',3),('samanta',3),('sanchez',3),('santana',3),('santia',3),('savino',3),('sentin',3),('seriog',3),('sicosan',3),('silvestri',3),('silvia',3),('sivia',3),('sole',3),('sopato',3),('suaedu',3),('suarez',3),('taborda',3),('taverna',3),('telma',3),('teresa',3),('tereza',3),('tobo ',3),('truebalili',3),('trusjavy',3),('trusso',3),('tusso ',3),('unzao',3),('uviedo ',3),('vale',3),('vanesa',3),('vani',3),('vejuan',3),('vero',3),('vespa',3),('vezzozo',3),('villa',3),('villalili',3),('villaruelm',3),('villeama',3),('vivas ',3),('willians',3),('xeje1',3),('xxxx',3),('yanina',3),('zaba',3),('zamora',3),('zaza',3),('zulma',3),('moquehua',4),('admin',5),('monica',5),('lyp',6);

--
-- Temporary view structure for view `v_departamentos`
--

/*!50001 DROP VIEW IF EXISTS `v_departamentos`*/;
/*!50001 CREATE VIEW `v_departamentos` AS SELECT 
 1 AS `id`,
 1 AS `pcia_id`,
 1 AS `descripcion`*/;

--
-- Temporary view structure for view `v_materiales`
--

/*!50001 DROP VIEW IF EXISTS `v_materiales`*/;
/*!50001 CREATE VIEW `v_materiales` AS SELECT 
 1 AS `codigo`,
 1 AS `material`*/;

--
-- Temporary view structure for view `v_provincias`
--

/*!50001 DROP VIEW IF EXISTS `v_provincias`*/;
/*!50001 CREATE VIEW `v_provincias` AS SELECT 
 1 AS `id`,
 1 AS `pais_id`,
 1 AS `descripcion`*/;

--
-- Temporary view structure for view `v_stock`
--

/*!50001 DROP VIEW IF EXISTS `v_stock`*/;
/*!50001 CREATE VIEW `v_stock` AS SELECT 
 1 AS `art_id`,
 1 AS `estk_id`,
 1 AS `dep_id`,
 1 AS `suc_id`,
 1 AS `com_id`,
 1 AS `pvee_id`,
 1 AS `talle_id`,
 1 AS `cantidad`,
 1 AS `mar_id`,
 1 AS `rbro_id`,
 1 AS `codigo_material`,
 1 AS `id_tp`,
 1 AS `id_mod`*/;

--
-- Dumping routines for database 'lypcom_colchones'
--
/*!50003 DROP PROCEDURE IF EXISTS `actualizacion_id_articulo` */;
DELIMITER ;;
CREATE DEFINER=`colchones_user`@`localhost` PROCEDURE `actualizacion_id_articulo`()
BEGIN
DECLARE done INT DEFAULT FALSE             ;  
DECLARE part_id     INT(10)                ; 
DECLARE pcom_id     INT(10)                ; 
DECLARE pmar_id     INT(10)                ; 
DECLARE prbro_id     INT(10)                ; 
DECLARE ptalle_id     INT(10)                ; 
DECLARE pcodigo_material     INT(10)                ; 
DECLARE pid_tp     INT(10)                ; 
DECLARE pid_den     INT(10)                ; 
DECLARE pid_mod     INT(10)                ; 
DECLARE ppvee_id     INT(10)                ; 
DECLARE psuc_id     INT(10)                ; 
DECLARE pdep_id     INT(10)                ; 


DECLARE cur1 CURSOR FOR
                     SELECT 
						id_articulo, 
						com_id,
						mar_id,
						rbro_id,
						id_talle,
						codigo_material,
						id_tp,
             id_den,
             id_mod,
             pvee_id
        
						FROM articulos   
            order by id_articulo;
DECLARE CONTINUE HANDLER FOR NOT FOUND SET done = TRUE;

OPEN cur1;
     ciclo1 : LOOP 
	FETCH cur1 INTO part_id,pcom_id,pmar_id,prbro_id,ptalle_id,pcodigo_material,pid_tp,
             pid_den,
             pid_mod,ppvee_id;
     IF done THEN
        CLOSE cur1;
        LEAVE ciclo1;
     END IF;                 


select part_id,ptalle_id,pcodigo_material;

update stock
set art_id = part_id

where com_id = pcom_id
and mar_id = pmar_id
and rbro_id = prbro_id
and talle_id = ptalle_id
and codigo_material = pcodigo_material
and id_tp = pid_tp
and pvee_id = ppvee_id
and id_mod = pid_mod
and id_den = pid_den
;

END LOOP ciclo1;
END ;;
DELIMITER ;

--
-- Final view structure for view `v_departamentos`
--

/*!50001 DROP VIEW IF EXISTS `v_departamentos`*/;
/*!50001 CREATE ALGORITHM=UNDEFINED */
/*!50013 DEFINER=`colchones_user`@`localhost` SQL SECURITY DEFINER */
/*!50001 VIEW `v_departamentos` AS select `departamentos`.`id` AS `id`,`departamentos`.`pcia_id` AS `pcia_id`,`departamentos`.`descripcion` AS `descripcion` from `departamentos` */;

--
-- Final view structure for view `v_materiales`
--

/*!50001 DROP VIEW IF EXISTS `v_materiales`*/;
/*!50001 CREATE ALGORITHM=UNDEFINED */
/*!50013 DEFINER=`colchones_user`@`localhost` SQL SECURITY DEFINER */
/*!50001 VIEW `v_materiales` AS select `materiales`.`codigo` AS `codigo`,`materiales`.`descripcion` AS `material` from `materiales` */;

--
-- Final view structure for view `v_provincias`
--

/*!50001 DROP VIEW IF EXISTS `v_provincias`*/;
/*!50001 CREATE ALGORITHM=UNDEFINED */
/*!50013 DEFINER=`colchones_user`@`localhost` SQL SECURITY DEFINER */
/*!50001 VIEW `v_provincias` AS select `provincias`.`id` AS `id`,`provincias`.`pais_id` AS `pais_id`,`provincias`.`descripcion` AS `descripcion` from `provincias` */;

--
-- Final view structure for view `v_stock`
--

/*!50001 DROP VIEW IF EXISTS `v_stock`*/;
/*!50001 CREATE ALGORITHM=UNDEFINED */
/*!50013 DEFINER=`colchones_user`@`localhost` SQL SECURITY DEFINER */
/*!50001 VIEW `v_stock` AS select `stock`.`art_id` AS `art_id`,`stock`.`estk_id` AS `estk_id`,`stock`.`dep_id` AS `dep_id`,`stock`.`suc_id` AS `suc_id`,`stock`.`com_id` AS `com_id`,`stock`.`pvee_id` AS `pvee_id`,`stock`.`talle_id` AS `talle_id`,`stock`.`cantidad` AS `cantidad`,`stock`.`mar_id` AS `mar_id`,`stock`.`rbro_id` AS `rbro_id`,`stock`.`codigo_material` AS `codigo_material`,`stock`.`id_tp` AS `id_tp`,`stock`.`id_mod` AS `id_mod` from `stock` */;


