(162652,'2025-10-03 11:16:37','admin','form_articulos','Scriptcase','190.175.131.10','update','--> keys <-- mar_id : 72||rbro_id : 36||id : 2500||id_temp : 1||--> fields <-- descripcion (old)  : TRAJE DE BAÑO ESTAMPA||descripcion (new)  : TRAJE DE BAÑO TODOS'),(162653,'2025-10-03 11:16:41','admin','grid_articulos','Scriptcase','190.175.131.10','access',''),(162654,'2025-10-03 11:17:19','admin','form_articulos','Scriptcase','190.175.131.10','access',''),(162655,'2025-10-03 11:20:26','admin','form_articulos','Scriptcase','190.175.131.10','insert','--> keys <-- mar_id : 72||rbro_id : 1||id : 2660||id_temp : 1||--> fields <-- descripcion (new)  : M-LARGA C-MAO LINO LISA||cod_barra_origen (new)  : ||cod_barra_local (new)  : ||fecha_baja (new)  : null||precio_costo (new)  : 34000.00||precio_iva (new)  : 0||tasa_id (new)  : 0||id_tpu (new)  : 2||precio_final_compra (new)  : 34000.00||Precio_ctdo (new)  : 77500.00||Precio_cta_cte (new)  : 85300.00||Precio_tarjeta (new)  : 93800.00||Precio_oferta (new)  : 0||mctdo (new)  : 123.00||mctacte (new)  : 10.00||motro (new)  : 10.00'),(162656,'2025-10-03 11:21:32','admin','form_articulos','Scriptcase','190.175.131.10','insert','--> keys <-- mar_id : 72||rbro_id : 1||id : 2670||id_temp : 1||--> fields <-- descripcion (new)  : M-CORTA LINO LISA||cod_barra_origen (new)  : ||cod_barra_local (new)  : ||fecha_baja (new)  : null||precio_costo (new)  : 33000.00||precio_iva (new)  : 0||tasa_id (new)  : 0||id_tpu (new)  : 2||precio_final_compra (new)  : 33000.00||Precio_ctdo (new)  : 72900.00||Precio_cta_cte (new)  : 80200.00||Precio_tarjeta (new)  : 88200.00||Precio_oferta (new)  : 0||mctdo (new)  : 123.00||mctacte (new)  : 10.00||motro (new)  : 10.00'),(162657,'2025-10-03 11:23:24','admin','form_articulos','Scriptcase','190.175.131.10','insert','--> keys <-- mar_id : 72||rbro_id : 3||id : 3100||id_temp : 1||--> fields <-- descripcion (new)  : LINO CINT.ELASTIZADA||cod_barra_origen (new)  : ||cod_barra_local (new)  : ||fecha_baja (new)  : null||precio_costo (new)  : 47000.00||precio_iva (new)  : 0||tasa_id (new)  : 0||id_tpu (new)  : 2||precio_final_compra (new)  : 47000.00||Precio_ctdo (new)  : 99800.00||Precio_cta_cte (new)  : 109800.00||Precio_tarjeta (new)  : 120800.00||Precio_oferta (new)  : 0||mctdo (new)  : 123.00||mctacte (new)  : 10.00||motro (new)  : 10.00'),(162658,'2025-10-03 11:23:29','admin','grid_articulos','Scriptcase','190.175.131.10','access',''),(162659,'2025-10-03 11:24:35','admin','grid_articulos','Scriptcase','190.175.131.10','access',''),(162660,'2025-10-03 11:24:39','admin','form_articulos','Scriptcase','190.175.131.10','access',''),(162661,'2025-10-03 11:25:41','admin','form_articulos','Scriptcase','190.175.131.10','insert','--> keys <-- mar_id : 72||rbro_id : 23||id : 4500||id_temp : 1||--> fields <-- descripcion (new)  : MOCHILA CUERO||cod_barra_origen (new)  : ||cod_barra_local (new)  : ||fecha_baja (new)  : null||precio_costo (new)  : 45000.00||precio_iva (new)  : 0||tasa_id (new)  : 0||id_tpu (new)  : 2||precio_final_compra (new)  : 45000.00||Precio_ctdo (new)  : 99800.00||Precio_cta_cte (new)  : 109800.00||Precio_tarjeta (new)  : 120800.00||Precio_oferta (new)  : 0||mctdo (new)  : 123.00||mctacte (new)  : 10.00||motro (new)  : 10.00'),(162662,'2025-10-03 11:25:45','admin','grid_articulos','Scriptcase','190.175.131.10','access',''),(162663,'2025-10-03 14:16:13','','app_Login','Scriptcase','95.173.216.34','access',''),(162664,'2025-10-03 14:16:19','','app_Login','Scriptcase','95.173.216.34','access',''),(162665,'2025-10-03 14:16:19','','app_Login','Scriptcase','95.173.216.34','access',''),(162666,'2025-10-03 14:33:22','','app_Login','Scriptcase','167.94.145.101','access',''),(162667,'2025-10-04 01:33:27','','app_Login','Scriptcase','34.32.135.176','access',''),(162668,'2025-10-04 09:57:27','','app_Login','Scriptcase','190.175.134.136','access',''),(162669,'2025-10-04 09:57:32','carsi','app_logged','Scriptcase','190.175.134.136','access',''),(162670,'2025-10-04 09:57:35','carsi','app_logged','User','190.175.134.136','login','¡Ingresado en el sistema!'),(162671,'2025-10-04 09:57:37','carsi','app_menu','Scriptcase','190.175.134.136','access',''),(162672,'2025-10-04 09:57:44','carsi','grid_ventas_carci','Scriptcase','190.175.134.136','access',''),(162673,'2025-10-04 09:57:49','carsi','form_facturas_carci','Scriptcase','190.175.134.136','access',''),(162674,'2025-10-04 09:57:53','carsi','form_factura_detalle','Scriptcase','190.175.134.136','access',''),(162675,'2025-10-04 09:58:08','carsi','grid_ventas_carci','Scriptcase','190.175.134.136','access',''),(162676,'2025-10-04 10:37:17','carsi','form_facturas_carci','Scriptcase','190.175.134.136','access',''),(162677,'2025-10-04 10:37:17','carsi','form_factura_detalle','Scriptcase','190.175.134.136','access',''),(162678,'2025-10-04 10:37:31','carsi','form_facturas_carci','Scriptcase','190.175.134.136','update','--> keys <-- idfacturas : 11496'),(162679,'2025-10-04 10:37:35','carsi','grid_ventas_carci','Scriptcase','190.175.134.136','access',''),(162680,'2025-10-04 10:59:22','carsi','form_facturas_carci','Scriptcase','190.175.134.136','access',''),(162681,'2025-10-04 10:59:27','carsi','form_factura_detalle','Scriptcase','190.175.134.136','access',''),(162682,'2025-10-04 10:59:43','carsi','grid_ventas_carci','Scriptcase','190.175.134.136','access',''),(162683,'2025-10-04 11:17:24','carsi','form_facturas_carci','Scriptcase','190.175.134.136','access',''),(162684,'2025-10-04 11:17:50','carsi','form_factura_detalle','Scriptcase','190.175.134.136','access',''),(162685,'2025-10-04 11:18:00','carsi','grid_ventas_carci','Scriptcase','190.175.134.136','access',''),(162686,'2025-10-04 11:48:50','','app_Login','Scriptcase','190.175.134.136','access',''),(162687,'2025-10-04 11:48:54','admin','app_logged','Scriptcase','190.175.134.136','access',''),(162688,'2025-10-04 11:48:58','admin','app_logged','User','190.175.134.136','login','¡Ingresado en el sistema!'),(162689,'2025-10-04 11:48:58','admin','app_menu','Scriptcase','190.175.134.136','access',''),(162690,'2025-10-04 12:33:01','','app_Login','Scriptcase','190.175.134.136','access',''),(162691,'2025-10-04 12:33:04','carsi','app_logged','Scriptcase','190.175.134.136','access',''),(162692,'2025-10-04 12:33:08','carsi','app_logged','User','190.175.134.136','login','¡Ingresado en el sistema!'),(162693,'2025-10-04 12:33:09','carsi','app_menu','Scriptcase','190.175.134.136','access',''),(162694,'2025-10-04 12:33:12','carsi','grid_ventas_carci','Scriptcase','190.175.134.136','access',''),(162695,'2025-10-04 12:33:14','carsi','form_facturas_carci','Scriptcase','190.175.134.136','access',''),(162696,'2025-10-04 12:33:17','carsi','form_factura_detalle','Scriptcase','190.175.134.136','access',''),(162697,'2025-10-04 12:34:32','carsi','grid_ventas_carci','Scriptcase','190.175.134.136','access',''),(162698,'2025-10-04 16:25:09','','app_Login','Scriptcase','190.175.134.136','access',''),(162699,'2025-10-04 16:25:14','carsi','app_logged','Scriptcase','190.175.134.136','access',''),(162700,'2025-10-04 16:25:17','carsi','app_logged','User','190.175.134.136','login','¡Ingresado en el sistema!'),(162701,'2025-10-04 16:25:18','carsi','app_menu','Scriptcase','190.175.134.136','access',''),(162702,'2025-10-04 16:25:24','carsi','grid_ventas_carci','Scriptcase','190.175.134.136','access',''),(162703,'2025-10-04 18:17:54','','app_Login','Scriptcase','190.175.134.136','access',''),(162704,'2025-10-04 18:18:02','admin','app_logged','Scriptcase','190.175.134.136','access',''),(162705,'2025-10-04 18:18:04','admin','app_logged','User','190.175.134.136','login','¡Ingresado en el sistema!'),(162706,'2025-10-04 18:18:04','admin','app_menu','Scriptcase','190.175.134.136','access',''),(162707,'2025-10-04 18:18:11','admin','control_2','Scriptcase','190.175.134.136','access',''),(162708,'2025-10-04 18:18:21','admin','grid_compras','Scriptcase','190.175.134.136','access',''),(162709,'2025-10-04 18:18:25','admin','form_compras','Scriptcase','190.175.134.136','access',''),(162710,'2025-10-04 18:21:03','admin','form_compras','Scriptcase','190.175.134.136','insert','--> keys <-- id : 956||--> fields <-- fecha_comp (new)  : 2025-09-03||periodo_fiscal (new)  : 2025-09-01||tipo_comp (new)  : 1||letra_comp (new)  : 1||nro_comp (new)  : 002800078436||apeynom (new)  : HUAPI-TANNERY||cuit (new)  : 23052599989||cuit_vendedor (new)  : 30599904596||concepto (new)  : COMPRA||neto (new)  : 1431520.00||no_gravado (new)  : 0||exentas (new)  : 0||iva_descrim (new)  : 300619.20||acrec_descrim (new)  : 0||ret_perc (new)  : 0||cred_fiscal (new)  : 0||total_ope (new)  : 1732139.20||pcia (new)  : 03||cliweb (new)  : 1||tipo_doc (new)  : 80||iva_105 (new)  : 0||iva_27 (new)  : 0||imp_iibb (new)  : 0'),(162711,'2025-10-04 18:22:10','admin','form_compras','Scriptcase','190.175.134.136','insert','--> keys <-- id : 957||--> fields <-- fecha_comp (new)  : 2025-09-04||periodo_fiscal (new)  : 2025-09-01||tipo_comp (new)  : 1||letra_comp (new)  : 1||nro_comp (new)  : 002800078455||apeynom (new)  : HUAPI-TANNERY||cuit (new)  : 23052599989||cuit_vendedor (new)  : 30599904596||concepto (new)  : COMPRA||neto (new)  : 539400.00||no_gravado (new)  : 0||exentas (new)  : 0||iva_descrim (new)  : 113274.00||acrec_descrim (new)  : 0||ret_perc (new)  : 0||cred_fiscal (new)  : 0||total_ope (new)  : 652674.00||pcia (new)  : 03||cliweb (new)  : 1||tipo_doc (new)  : 80||iva_105 (new)  : 0||iva_27 (new)  : 0||imp_iibb (new)  : 0'),(162712,'2025-10-04 18:24:03','admin','form_compras','Scriptcase','190.175.134.136','insert','--> keys <-- id : 958||--> fields <-- fecha_comp (new)  : 2025-09-03||periodo_fiscal (new)  : 2025-09-01||tipo_comp (new)  : 1||letra_comp (new)  : 1||nro_comp (new)  : 001100129486||apeynom (new)  : FAMYL||cuit (new)  : 23052599989||cuit_vendedor (new)  : 30589486648||concepto (new)  : COMPRA||neto (new)  : 232936.65||no_gravado (new)  : 0||exentas (new)  : 0||iva_descrim (new)  : 0||acrec_descrim (new)  : 0||ret_perc (new)  : 0||cred_fiscal (new)  : 0||total_ope (new)  : 257395.00||pcia (new)  : 01||cliweb (new)  : 1||tipo_doc (new)  : 80||iva_105 (new)  : 24458.35||iva_27 (new)  : 0||imp_iibb (new)  : 0'),(162713,'2025-10-04 18:25:59','admin','form_compras','Scriptcase','190.175.134.136','insert','--> keys <-- id : 959||--> fields <-- fecha_comp (new)  : 2025-09-04||periodo_fiscal (new)  : 2025-09-01||tipo_comp (new)  : 1||letra_comp (new)  : 1||nro_comp (new)  : 000200004924||apeynom (new)  : SANTA BOHEMIA||cuit (new)  : 23052599989||cuit_vendedor (new)  : 33715207139||concepto (new)  : COMPRA||neto (new)  : 2339689.55||no_gravado (new)  : 0||exentas (new)  : 0||iva_descrim (new)  : 491334.81||acrec_descrim (new)  : 0||ret_perc (new)  : 0||cred_fiscal (new)  : 0||total_ope (new)  : 2831024.36||pcia (new)  : 01||cliweb (new)  : 1||tipo_doc (new)  : 80||iva_105 (new)  : 0||iva_27 (new)  : 0||imp_iibb (new)  : 0'),(162714,'2025-10-04 18:30:35','admin','form_compras','Scriptcase','190.175.134.136','insert','--> keys <-- id : 960||--> fields <-- fecha_comp (new)  : 2025-09-04||periodo_fiscal (new)  : 2025-09-01||tipo_comp (new)  : 1||letra_comp (new)  : 1||nro_comp (new)  : 000600001841||apeynom (new)  : VENECIA CAMISAS||cuit (new)  : 23052599989||cuit_vendedor (new)  : 20045256791||concepto (new)  : COMPRA||neto (new)  : 495350.00||no_gravado (new)  : 0||exentas (new)  : 0||iva_descrim (new)  : 104023.50||acrec_descrim (new)  : 0||ret_perc (new)  : 0||cred_fiscal (new)  : 0||total_ope (new)  : 599373.50||pcia (new)  : 01||cliweb (new)  : 1||tipo_doc (new)  : 80||iva_105 (new)  : 0||iva_27 (new)  : 0||imp_iibb (new)  : 0'),(162715,'2025-10-04 18:32:09','admin','form_compras','Scriptcase','190.175.134.136','insert','--> keys <-- id : 961||--> fields <-- fecha_comp (new)  : 2025-09-04||periodo_fiscal (new)  : 2025-09-01||tipo_comp (new)  : 1||letra_comp (new)  : 1||nro_comp (new)  : 000600001842||apeynom (new)  : VENECIA||cuit (new)  : 23052599989||cuit_vendedor (new)  : 20045256791||concepto (new)  : COMPRA||neto (new)  : 335400.00||no_gravado (new)  : 0||exentas (new)  : 0||iva_descrim (new)  : 70434.00||acrec_descrim (new)  : 0||ret_perc (new)  : 0||cred_fiscal (new)  : 0||total_ope (new)  : 405834.00||pcia (new)  : 01||cliweb (new)  : 1||tipo_doc (new)  : 80||iva_105 (new)  : 0||iva_27 (new)  : 0||imp_iibb (new)  : 0'),(162716,'2025-10-04 18:33:57','admin','form_compras','Scriptcase','190.175.134.136','insert','--> keys <-- id : 962||--> fields <-- fecha_comp (new)  : 2025-09-05||periodo_fiscal (new)  : 2025-09-01||tipo_comp (new)  : 1||letra_comp (new)  : 1||nro_comp (new)  : 015800043093||apeynom (new)  : VENECIA||cuit (new)  : 23052599989||cuit_vendedor (new)  : 20045256791||concepto (new)  : COMPRA||neto (new)  : 563631.36||no_gravado (new)  : 0||exentas (new)  : 0||iva_descrim (new)  : 118362.59||acrec_descrim (new)  : 0||ret_perc (new)  : 0||cred_fiscal (new)  : 0||total_ope (new)  : 681993.95||pcia (new)  : 01||cliweb (new)  : 1||tipo_doc (new)  : 80||iva_105 (new)  : 0||iva_27 (new)  : 0||imp_iibb (new)  : 0'),(162717,'2025-10-04 18:37:07','admin','form_compras','Scriptcase','190.175.134.136','insert','--> keys <-- id : 963||--> fields <-- fecha_comp (new)  : 2025-08-26||periodo_fiscal (new)  : 2025-09-01||tipo_comp (new)  : 1||letra_comp (new)  : 1||nro_comp (new)  : 015800042954||apeynom (new)  : YAGMOUR||cuit (new)  : 23052599989||cuit_vendedor (new)  : 30578204713||concepto (new)  : COMPRA||neto (new)  : 555445.00||no_gravado (new)  : 0||exentas (new)  : 0||iva_descrim (new)  : 116643.45||acrec_descrim (new)  : 0||ret_perc (new)  : 0||cred_fiscal (new)  : 0||total_ope (new)  : 672088.45||pcia (new)  : 01||cliweb (new)  : 1||tipo_doc (new)  : 80||iva_105 (new)  : 0||iva_27 (new)  : 0||imp_iibb (new)  : 0'),(162718,'2025-10-04 20:08:26','','app_Login','Scriptcase','190.175.134.136','access',''),(162719,'2025-10-04 20:08:33','carsi','app_logged','Scriptcase','190.175.134.136','access',''),(162720,'2025-10-04 20:08:36','carsi','app_logged','User','190.175.134.136','login','¡Ingresado en el sistema!'),(162721,'2025-10-04 20:08:36','carsi','app_menu','Scriptcase','190.175.134.136','access',''),(162722,'2025-10-04 20:08:40','carsi','grid_ventas_carci','Scriptcase','190.175.134.136','access',''),(162723,'2025-10-05 06:32:52','','app_Login','Scriptcase','20.171.207.92','access',''),(162724,'2025-10-05 19:20:07','','app_Login','Scriptcase','190.175.128.170','access',''),(162725,'2025-10-05 19:20:10','admin','app_logged','Scriptcase','190.175.128.170','access',''),(162726,'2025-10-05 19:20:13','admin','app_logged','User','190.175.128.170','login','¡Ingresado en el sistema!'),(162727,'2025-10-05 19:20:15','admin','app_menu','Scriptcase','190.175.128.170','access',''),(162728,'2025-10-07 03:26:24','','app_Login','Scriptcase','36.77.24.7','access',''),(162729,'2025-10-07 03:26:56','','app_Login','Scriptcase','36.77.24.7','access',''),(162730,'2025-10-07 03:27:03','','app_Login','Scriptcase','36.77.24.7','access',''),(162731,'2025-10-07 17:39:31','','app_Login','Scriptcase','190.175.134.68','access',''),(162732,'2025-10-07 17:39:38','carsi','app_logged','Scriptcase','190.175.134.68','access',''),(162733,'2025-10-07 17:40:02','carsi','app_logged','User','190.175.134.68','login','¡Ingresado en el sistema!'),(162734,'2025-10-07 17:40:02','carsi','app_menu','Scriptcase','190.175.134.68','access',''),(162735,'2025-10-07 17:40:07','carsi','grid_ventas_carci','Scriptcase','190.175.134.68','access',''),(162736,'2025-10-07 17:40:26','carsi','form_facturas_carci','Scriptcase','190.175.134.68','access',''),(162737,'2025-10-07 17:40:44','carsi','form_factura_detalle','Scriptcase','190.175.134.68','access',''),(162738,'2025-10-07 17:40:58','carsi','grid_ventas_carci','Scriptcase','190.175.134.68','access',''),(162739,'2025-10-07 18:12:39','','grid_ventas_carci','Scriptcase','190.175.134.68','access',''),(162740,'2025-10-07 18:12:41','','app_Login','Scriptcase','190.175.134.68','access',''),(162741,'2025-10-07 18:12:45','carsi','app_logged','Scriptcase','190.175.134.68','access',''),(162742,'2025-10-07 18:12:47','carsi','app_logged','User','190.175.134.68','login','¡Ingresado en el sistema!'),(162743,'2025-10-07 18:12:47','carsi','app_menu','Scriptcase','190.175.134.68','access',''),(162744,'2025-10-07 18:12:55','carsi','grid_ventas_carci','Scriptcase','190.175.134.68','access',''),(162745,'2025-10-07 18:39:56','','app_Login','Scriptcase','190.175.134.68','access',''),(162746,'2025-10-07 18:40:00','carsi','app_logged','Scriptcase','190.175.134.68','access',''),(162747,'2025-10-07 18:40:05','carsi','app_logged','User','190.175.134.68','login','¡Ingresado en el sistema!'),(162748,'2025-10-07 18:40:06','carsi','app_menu','Scriptcase','190.175.134.68','access',''),(162749,'2025-10-07 18:47:35','carsi','grid_ventas_carci','Scriptcase','190.175.134.68','access',''),(162750,'2025-10-07 18:47:49','carsi','form_facturas_carci','Scriptcase','190.175.134.68','access',''),(162751,'2025-10-07 18:47:52','carsi','form_factura_detalle','Scriptcase','190.175.134.68','access',''),(162752,'2025-10-07 18:48:06','carsi','grid_ventas_carci','Scriptcase','190.175.134.68','access',''),(162753,'2025-10-07 19:13:07','carsi','form_facturas_carci','Scriptcase','190.175.134.68','access',''),(162754,'2025-10-07 19:13:10','carsi','form_factura_detalle','Scriptcase','190.175.134.68','access',''),(162755,'2025-10-07 19:13:24','carsi','grid_ventas_carci','Scriptcase','190.175.134.68','access',''),(162756,'2025-10-07 19:22:05','carsi','form_facturas_carci','Scriptcase','190.175.134.68','access',''),(162757,'2025-10-07 19:22:19','carsi','form_factura_detalle','Scriptcase','190.175.134.68','access',''),(162758,'2025-10-07 19:22:30','carsi','grid_ventas_carci','Scriptcase','190.175.134.68','access',''),(162759,'2025-10-07 20:07:31','carsi','form_facturas_carci','Scriptcase','190.175.134.68','access',''),(162760,'2025-10-07 20:09:30','carsi','form_factura_detalle','Scriptcase','190.175.134.68','access',''),(162761,'2025-10-07 20:09:45','carsi','grid_ventas_carci','Scriptcase','190.175.134.68','access',''),(162762,'2025-10-07 23:38:51','','app_Login','Scriptcase','95.173.216.42','access',''),(162763,'2025-10-07 23:39:20','','app_Login','Scriptcase','95.173.216.42','access',''),(162764,'2025-10-07 23:39:26','','app_Login','Scriptcase','95.173.216.42','access',''),(162765,'2025-10-08 09:46:24','','app_Login','Scriptcase','190.175.134.68','access',''),(162766,'2025-10-08 09:46:29','carsi','app_logged','Scriptcase','190.175.134.68','access',''),(162767,'2025-10-08 09:46:42','carsi','app_logged','User','190.175.134.68','login','¡Ingresado en el sistema!'),(162768,'2025-10-08 09:46:43','carsi','app_menu','Scriptcase','190.175.134.68','access',''),(162769,'2025-10-08 09:46:47','carsi','grid_ventas_carci','Scriptcase','190.175.134.68','access',''),(162770,'2025-10-08 09:46:51','carsi','form_facturas_carci','Scriptcase','190.175.134.68','access',''),(162771,'2025-10-08 09:47:11','carsi','form_factura_detalle','Scriptcase','190.175.134.68','access',''),(162772,'2025-10-08 10:31:55','carsi','grid_ventas_carci','Scriptcase','190.175.134.68','access',''),(162773,'2025-10-08 10:32:13','carsi','form_facturas_carci','Scriptcase','190.175.134.68','access',''),(162774,'2025-10-08 10:32:19','carsi','grid_ventas_carci','Scriptcase','190.175.134.68','access',''),(162775,'2025-10-08 10:32:22','carsi','form_facturas_carci','Scriptcase','190.175.134.68','access',''),(162776,'2025-10-08 10:32:33','carsi','form_factura_detalle','Scriptcase','190.175.134.68','access',''),(162777,'2025-10-08 10:32:44','carsi','grid_ventas_carci','Scriptcase','190.175.134.68','access',''),(162778,'2025-10-08 12:38:30','','app_Login','Scriptcase','185.247.137.58','access',''),(162779,'2025-10-08 13:20:05','','app_Login','Scriptcase','20.171.207.131','access',''),(162780,'2025-10-08 17:58:35','','app_Login','Scriptcase','190.175.152.152','access',''),(162781,'2025-10-08 17:58:38','admin','app_logged','Scriptcase','190.175.152.152','access',''),(162782,'2025-10-08 17:58:41','admin','app_logged','User','190.175.152.152','login','¡Ingresado en el sistema!'),(162783,'2025-10-08 17:58:41','admin','app_menu','Scriptcase','190.175.152.152','access',''),(162784,'2025-10-08 17:58:45','admin','grid_articulos','Scriptcase','190.175.152.152','access',''),(162785,'2025-10-08 18:00:32','admin','grid_articulos','Scriptcase','190.175.152.152','access',''),(162786,'2025-10-08 18:01:15','admin','form_articulos','Scriptcase','190.175.152.152','access',''),(162787,'2025-10-08 18:01:27','admin','form_articulos','Scriptcase','190.175.152.152','update','--> keys <-- mar_id : 85||rbro_id : 8||id : 613||id_temp : 1||--> fields <-- precio_costo (old)  : 6420.00||precio_costo (new)  : 8900.00||precio_final_compra (old)  : 6420.00||precio_final_compra (new)  : 8900.00||Precio_ctdo (old)  : 17500.00||Precio_ctdo (new)  : 19800.00||Precio_cta_cte (old)  : 19300.00||Precio_cta_cte (new)  : 21800.00||Precio_tarjeta (old)  : 21200.00||Precio_tarjeta (new)  : 24000.00||mctdo (old)  : 130.00||mctdo (new)  : 123.00'),(162788,'2025-10-08 18:01:29','admin','grid_articulos','Scriptcase','190.175.152.152','access',''),(162789,'2025-10-08 18:01:32','admin','form_articulos','Scriptcase','190.175.152.152','access',''),(162790,'2025-10-08 18:01:38','admin','form_articulos','Scriptcase','190.175.152.152','update','--> keys <-- mar_id : 85||rbro_id : 8||id : 624||id_temp : 1||--> fields <-- precio_costo (old)  : 6420.00||precio_costo (new)  : 8900.00||precio_final_compra (old)  : 6420.00||precio_final_compra (new)  : 8900.00||Precio_ctdo (old)  : 17500.00||Precio_ctdo (new)  : 19800.00||Precio_cta_cte (old)  : 19300.00||Precio_cta_cte (new)  : 21800.00||Precio_tarjeta (old)  : 21200.00||Precio_tarjeta (new)  : 24000.00||mctdo (old)  : 130.00||mctdo (new)  : 123.00'),(162791,'2025-10-08 18:01:40','admin','grid_articulos','Scriptcase','190.175.152.152','access',''),(162792,'2025-10-08 18:02:37','admin','form_articulos','Scriptcase','190.175.152.152','access',''),(162793,'2025-10-08 18:02:53','admin','form_articulos','Scriptcase','190.175.152.152','update','--> keys <-- mar_id : 85||rbro_id : 9||id : 27||id_temp : 1||--> fields <-- precio_costo (old)  : 4120.00||precio_costo (new)  : 4900.00||precio_final_compra (old)  : 4120.00||precio_final_compra (new)  : 4900.00||mctdo (old)  : 130.00||mctdo (new)  : 123.00'),(162794,'2025-10-08 18:02:55','admin','grid_articulos','Scriptcase','190.175.152.152','access',''),(162795,'2025-10-08 18:03:00','admin','form_articulos','Scriptcase','190.175.152.152','access',''),(162796,'2025-10-08 18:04:05','admin','form_articulos','Scriptcase','190.175.152.152','update','--> keys <-- mar_id : 85||rbro_id : 9||id : 28||id_temp : 1||--> fields <-- precio_costo (old)  : 4470.00||precio_costo (new)  : 5200.00||precio_final_compra (old)  : 4470.00||precio_final_compra (new)  : 5200.00||Precio_ctdo (old)  : 11900.00||Precio_ctdo (new)  : 11600.00||Precio_cta_cte (old)  : 13100.00||Precio_cta_cte (new)  : 12800.00||Precio_tarjeta (old)  : 14400.00||Precio_tarjeta (new)  : 14100.00||mctdo (old)  : 130.00||mctdo (new)  : 123.00'),(162797,'2025-10-08 18:04:08','admin','grid_articulos','Scriptcase','190.175.152.152','access',''),(162798,'2025-10-08 18:42:32','','app_Login','Scriptcase','190.175.152.152','access',''),(162799,'2025-10-08 18:42:44','carsi','app_logged','Scriptcase','190.175.152.152','access',''),(162800,'2025-10-08 18:42:53','carsi','app_logged','User','190.175.152.152','login','¡Ingresado en el sistema!'),(162801,'2025-10-08 18:42:54','carsi','app_menu','Scriptcase','190.175.152.152','access',''),(162802,'2025-10-08 18:42:59','carsi','grid_ventas_carci','Scriptcase','190.175.152.152','access',''),(162803,'2025-10-08 18:43:15','carsi','form_facturas_carci','Scriptcase','190.175.152.152','access',''),(162804,'2025-10-08 18:43:18','carsi','form_factura_detalle','Scriptcase','190.175.152.152','access',''),(162805,'2025-10-08 18:43:31','carsi','grid_ventas_carci','Scriptcase','190.175.152.152','access',''),(162806,'2025-10-08 19:07:27','carsi','form_facturas_carci','Scriptcase','190.175.152.152','access',''),(162807,'2025-10-08 19:07:33','carsi','form_factura_detalle','Scriptcase','190.175.152.152','access',''),(162808,'2025-10-08 19:07:46','carsi','grid_ventas_carci','Scriptcase','190.175.152.152','access',''),(162809,'2025-10-08 20:35:46','','app_Login','Scriptcase','84.20.18.75','access',''),(162810,'2025-10-09 06:55:26','','app_Login','Scriptcase','167.99.177.23','access',''),(162811,'2025-10-09 11:29:03','','app_Login','Scriptcase','190.175.152.152','access',''),(162812,'2025-10-09 11:29:07','admin','app_logged','Scriptcase','190.175.152.152','access',''),(162813,'2025-10-09 11:29:09','admin','app_logged','User','190.175.152.152','login','¡Ingresado en el sistema!'),(162814,'2025-10-09 11:29:09','admin','app_menu','Scriptcase','190.175.152.152','access',''),(162815,'2025-10-09 11:29:14','admin','grid_articulos','Scriptcase','190.175.152.152','access',''),(162816,'2025-10-09 11:31:18','admin','form_articulos','Scriptcase','190.175.152.152','access',''),(162817,'2025-10-09 11:31:31','admin','form_articulos','Scriptcase','190.175.152.152','update','--> keys <-- mar_id : 33||rbro_id : 6||id : 1439||id_temp : 1||--> fields <-- precio_costo (old)  : 21900.00||precio_costo (new)  : 26050.00||precio_final_compra (old)  : 21900.00||precio_final_compra (new)  : 26050.00||Precio_ctdo (old)  : 55900.00||Precio_ctdo (new)  : 59800.00||Precio_cta_cte (old)  : 61500.00||Precio_cta_cte (new)  : 65800.00||Precio_tarjeta (old)  : 67700.00||Precio_tarjeta (new)  : 72400.00||mctdo (old)  : 140.00||mctdo (new)  : 123.00'),(162818,'2025-10-09 11:31:33','admin','grid_articulos','Scriptcase','190.175.152.152','access',''),(162819,'2025-10-09 11:53:30','admin','grid_articulos','Scriptcase','190.175.152.152','access',''),(162820,'2025-10-09 11:53:58','admin','form_articulos','Scriptcase','190.175.152.152','access',''),(162821,'2025-10-09 11:54:02','admin','grid_articulos','Scriptcase','190.175.152.152','access',''),(162822,'2025-10-09 11:54:07','admin','form_articulos','Scriptcase','190.175.152.152','access',''),(162823,'2025-10-09 11:55:21','admin','form_articulos','Scriptcase','190.175.152.152','update','--> keys <-- mar_id : 27||rbro_id : 23||id : 5418||id_temp : 1||--> fields <-- Precio_ctdo (old)  : 28700.00||Precio_ctdo (new)  : 29000.00||Precio_cta_cte (old)  : 31600.00||Precio_cta_cte (new)  : 31900.00||Precio_tarjeta (old)  : 34800.00||Precio_tarjeta (new)  : 35100.00||mctdo (old)  : 121.00||mctdo (new)  : 123.00'),(162824,'2025-10-09 11:55:23','admin','grid_articulos','Scriptcase','190.175.152.152','access',''),(162825,'2025-10-09 11:56:07','admin','form_articulos','Scriptcase','190.175.152.152','access',''),(162826,'2025-10-09 11:56:19','admin','form_articulos','Scriptcase','190.175.152.152','update','--> keys <-- mar_id : 27||rbro_id : 23||id : 8050||id_temp : 1||--> fields <-- Precio_ctdo (old)  : 55300.00||Precio_ctdo (new)  : 55800.00||Precio_cta_cte (old)  : 60800.00||Precio_cta_cte (new)  : 61400.00||Precio_tarjeta (old)  : 66900.00||Precio_tarjeta (new)  : 67500.00||mctdo (old)  : 121.00||mctdo (new)  : 123.00'),(162827,'2025-10-09 11:56:22','admin','grid_articulos','Scriptcase','190.175.152.152','access',''),(162828,'2025-10-09 11:59:44','admin','form_articulos','Scriptcase','190.175.152.152','access',''),(162829,'2025-10-09 12:00:30','admin','form_articulos','Scriptcase','190.175.152.152','update','--> keys <-- mar_id : 27||rbro_id : 26||id : 5510||id_temp : 1||--> fields <-- descripcion (old)  : JEAN STONE WASH||descripcion (new)  : JEAN Y GABARDINA TODAS||precio_costo (old)  : 45000.00||precio_costo (new)  : 40000.00||precio_final_compra (old)  : 45000.00||precio_final_compra (new)  : 40000.00||Precio_ctdo (old)  : 99000.00||Precio_ctdo (new)  : 89000.00||Precio_cta_cte (old)  : 108900.00||Precio_cta_cte (new)  : 97900.00||Precio_tarjeta (old)  : 119800.00||Precio_tarjeta (new)  : 107700.00||mctdo (old)  : 120.00||mctdo (new)  : 123.00'),(162830,'2025-10-09 12:00:32','admin','grid_articulos','Scriptcase','190.175.152.152','access',''),(162831,'2025-10-09 12:00:45','admin','form_articulos','Scriptcase','190.175.152.152','access',''),(162832,'2025-10-09 12:01:24','admin','form_articulos','Scriptcase','190.175.152.152','update','--> keys <-- mar_id : 27||rbro_id : 25||id : 7510||id_temp : 1||--> fields <-- precio_costo (old)  : 69950.00||precio_costo (new)  : 70000.00||precio_final_compra (old)  : 69950.00||precio_final_compra (new)  : 70000.00||Precio_ctdo (old)  : 153900.00||Precio_ctdo (new)  : 156000.00||Precio_cta_cte (old)  : 169300.00||Precio_cta_cte (new)  : 171600.00||Precio_tarjeta (old)  : 186200.00||Precio_tarjeta (new)  : 188800.00||mctdo (old)  : 120.00||mctdo (new)  : 123.00'),(162833,'2025-10-09 12:01:26','admin','grid_articulos','Scriptcase','190.175.152.152','access',''),(162834,'2025-10-09 12:01:34','admin','form_articulos','Scriptcase','190.175.152.152','access',''),(162835,'2025-10-09 12:01:54','admin','form_articulos','Scriptcase','190.175.152.152','update','--> keys <-- mar_id : 27||rbro_id : 25||id : 7707||id_temp : 1||--> fields <-- precio_costo (old)  : 94950.00||precio_costo (new)  : 95000.00||precio_final_compra (old)  : 94950.00||precio_final_compra (new)  : 95000.00||Precio_ctdo (old)  : 189900.00||Precio_ctdo (new)  : 211900.00||Precio_cta_cte (old)  : 208900.00||Precio_cta_cte (new)  : 233100.00||Precio_tarjeta (old)  : 229800.00||Precio_tarjeta (new)  : 256400.00||mctdo (old)  : 120.00||mctdo (new)  : 123.00'),(162836,'2025-10-09 12:01:56','admin','grid_articulos','Scriptcase','190.175.152.152','access',''),(162837,'2025-10-09 12:02:31','admin','form_articulos','Scriptcase','190.175.152.152','access',''),(162838,'2025-10-09 12:03:02','admin','form_articulos','Scriptcase','190.175.152.152','update','--> keys <-- mar_id : 27||rbro_id : 25||id : 7510||id_temp : 1||--> fields <-- descripcion (old)  : SAM SURCO||descripcion (new)  : SAM SURCO Y RED. TAJITO'),(162839,'2025-10-09 12:03:04','admin','grid_articulos','Scriptcase','190.175.152.152','access',''),(162840,'2025-10-09 12:03:41','admin','form_articulos','Scriptcase','190.175.152.152','access',''),(162841,'2025-10-09 12:03:50','admin','form_articulos','Scriptcase','190.175.152.152','update','--> keys <-- mar_id : 27||rbro_id : 5||id : 7331||id_temp : 1||--> fields <-- Precio_ctdo (old)  : 66300.00||Precio_ctdo (new)  : 66900.00||Precio_cta_cte (old)  : 72900.00||Precio_cta_cte (new)  : 73600.00||Precio_tarjeta (old)  : 80200.00||Precio_tarjeta (new)  : 81000.00||mctdo (old)  : 121.00||mctdo (new)  : 123.00'),(162842,'2025-10-09 12:03:51','admin','grid_articulos','Scriptcase','190.175.152.152','access',''),(162843,'2025-10-09 12:04:00','admin','form_articulos','Scriptcase','190.175.152.152','access',''),(162844,'2025-10-09 12:04:08','admin','form_articulos','Scriptcase','190.175.152.152','update','--> keys <-- mar_id : 27||rbro_id : 5||id : 7344||id_temp : 1||--> fields <-- Precio_ctdo (old)  : 66300.00||Precio_ctdo (new)  : 66900.00||Precio_cta_cte (old)  : 72900.00||Precio_cta_cte (new)  : 73600.00||Precio_tarjeta (old)  : 80200.00||Precio_tarjeta (new)  : 81000.00||mctdo (old)  : 121.00||mctdo (new)  : 123.00'),(162845,'2025-10-09 12:04:10','admin','grid_articulos','Scriptcase','190.175.152.152','access',''),(162846,'2025-10-09 12:04:49','admin','form_articulos','Scriptcase','190.175.152.152','access',''),(162847,'2025-10-09 12:04:58','admin','form_articulos','Scriptcase','190.175.152.152','update','--> keys <-- mar_id : 27||rbro_id : 3||id : 5621||id_temp : 1||--> fields <-- Precio_ctdo (old)  : 110000.00||Precio_ctdo (new)  : 111500.00||Precio_cta_cte (old)  : 121000.00||Precio_cta_cte (new)  : 122700.00||Precio_tarjeta (old)  : 133100.00||Precio_tarjeta (new)  : 135000.00||mctdo (old)  : 121.00||mctdo (new)  : 123.00'),(162848,'2025-10-09 12:05:00','admin','grid_articulos','Scriptcase','190.175.152.152','access',''),(162849,'2025-10-09 12:05:36','admin','form_articulos','Scriptcase','190.175.152.152','access',''),(162850,'2025-10-09 12:05:46','admin','form_articulos','Scriptcase','190.175.152.152','update','--> keys <-- mar_id : 27||rbro_id : 3||id : 5754||id_temp : 1||--> fields <-- precio_costo (old)  : 60000.00||precio_costo (new)  : 50000.00||precio_final_compra (old)  : 60000.00||precio_final_compra (new)  : 50000.00||Precio_ctdo (old)  : 129800.00||Precio_ctdo (new)  : 111500.00||Precio_cta_cte (old)  : 142800.00||Precio_cta_cte (new)  : 122700.00||Precio_tarjeta (old)  : 157100.00||Precio_tarjeta (new)  : 135000.00||mctdo (old)  : 121.00||mctdo (new)  : 123.00'),(162851,'2025-10-09 12:05:48','admin','grid_articulos','Scriptcase','190.175.152.152','access',''),(162852,'2025-10-09 12:06:29','admin','form_articulos','Scriptcase','190.175.152.152','access',''),(162853,'2025-10-09 12:06:44','admin','form_articulos','Scriptcase','190.175.152.152','update','--> keys <-- mar_id : 27||rbro_id : 4||id : 7008||id_temp : 1||--> fields <-- mctdo (old)  : 121.00||mctdo (new)  : 123.00'),(162854,'2025-10-09 12:06:45','admin','grid_articulos','Scriptcase','190.175.152.152','access',''),(162855,'2025-10-09 12:07:02','admin','form_articulos','Scriptcase','190.175.152.152','access',''),(162856,'2025-10-09 12:07:12','admin','form_articulos','Scriptcase','190.175.152.152','update','--> keys <-- mar_id : 27||rbro_id : 4||id : 7008||id_temp : 1||--> fields <-- descripcion (old)  : M-CORTA LISA||descripcion (new)  : M-CORTA LISA LISA'),(162857,'2025-10-09 12:07:14','admin','grid_articulos','Scriptcase','190.175.152.152','access',''),(162858,'2025-10-09 12:07:20','admin','form_articulos','Scriptcase','190.175.152.152','access',''),(162859,'2025-10-09 12:07:46','admin','grid_articulos','Scriptcase','190.175.152.152','access',''),(162860,'2025-10-09 12:08:18','admin','form_articulos','Scriptcase','190.175.152.152','access',''),(162861,'2025-10-09 12:08:50','admin','form_articulos','Scriptcase','190.175.152.152','update','--> keys <-- mar_id : 27||rbro_id : 4||id : 7008||id_temp : 1||--> fields <-- descripcion (old)  : M-CORTA LISA LISA||descripcion (new)  : M-CORTA LISA, Y  LISA COLOR'),(162862,'2025-10-09 12:08:54','admin','grid_articulos','Scriptcase','190.175.152.152','access',''),(162863,'2025-10-09 12:09:48','admin','form_articulos','Scriptcase','190.175.152.152','access',''),(162864,'2025-10-09 12:11:03','admin','form_articulos','Scriptcase','190.175.152.152','insert','--> keys <-- mar_id : 27||rbro_id : 4||id : 7186||id_temp : 1||--> fields <-- descripcion (new)  : M-CORTA ESTAMPA E INSTITUCIONAL||cod_barra_origen (new)  : ||cod_barra_local (new)  : ||fecha_baja (new)  : null||precio_costo (new)  : 25000.00||precio_iva (new)  : 0||tasa_id (new)  : 0||id_tpu (new)  : 2||precio_final_compra (new)  : 25000.00||Precio_ctdo (new)  : 55800.00||Precio_cta_cte (new)  : 61400.00||Precio_tarjeta (new)  : 67500.00||Precio_oferta (new)  : 0||mctdo (new)  : 123.00||mctacte (new)  : 10.00||motro (new)  : 10.00'),(162865,'2025-10-09 12:11:27','admin','grid_articulos','Scriptcase','190.175.152.152','access',''),(162866,'2025-10-09 12:12:15','admin','form_articulos','Scriptcase','190.175.152.152','access',''),(162867,'2025-10-09 12:12:26','admin','form_articulos','Scriptcase','190.175.152.152','update','--> keys <-- mar_id : 27||rbro_id : 1||id : 6011||id_temp : 1||--> fields <-- Precio_ctdo (old)  : 119800.00||Precio_ctdo (new)  : 133700.00||Precio_cta_cte (old)  : 131800.00||Precio_cta_cte (new)  : 147100.00||Precio_tarjeta (old)  : 145000.00||Precio_tarjeta (new)  : 161800.00||mctdo (old)  : 120.00||mctdo (new)  : 123.00'),(162868,'2025-10-09 12:12:27','admin','grid_articulos','Scriptcase','190.175.152.152','access',''),(162869,'2025-10-09 12:12:45','admin','form_articulos','Scriptcase','190.175.152.152','access',''),(162870,'2025-10-09 12:12:52','admin','form_articulos','Scriptcase','190.175.152.152','update','--> keys <-- mar_id : 27||rbro_id : 1||id : 6020||id_temp : 1||--> fields <-- Precio_ctdo (old)  : 95000.00||Precio_ctdo (new)  : 95900.00||Precio_cta_cte (old)  : 104500.00||Precio_cta_cte (new)  : 105500.00||Precio_tarjeta (old)  : 115000.00||Precio_tarjeta (new)  : 116100.00||mctdo (old)  : 121.00||mctdo (new)  : 123.00'),(162871,'2025-10-09 12:12:54','admin','grid_articulos','Scriptcase','190.175.152.152','access',''),(162872,'2025-10-09 12:14:19','admin','form_articulos','Scriptcase','190.175.152.152','access',''),(162873,'2025-10-09 12:14:40','admin','form_articulos','Scriptcase','190.175.152.152','update','--> keys <-- mar_id : 27||rbro_id : 1||id : 6191||id_temp : 1||--> fields <-- precio_costo (old)  : 45000.00||precio_costo (new)  : 49450.00||precio_final_compra (old)  : 45000.00||precio_final_compra (new)  : 49450.00||Precio_ctdo (old)  : 99500.00||Precio_ctdo (new)  : 110500.00||Precio_cta_cte (old)  : 109500.00||Precio_cta_cte (new)  : 121600.00||Precio_tarjeta (old)  : 120500.00||Precio_tarjeta (new)  : 133800.00||mctdo (old)  : 121.00||mctdo (new)  : 123.00'),(162874,'2025-10-09 12:14:42','admin','grid_articulos','Scriptcase','190.175.152.152','access',''),(162875,'2025-10-09 12:15:22','admin','form_articulos','Scriptcase','190.175.152.152','access',''),(162876,'2025-10-09 12:15:31','admin','form_articulos','Scriptcase','190.175.152.152','update','--> keys <-- mar_id : 27||rbro_id : 1||id : 6021||id_temp : 1||--> fields <-- precio_costo (old)  : 39000.00||precio_costo (new)  : 40000.00||precio_final_compra (old)  : 39000.00||precio_final_compra (new)  : 40000.00||Precio_ctdo (old)  : 86200.00||Precio_ctdo (new)  : 89200.00||Precio_cta_cte (old)  : 94800.00||Precio_cta_cte (new)  : 98100.00||Precio_tarjeta (old)  : 104300.00||Precio_tarjeta (new)  : 107900.00||mctdo (old)  : 121.00||mctdo (new)  : 123.00'),(162877,'2025-10-09 12:15:34','admin','grid_articulos','Scriptcase','190.175.152.152','access',''),(162878,'2025-10-09 12:15:54','admin','form_articulos','Scriptcase','190.175.152.152','access',''),(162879,'2025-10-09 12:16:05','admin','form_articulos','Scriptcase','190.175.152.152','update','--> keys <-- mar_id : 27||rbro_id : 1||id : 6032||id_temp : 1||--> fields <-- Precio_ctdo (old)  : 110000.00||Precio_ctdo (new)  : 122700.00||Precio_cta_cte (old)  : 121000.00||Precio_cta_cte (new)  : 135000.00||Precio_tarjeta (old)  : 133100.00||Precio_tarjeta (new)  : 148500.00||mctdo (old)  : 120.00||mctdo (new)  : 123.00'),(162880,'2025-10-09 12:16:06','admin','grid_articulos','Scriptcase','190.175.152.152','access',''),(162881,'2025-10-09 12:16:27','admin','form_articulos','Scriptcase','190.175.152.152','access',''),(162882,'2025-10-09 12:16:42','admin','form_articulos','Scriptcase','190.175.152.152','update','--> keys <-- mar_id : 27||rbro_id : 1||id : 6041||id_temp : 1||--> fields <-- Precio_ctdo (old)  : 99500.00||Precio_ctdo (new)  : 99800.00||Precio_cta_cte (old)  : 109500.00||Precio_cta_cte (new)  : 109800.00||Precio_tarjeta (old)  : 120500.00||Precio_tarjeta (new)  : 120800.00||mctdo (old)  : 121.00||mctdo (new)  : 123.00'),(162883,'2025-10-09 12:16:43','admin','grid_articulos','Scriptcase','190.175.152.152','access',''),(162884,'2025-10-09 12:17:21','admin','form_articulos','Scriptcase','190.175.152.152','access',''),(162885,'2025-10-09 12:17:32','admin','form_articulos','Scriptcase','190.175.152.152','update','--> keys <-- mar_id : 27||rbro_id : 1||id : 6043||id_temp : 1||--> fields <-- precio_costo (old)  : 39995.00||precio_costo (new)  : 43000.00||precio_final_compra (old)  : 39995.00||precio_final_compra (new)  : 43000.00||Precio_ctdo (old)  : 88000.00||Precio_ctdo (new)  : 95900.00||Precio_cta_cte (old)  : 96800.00||Precio_cta_cte (new)  : 105500.00||Precio_tarjeta (old)  : 106500.00||Precio_tarjeta (new)  : 116100.00||mctdo (old)  : 120.00||mctdo (new)  : 123.00'),(162886,'2025-10-09 12:17:34','admin','grid_articulos','Scriptcase','190.175.152.152','access',''),(162887,'2025-10-09 12:17:57','admin','form_articulos','Scriptcase','190.175.152.152','access',''),(162888,'2025-10-09 12:18:08','admin','form_articulos','Scriptcase','190.175.152.152','update','--> keys <-- mar_id : 27||rbro_id : 1||id : 6089||id_temp : 1||--> fields <-- precio_costo (old)  : 50000.00||precio_costo (new)  : 65000.00||precio_final_compra (old)  : 50000.00||precio_final_compra (new)  : 65000.00||Precio_ctdo (old)  : 129900.00||Precio_ctdo (new)  : 145000.00||Precio_cta_cte (old)  : 142900.00||Precio_cta_cte (new)  : 159500.00||Precio_tarjeta (old)  : 157200.00||Precio_tarjeta (new)  : 175500.00||mctdo (old)  : 121.00||mctdo (new)  : 123.00'),(162889,'2025-10-09 12:18:10','admin','grid_articulos','Scriptcase','190.175.152.152','access',''),(162890,'2025-10-09 12:18:21','admin','form_articulos','Scriptcase','190.175.152.152','access',''),(162891,'2025-10-09 12:18:29','admin','form_articulos','Scriptcase','190.175.152.152','update','--> keys <-- mar_id : 27||rbro_id : 1||id : 6089||id_temp : 1||--> fields <-- Precio_ctdo (old)  : 145000.00||Precio_ctdo (new)  : 115000.00||Precio_cta_cte (old)  : 159500.00||Precio_cta_cte (new)  : 126500.00||Precio_tarjeta (old)  : 175500.00||Precio_tarjeta (new)  : 139200.00'),(162892,'2025-10-09 12:18:31','admin','grid_articulos','Scriptcase','190.175.152.152','access',''),(162893,'2025-10-09 12:19:49','admin','form_articulos','Scriptcase','190.175.152.152','access',''),(162894,'2025-10-09 12:19:57','admin','form_articulos','Scriptcase','190.175.152.152','update','--> keys <-- mar_id : 27||rbro_id : 36||id : 5120||id_temp : 1||--> fields <-- precio_costo (old)  : 22995.00||precio_costo (new)  : 25000.00||precio_final_compra (old)  : 22995.00||precio_final_compra (new)  : 25000.00||Precio_ctdo (old)  : 49980.00||Precio_ctdo (new)  : 55800.00||Precio_cta_cte (old)  : 55000.00||Precio_cta_cte (new)  : 61400.00||Precio_tarjeta (old)  : 60500.00||Precio_tarjeta (new)  : 67500.00||mctdo (old)  : 120.00||mctdo (new)  : 123.00'),(162895,'2025-10-09 12:20:00','admin','grid_articulos','Scriptcase','190.175.152.152','access',''),(162896,'2025-10-09 12:21:30','admin','form_articulos','Scriptcase','190.175.152.152','access',''),(162897,'2025-10-09 12:21:39','admin','form_articulos','Scriptcase','190.175.152.152','update','--> keys <-- mar_id : 27||rbro_id : 23||id : 8511||id_temp : 1||--> fields <-- Precio_ctdo (old)  : 44200.00||Precio_ctdo (new)  : 44600.00||Precio_cta_cte (old)  : 48600.00||Precio_cta_cte (new)  : 49100.00||Precio_tarjeta (old)  : 53500.00||Precio_tarjeta (new)  : 54000.00||mctdo (old)  : 121.00||mctdo (new)  : 123.00'),(162898,'2025-10-09 12:21:41','admin','grid_articulos','Scriptcase','190.175.152.152','access',''),(162899,'2025-10-09 12:22:02','admin','form_articulos','Scriptcase','190.175.152.152','access',''),(162900,'2025-10-09 12:22:11','admin','form_articulos','Scriptcase','190.175.152.152','update','--> keys <-- mar_id : 27||rbro_id : 23||id : 8558||id_temp : 1||--> fields <-- precio_costo (old)  : 19000.00||precio_costo (new)  : 20000.00||precio_final_compra (old)  : 19000.00||precio_final_compra (new)  : 20000.00||Precio_ctdo (old)  : 42000.00||Precio_ctdo (new)  : 44600.00||Precio_cta_cte (old)  : 46200.00||Precio_cta_cte (new)  : 49100.00||Precio_tarjeta (old)  : 50800.00||Precio_tarjeta (new)  : 54000.00||mctdo (old)  : 121.00||mctdo (new)  : 123.00'),(162901,'2025-10-09 12:22:13','admin','grid_articulos','Scriptcase','190.175.152.152','access',''),(162902,'2025-10-09 12:22:53','admin','form_articulos','Scriptcase','190.175.152.152','access',''),(162903,'2025-10-09 12:23:02','admin','form_articulos','Scriptcase','190.175.152.152','update','--> keys <-- mar_id : 27||rbro_id : 23||id : 8659||id_temp : 1||--> fields <-- precio_costo (old)  : 15000.00||precio_costo (new)  : 12500.00||precio_final_compra (old)  : 15000.00||precio_final_compra (new)  : 12500.00||Precio_ctdo (old)  : 33200.00||Precio_ctdo (new)  : 27900.00||Precio_cta_cte (old)  : 36500.00||Precio_cta_cte (new)  : 30700.00||Precio_tarjeta (old)  : 40200.00||Precio_tarjeta (new)  : 33800.00||mctdo (old)  : 121.00||mctdo (new)  : 123.00'),(162904,'2025-10-09 12:23:04','admin','grid_articulos','Scriptcase','190.175.152.152','access',''),(162905,'2025-10-09 12:23:30','admin','form_articulos','Scriptcase','190.175.152.152','access',''),(162906,'2025-10-09 12:23:40','admin','form_articulos','Scriptcase','190.175.152.152','update','--> keys <-- mar_id : 27||rbro_id : 23||id : 8900||id_temp : 1||--> fields <-- Precio_ctdo (old)  : 38700.00||Precio_ctdo (new)  : 39000.00||Precio_cta_cte (old)  : 42600.00||Precio_cta_cte (new)  : 42900.00||Precio_tarjeta (old)  : 46900.00||Precio_tarjeta (new)  : 47200.00||mctdo (old)  : 121.00||mctdo (new)  : 123.00'),(162907,'2025-10-09 12:23:41','admin','grid_articulos','Scriptcase','190.175.152.152','access',''),(162908,'2025-10-09 12:25:16','admin','form_articulos','Scriptcase','190.175.152.152','access',''),(162909,'2025-10-09 12:25:26','admin','form_articulos','Scriptcase','190.175.152.152','update','--> keys <-- mar_id : 27||rbro_id : 23||id : 8210||id_temp : 1||--> fields <-- Precio_ctdo (old)  : 9900.00||Precio_ctdo (new)  : 10000.00||Precio_cta_cte (old)  : 10900.00||Precio_cta_cte (new)  : 11000.00||Precio_tarjeta (old)  : 12000.00||Precio_tarjeta (new)  : 12100.00||mctdo (old)  : 121.00||mctdo (new)  : 123.00'),(162910,'2025-10-09 12:25:27','admin','grid_articulos','Scriptcase','190.175.152.152','access',''),(162911,'2025-10-09 12:25:34','admin','form_articulos','Scriptcase','190.175.152.152','access',''),(162912,'2025-10-09 12:25:41','admin','form_articulos','Scriptcase','190.175.152.152','update','--> keys <-- mar_id : 27||rbro_id : 23||id : 8212||id_temp : 1||--> fields <-- Precio_ctdo (old)  : 12200.00||Precio_ctdo (new)  : 12300.00||Precio_cta_cte (old)  : 13400.00||Precio_cta_cte (new)  : 13500.00||Precio_tarjeta (old)  : 14700.00||Precio_tarjeta (new)  : 14900.00||mctdo (old)  : 121.00||mctdo (new)  : 123.00'),(162913,'2025-10-09 12:25:43','admin','grid_articulos','Scriptcase','190.175.152.152','access',''),(162914,'2025-10-09 12:31:34','admin','grid_articulos','Scriptcase','190.175.152.152','access',''),(162915,'2025-10-09 12:32:46','admin','grid_articulos','Scriptcase','190.175.152.152','access',''),(162916,'2025-10-09 16:16:27','','app_Login','Scriptcase','52.16.0.110','access',''),(162917,'2025-10-09 17:53:02','','app_Login','Scriptcase','190.175.152.152','access',''),(162918,'2025-10-09 17:53:23','carsi','app_logged','Scriptcase','190.175.152.152','access',''),(162919,'2025-10-09 17:53:26','carsi','app_logged','User','190.175.152.152','login','¡Ingresado en el sistema!'),(162920,'2025-10-09 17:53:26','carsi','app_menu','Scriptcase','190.175.152.152','access',''),(162921,'2025-10-09 17:53:31','carsi','grid_ventas_carci','Scriptcase','190.175.152.152','access',''),(162922,'2025-10-09 17:53:35','carsi','form_facturas_carci','Scriptcase','190.175.152.152','access',''),(162923,'2025-10-09 17:53:45','carsi','form_factura_detalle','Scriptcase','190.175.152.152','access',''),(162924,'2025-10-09 17:54:00','carsi','grid_ventas_carci','Scriptcase','190.175.152.152','access',''),(162925,'2025-10-09 18:53:46','','app_Login','Scriptcase','190.175.152.152','access',''),(162926,'2025-10-09 18:54:02','carsi','app_logged','Scriptcase','190.175.152.152','access',''),(162927,'2025-10-09 18:54:04','carsi','app_logged','User','190.175.152.152','login','¡Ingresado en el sistema!'),(162928,'2025-10-09 18:54:05','carsi','app_menu','Scriptcase','190.175.152.152','access',''),(162929,'2025-10-09 18:54:21','carsi','grid_ventas_carci','Scriptcase','190.175.152.152','access',''),(162930,'2025-10-09 18:54:24','carsi','form_facturas_carci','Scriptcase','190.175.152.152','access',''),(162931,'2025-10-09 18:54:27','carsi','form_factura_detalle','Scriptcase','190.175.152.152','access',''),(162932,'2025-10-09 18:54:38','carsi','grid_ventas_carci','Scriptcase','190.175.152.152','access',''),(162933,'2025-10-09 19:49:02','','app_Login','Scriptcase','190.175.152.152','access',''),(162934,'2025-10-09 19:49:06','carsi','app_logged','Scriptcase','190.175.152.152','access',''),(162935,'2025-10-09 20:03:30','carsi','app_logged','User','190.175.152.152','login','¡Ingresado en el sistema!'),(162936,'2025-10-09 20:03:31','carsi','app_menu','Scriptcase','190.175.152.152','access',''),(162937,'2025-10-09 20:03:36','carsi','grid_ventas_carci','Scriptcase','190.175.152.152','access',''),(162938,'2025-10-09 20:15:29','carsi','form_facturas_carci','Scriptcase','190.175.152.152','access',''),(162939,'2025-10-09 20:15:45','carsi','form_factura_detalle','Scriptcase','190.175.152.152','access',''),(162940,'2025-10-09 20:15:56','carsi','grid_ventas_carci','Scriptcase','190.175.152.152','access',''),(162941,'2025-10-09 21:18:18','','grid_ventas_carci','Scriptcase','190.175.152.152','access',''),(162942,'2025-10-09 21:18:31','','app_Login','Scriptcase','190.175.152.152','access',''),(162943,'2025-10-09 21:18:34','carsi','app_logged','Scriptcase','190.175.152.152','access',''),(162944,'2025-10-09 21:18:36','carsi','app_logged','User','190.175.152.152','login','¡Ingresado en el sistema!'),(162945,'2025-10-09 21:18:37','carsi','app_menu','Scriptcase','190.175.152.152','access',''),(162946,'2025-10-09 21:18:40','carsi','grid_ventas_carci','Scriptcase','190.175.152.152','access',''),(162947,'2025-10-09 21:19:09','carsi','form_facturas_carci','Scriptcase','190.175.152.152','access',''),(162948,'2025-10-09 21:19:15','carsi','form_factura_detalle','Scriptcase','190.175.152.152','access',''),(162949,'2025-10-09 21:19:34','carsi','grid_ventas_carci','Scriptcase','190.175.152.152','access',''),(162950,'2025-10-09 21:20:09','','app_Login','Scriptcase','190.175.152.152','access',''),(162951,'2025-10-10 10:57:00','','app_Login','Scriptcase','190.175.152.152','access',''),(162952,'2025-10-10 10:59:57','carsi','app_Login','User','190.175.152.152','login','¡Ingresado en el sistema!'),(162953,'2025-10-10 10:59:58','carsi','app_menu','Scriptcase','190.175.152.152','access',''),(162954,'2025-10-10 11:00:02','carsi','grid_ventas_carci','Scriptcase','190.175.152.152','access',''),(162955,'2025-10-10 11:00:06','carsi','form_facturas_carci','Scriptcase','190.175.152.152','access',''),(162956,'2025-10-10 11:02:21','carsi','form_factura_detalle','Scriptcase','190.175.152.152','access',''),(162957,'2025-10-10 11:02:33','carsi','grid_ventas_carci','Scriptcase','190.175.152.152','access',''),(162958,'2025-10-10 11:27:30','','app_Login','Scriptcase','190.175.152.152','access',''),(162959,'2025-10-10 11:27:34','admin','app_logged','Scriptcase','190.175.152.152','access',''),(162960,'2025-10-10 11:27:36','admin','app_logged','User','190.175.152.152','login','¡Ingresado en el sistema!'),(162961,'2025-10-10 11:27:36','admin','app_menu','Scriptcase','190.175.152.152','access',''),(162962,'2025-10-10 11:27:41','admin','grid_articulos','Scriptcase','190.175.152.152','access',''),(162963,'2025-10-10 11:39:12','','app_Login','Scriptcase','190.175.152.152','access',''),(162964,'2025-10-10 11:39:15','admin','app_logged','Scriptcase','190.175.152.152','access',''),(162965,'2025-10-10 11:39:16','admin','app_logged','User','190.175.152.152','login','¡Ingresado en el sistema!'),(162966,'2025-10-10 11:39:17','admin','app_menu','Scriptcase','190.175.152.152','access',''),(162967,'2025-10-10 11:39:20','admin','grid_articulos','Scriptcase','190.175.152.152','access',''),(162968,'2025-10-10 11:39:42','admin','form_articulos','Scriptcase','190.175.152.152','access',''),(162969,'2025-10-10 11:40:00','admin','form_articulos','Scriptcase','190.175.152.152','update','--> keys <-- mar_id : 23||rbro_id : 38||id : 4X204||id_temp : 1||--> fields <-- Precio_ctdo (old)  : 151900.00||Precio_ctdo (new)  : 158500.00||Precio_cta_cte (old)  : 167100.00||Precio_cta_cte (new)  : 174400.00||Precio_tarjeta (old)  : 183800.00||Precio_tarjeta (new)  : 191800.00'),(162970,'2025-10-10 11:40:02','admin','grid_articulos','Scriptcase','190.175.152.152','access',''),(162971,'2025-10-10 11:53:44','','app_Login','Scriptcase','190.175.152.152','access',''),(162972,'2025-10-10 11:53:48','carsi','app_logged','Scriptcase','190.175.152.152','access',''),(162973,'2025-10-10 11:53:50','carsi','app_logged','User','190.175.152.152','login','¡Ingresado en el sistema!'),(162974,'2025-10-10 11:53:50','carsi','app_menu','Scriptcase','190.175.152.152','access',''),(162975,'2025-10-10 11:53:55','carsi','grid_ventas_carci','Scriptcase','190.175.152.152','access',''),(162976,'2025-10-10 11:53:59','carsi','form_facturas_carci','Scriptcase','190.175.152.152','access',''),(162977,'2025-10-10 11:54:02','carsi','form_factura_detalle','Scriptcase','190.175.152.152','access',''),(162978,'2025-10-10 11:54:20','carsi','grid_ventas_carci','Scriptcase','190.175.152.152','access',''),(162979,'2025-10-10 16:35:45','','app_Login','Scriptcase','190.175.152.152','access',''),(162980,'2025-10-10 16:35:48','admin','app_logged','Scriptcase','190.175.152.152','access',''),(162981,'2025-10-10 16:35:51','admin','app_logged','User','190.175.152.152','login','¡Ingresado en el sistema!'),(162982,'2025-10-10 16:35:52','admin','app_menu','Scriptcase','190.175.152.152','access',''),(162983,'2025-10-10 16:35:55','admin','grid_articulos','Scriptcase','190.175.152.152','access',''),(162984,'2025-10-10 16:36:24','admin','form_articulos','Scriptcase','190.175.152.152','access',''),(162985,'2025-10-10 16:37:55','admin','form_articulos','Scriptcase','190.175.152.152','update','--> keys <-- mar_id : 31||rbro_id : 23||id : 1264||id_temp : 1||--> fields <-- precio_costo (old)  : 14500.00||precio_costo (new)  : 18500.00||precio_final_compra (old)  : 14500.00||precio_final_compra (new)  : 18500.00||Precio_ctdo (old)  : 38500.00||Precio_ctdo (new)  : 43900.00||Precio_cta_cte (old)  : 42400.00||Precio_cta_cte (new)  : 48300.00||Precio_tarjeta (old)  : 46600.00||Precio_tarjeta (new)  : 53100.00||mctdo (old)  : 130.00||mctdo (new)  : 123.00'),(162986,'2025-10-10 16:37:57','admin','grid_articulos','Scriptcase','190.175.152.152','access',''),(162987,'2025-10-10 16:38:53','admin','form_articulos','Scriptcase','190.175.152.152','access',''),(162988,'2025-10-10 16:39:02','admin','form_articulos','Scriptcase','190.175.152.152','update','--> keys <-- mar_id : 31||rbro_id : 25||id : 8411||id_temp : 1||--> fields <-- Precio_ctdo (old)  : 73600.00||Precio_ctdo (new)  : 82800.00||Precio_cta_cte (old)  : 81000.00||Precio_cta_cte (new)  : 91100.00||Precio_tarjeta (old)  : 89100.00||Precio_tarjeta (new)  : 100200.00'),(162989,'2025-10-10 16:39:03','admin','grid_articulos','Scriptcase','190.175.152.152','access',''),(162990,'2025-10-10 16:39:17','admin','form_articulos','Scriptcase','190.175.152.152','access',''),(162991,'2025-10-10 16:39:24','admin','form_articulos','Scriptcase','190.175.152.152','update','--> keys <-- mar_id : 31||rbro_id : 25||id : 1008||id_temp : 1||--> fields <-- Precio_ctdo (old)  : 98500.00||Precio_ctdo (new)  : 99800.00||Precio_cta_cte (old)  : 108400.00||Precio_cta_cte (new)  : 109800.00||Precio_tarjeta (old)  : 119200.00||Precio_tarjeta (new)  : 120800.00'),(162992,'2025-10-10 16:39:25','admin','grid_articulos','Scriptcase','190.175.152.152','access',''),(162993,'2025-10-10 16:44:25','','app_Login','Scriptcase','190.175.152.152','access',''),(162994,'2025-10-10 16:44:28','admin','app_logged','Scriptcase','190.175.152.152','access',''),(162995,'2025-10-10 16:44:30','admin','app_logged','User','190.175.152.152','login','¡Ingresado en el sistema!'),(162996,'2025-10-10 16:44:31','admin','app_menu','Scriptcase','190.175.152.152','access',''),(162997,'2025-10-10 16:44:33','admin','grid_articulos','Scriptcase','190.175.152.152','access',''),(162998,'2025-10-10 16:46:24','admin','form_articulos','Scriptcase','190.175.152.152','access',''),(162999,'2025-10-10 16:47:36','admin','form_articulos','Scriptcase','190.175.152.152','update','--> keys <-- mar_id : 23||rbro_id : 36||id : 280101||id_temp : 1||--> fields <-- Precio_ctdo (old)  : 66900.00||Precio_ctdo (new)  : 65400.00||Precio_cta_cte (old)  : 73600.00||Precio_cta_cte (new)  : 71900.00||Precio_tarjeta (old)  : 81000.00||Precio_tarjeta (new)  : 79100.00'),(163000,'2025-10-10 16:47:38','admin','grid_articulos','Scriptcase','190.175.152.152','access',''),(163001,'2025-10-10 16:49:52','admin','form_articulos','Scriptcase','190.175.152.152','access',''),(163002,'2025-10-10 16:50:03','admin','form_articulos','Scriptcase','190.175.152.152','update','--> keys <-- mar_id : 23||rbro_id : 5||id : 190163||id_temp : 1||--> fields <-- precio_costo (old)  : 24000.00||precio_costo (new)  : 26000.00||precio_final_compra (old)  : 24000.00||precio_final_compra (new)  : 26000.00||Precio_ctdo (old)  : 53500.00||Precio_ctdo (new)  : 58000.00||Precio_cta_cte (old)  : 58900.00||Precio_cta_cte (new)  : 63800.00||Precio_tarjeta (old)  : 64800.00||Precio_tarjeta (new)  : 70200.00'),(163003,'2025-10-10 16:50:05','admin','grid_articulos','Scriptcase','190.175.152.152','access',''),(163004,'2025-10-10 16:53:19','admin','grid_articulos','Scriptcase','190.175.152.152','access',''),(163005,'2025-10-10 16:54:14','admin','form_articulos','Scriptcase','190.175.152.152','access',''),(163006,'2025-10-10 16:54:56','admin','form_articulos','Scriptcase','190.175.152.152','update','--> keys <-- mar_id : 63||rbro_id : 36||id : 8106||id_temp : 1||--> fields <-- Precio_ctdo (old)  : 62500.00||Precio_ctdo (new)  : 65400.00||Precio_cta_cte (old)  : 68800.00||Precio_cta_cte (new)  : 71900.00||Precio_tarjeta (old)  : 75700.00||Precio_tarjeta (new)  : 79100.00||mctdo (old)  : 131.00||mctdo (new)  : 123.00'),(163007,'2025-10-10 16:54:57','admin','grid_articulos','Scriptcase','190.175.152.152','access',''),(163008,'2025-10-10 19:29:09','','app_Login','Scriptcase','190.175.152.152','access',''),(163009,'2025-10-10 19:35:05','carsi','app_logged','Scriptcase','190.175.152.152','access',''),(163010,'2025-10-10 19:35:07','carsi','app_logged','User','190.175.152.152','login','¡Ingresado en el sistema!'),(163011,'2025-10-10 19:35:08','carsi','app_menu','Scriptcase','190.175.152.152','access',''),(163012,'2025-10-10 19:35:11','carsi','grid_ventas_carci','Scriptcase','190.175.152.152','access',''),(163013,'2025-10-10 19:35:22','carsi','form_facturas_carci','Scriptcase','190.175.152.152','access',''),(163014,'2025-10-10 19:35:25','carsi','form_factura_detalle','Scriptcase','190.175.152.152','access',''),(163015,'2025-10-10 19:35:35','carsi','grid_ventas_carci','Scriptcase','190.175.152.152','access',''),(163016,'2025-10-10 19:36:59','carsi','form_facturas_carci','Scriptcase','190.175.152.152','access',''),(163017,'2025-10-10 19:37:03','carsi','form_factura_detalle','Scriptcase','190.175.152.152','access',''),(163018,'2025-10-10 19:37:13','carsi','grid_ventas_carci','Scriptcase','190.175.152.152','access',''),(163019,'2025-10-11 00:33:42','','app_Login','Scriptcase','62.60.131.229','access',''),(163020,'2025-10-11 02:30:04','','app_Login_mob','Scriptcase','34.142.183.235','access',''),(163021,'2025-10-11 03:49:59','','app_Login','Scriptcase','145.220.91.19','access',''),(163022,'2025-10-11 08:09:59','','app_Login','Scriptcase','34.135.20.196','access',''),(163023,'2025-10-11 08:42:36','','app_Login','Scriptcase','34.26.88.5','access',''),(163024,'2025-10-11 10:17:37','','app_Login','Scriptcase','190.175.152.152','access',''),(163025,'2025-10-11 10:17:41','carsi','app_logged','Scriptcase','190.175.152.152','access',''),(163026,'2025-10-11 10:18:21','carsi','app_logged','User','190.175.152.152','login','¡Ingresado en el sistema!'),(163027,'2025-10-11 10:18:22','carsi','app_menu','Scriptcase','190.175.152.152','access',''),(163028,'2025-10-11 10:18:41','carsi','grid_ventas_carci','Scriptcase','190.175.152.152','access',''),(163029,'2025-10-11 10:18:44','carsi','form_facturas_carci','Scriptcase','190.175.152.152','access',''),(163030,'2025-10-11 10:18:47','carsi','form_factura_detalle','Scriptcase','190.175.152.152','access',''),(163031,'2025-10-11 10:19:05','carsi','grid_ventas_carci','Scriptcase','190.175.152.152','access',''),(163032,'2025-10-11 10:33:45','carsi','form_facturas_carci','Scriptcase','190.175.152.152','access',''),(163033,'2025-10-11 10:34:15','carsi','form_factura_detalle','Scriptcase','190.175.152.152','access',''),(163034,'2025-10-11 10:34:29','carsi','grid_ventas_carci','Scriptcase','190.175.152.152','access',''),(163035,'2025-10-11 10:47:16','','app_Login','Scriptcase','190.175.152.152','access',''),(163036,'2025-10-11 10:47:20','admin','app_logged','Scriptcase','190.175.152.152','access',''),(163037,'2025-10-11 10:47:22','admin','app_logged','User','190.175.152.152','login','¡Ingresado en el sistema!'),(163038,'2025-10-11 10:47:22','admin','app_menu','Scriptcase','190.175.152.152','access',''),(163039,'2025-10-11 10:47:26','admin','grid_articulos','Scriptcase','190.175.152.152','access',''),(163040,'2025-10-11 10:57:29','admin','form_articulos','Scriptcase','190.175.152.152','access',''),(163041,'2025-10-11 10:58:23','admin','form_articulos','Scriptcase','190.175.152.152','access',''),(163042,'2025-10-11 10:58:23','admin','grid_articulos','Scriptcase','190.175.152.152','access',''),(163043,'2025-10-11 10:58:56','admin','form_articulos','Scriptcase','190.175.152.152','access',''),(163044,'2025-10-11 11:05:23','admin','form_articulos','Scriptcase','190.175.152.152','insert','--> keys <-- mar_id : 82||rbro_id : 1||id : 1006701||id_temp : 21||--> fields <-- descripcion (new)  : M-L FLAME BORDADA TATIANA||cod_barra_origen (new)  : ||cod_barra_local (new)  : ||fecha_baja (new)  : null||precio_costo (new)  : 54545.00||precio_iva (new)  : 0||tasa_id (new)  : 0||id_tpu (new)  : 2||precio_final_compra (new)  : 54545.00||Precio_ctdo (new)  : 121800.00||Precio_cta_cte (new)  : 134000.00||Precio_tarjeta (new)  : 147400.00||Precio_oferta (new)  : 0||mctdo (new)  : 123.00||mctacte (new)  : 10.00||motro (new)  : 10.00'),(163045,'2025-10-11 11:07:04','admin','form_articulos','Scriptcase','190.175.152.152','insert','--> keys <-- mar_id : 82||rbro_id : 1||id : 1006921||id_temp : 21||--> fields <-- descripcion (new)  : M-LARGA PLUMETI PIXIE||cod_barra_origen (new)  : ||cod_barra_local (new)  : ||fecha_baja (new)  : null||precio_costo (new)  : 50000.00||precio_iva (new)  : 0||tasa_id (new)  : 0||id_tpu (new)  : 2||precio_final_compra (new)  : 50000.00||Precio_ctdo (new)  : 111800.00||Precio_cta_cte (new)  : 123000.00||Precio_tarjeta (new)  : 135300.00||Precio_oferta (new)  : 0||mctdo (new)  : 123.00||mctacte (new)  : 10.00||motro (new)  : 10.00'),(163046,'2025-10-11 11:10:05','admin','form_articulos','Scriptcase','190.175.152.152','insert','--> keys <-- mar_id : 82||rbro_id : 3||id : 3003031||id_temp : 21||--> fields <-- descripcion (new)  : PIJAMERO PIQUE W. LEG HANNA||cod_barra_origen (new)  : ||cod_barra_local (new)  : ||fecha_baja (new)  : null||precio_costo (new)  : 54545.00||precio_iva (new)  : 0||tasa_id (new)  : 0||id_tpu (new)  : 2||precio_final_compra (new)  : 54545.00||Precio_ctdo (new)  : 121800.00||Precio_cta_cte (new)  : 134000.00||Precio_tarjeta (new)  : 147400.00||Precio_oferta (new)  : 0||mctdo (new)  : 123.00||mctacte (new)  : 10.00||motro (new)  : 10.00'),(163047,'2025-10-11 11:12:11','admin','form_articulos','Scriptcase','190.175.152.152','insert','--> keys <-- mar_id : 82||rbro_id : 3||id : 3003261||id_temp : 21||--> fields <-- descripcion (new)  : PIJAMERO LINO PILI||cod_barra_origen (new)  : ||cod_barra_local (new)  : ||fecha_baja (new)  : null||precio_costo (new)  : 45500.00||precio_iva (new)  : 0||tasa_id (new)  : 0||id_tpu (new)  : 2||precio_final_compra (new)  : 45500.00||Precio_ctdo (new)  : 103500.00||Precio_cta_cte (new)  : 113900.00||Precio_tarjeta (new)  : 125300.00||Precio_oferta (new)  : 0||mctdo (new)  : 123.00||mctacte (new)  : 10.00||motro (new)  : 10.00'),(163048,'2025-10-11 11:14:04','admin','form_articulos','Scriptcase','190.175.152.152','insert','--> keys <-- mar_id : 82||rbro_id : 6||id : 8003661||id_temp : 21||--> fields <-- descripcion (new)  : HILO LIVIANO RAYADO||cod_barra_origen (new)  : ||cod_barra_local (new)  : ||fecha_baja (new)  : null||precio_costo (new)  : 38700.00||precio_iva (new)  : 0||tasa_id (new)  : 0||id_tpu (new)  : 2||precio_final_compra (new)  : 38700.00||Precio_ctdo (new)  : 86800.00||Precio_cta_cte (new)  : 95500.00||Precio_tarjeta (new)  : 105100.00||Precio_oferta (new)  : 0||mctdo (new)  : 123.00||mctacte (new)  : 10.00||motro (new)  : 10.00'),(163049,'2025-10-11 11:15:41','admin','form_articulos','Scriptcase','190.175.152.152','insert','--> keys <-- mar_id : 82||rbro_id : 70||id : 14000811||id_temp : 21||--> fields <-- descripcion (new)  : SASTRERO C-BOLS.AGATHA||cod_barra_origen (new)  : ||cod_barra_local (new)  : ||fecha_baja (new)  : null||precio_costo (new)  : 81820.00||precio_iva (new)  : 0||tasa_id (new)  : 0||id_tpu (new)  : 2||precio_final_compra (new)  : 81820.00||Precio_ctdo (new)  : 182800.00||Precio_cta_cte (new)  : 201100.00||Precio_tarjeta (new)  : 221200.00||Precio_oferta (new)  : 0||mctdo (new)  : 123.00||mctacte (new)  : 10.00||motro (new)  : 10.00'),(163050,'2025-10-11 11:17:38','admin','form_articulos','Scriptcase','190.175.152.152','insert','--> keys <-- mar_id : 82||rbro_id : 4||id : 24013441||id_temp : 21||--> fields <-- descripcion (new)  : M-C BORD. FLORES TATIANA||cod_barra_origen (new)  : ||cod_barra_local (new)  : ||fecha_baja (new)  : null||precio_costo (new)  : 27300.00||precio_iva (new)  : 0||tasa_id (new)  : 0||id_tpu (new)  : 2||precio_final_compra (new)  : 27300.00||Precio_ctdo (new)  : 61500.00||Precio_cta_cte (new)  : 67700.00||Precio_tarjeta (new)  : 74500.00||Precio_oferta (new)  : 0||mctdo (new)  : 123.00||mctacte (new)  : 10.00||motro (new)  : 10.00'),(163051,'2025-10-11 11:19:47','admin','form_articulos','Scriptcase','190.175.152.152','insert','--> keys <-- mar_id : 82||rbro_id : 4||id : 24013881||id_temp : 21||--> fields <-- descripcion (new)  : M-C FLAME C-BRODERY VALERIA||cod_barra_origen (new)  : ||cod_barra_local (new)  : ||fecha_baja (new)  : null||precio_costo (new)  : 27300.00||precio_iva (new)  : 0||tasa_id (new)  : 0||id_tpu (new)  : 2||precio_final_compra (new)  : 27300.00||Precio_ctdo (new)  : 61500.00||Precio_cta_cte (new)  : 67700.00||Precio_tarjeta (new)  : 74500.00||Precio_oferta (new)  : 0||mctdo (new)  : 123.00||mctacte (new)  : 10.00||motro (new)  : 10.00'),(163052,'2025-10-11 11:21:01','carsi','form_facturas_carci','Scriptcase','190.175.152.152','access',''),(163053,'2025-10-11 11:21:20','carsi','form_factura_detalle','Scriptcase','190.175.152.152','access',''),(163054,'2025-10-11 11:21:32','carsi','grid_ventas_carci','Scriptcase','190.175.152.152','access',''),(163055,'2025-10-11 11:21:55','admin','form_articulos','Scriptcase','190.175.152.152','insert','--> keys <-- mar_id : 82||rbro_id : 4||id : 24013911||id_temp : 21||--> fields <-- descripcion (new)  : M-CORTA C-ESTAMPA EVA||cod_barra_origen (new)  : ||cod_barra_local (new)  : ||fecha_baja (new)  : null||precio_costo (new)  : 25000.00||precio_iva (new)  : 0||tasa_id (new)  : 0||id_tpu (new)  : 2||precio_final_compra (new)  : 25000.00||Precio_ctdo (new)  : 56300.00||Precio_cta_cte (new)  : 61900.00||Precio_tarjeta (new)  : 68100.00||Precio_oferta (new)  : 0||mctdo (new)  : 123.00||mctacte (new)  : 10.00||motro (new)  : 10.00'),(163056,'2025-10-11 11:23:47','admin','form_articulos','Scriptcase','190.175.152.152','insert','--> keys <-- mar_id : 82||rbro_id : 6||id : 8003601||id_temp : 21||--> fields <-- descripcion (new)  : BASICO LISO HILO PESADO NOE||cod_barra_origen (new)  : ||cod_barra_local (new)  : ||fecha_baja (new)  : null||precio_costo (new)  : 41000.00||precio_iva (new)  : 0||tasa_id (new)  : 0||id_tpu (new)  : 2||precio_final_compra (new)  : 41000.00||Precio_ctdo (new)  : 92500.00||Precio_cta_cte (new)  : 101800.00||Precio_tarjeta (new)  : 112000.00||Precio_oferta (new)  : 0||mctdo (new)  : 123.00||mctacte (new)  : 10.00||motro (new)  : 10.00'),(163057,'2025-10-11 11:26:07','admin','form_articulos','Scriptcase','190.175.152.152','insert','--> keys <-- mar_id : 82||rbro_id : 44||id : 14000831||id_temp : 21||--> fields <-- descripcion (new)  : LINO C-BOTON||cod_barra_origen (new)  : ||cod_barra_local (new)  : ||fecha_baja (new)  : null||precio_costo (new)  : 50000.00||precio_iva (new)  : 0||tasa_id (new)  : 0||id_tpu (new)  : 2||precio_final_compra (new)  : 50000.00||Precio_ctdo (new)  : 111800.00||Precio_cta_cte (new)  : 123000.00||Precio_tarjeta (new)  : 135300.00||Precio_oferta (new)  : 0||mctdo (new)  : 123.00||mctacte (new)  : 10.00||motro (new)  : 10.00'),(163058,'2025-10-11 11:26:16','admin','grid_articulos','Scriptcase','190.175.152.152','access',''),(163059,'2025-10-11 11:27:39','admin','grid_articulos','Scriptcase','190.175.152.152','access',''),(163060,'2025-10-11 12:17:54','','grid_ventas_carci','Scriptcase','190.175.152.152','access',''),(163061,'2025-10-11 12:17:59','','app_Login','Scriptcase','190.175.152.152','access',''),(163062,'2025-10-11 12:18:04','carsi','app_logged','Scriptcase','190.175.152.152','access',''),(163063,'2025-10-11 12:18:06','carsi','app_logged','User','190.175.152.152','login','¡Ingresado en el sistema!'),(163064,'2025-10-11 12:18:06','carsi','app_menu','Scriptcase','190.175.152.152','access',''),(163065,'2025-10-11 12:18:12','carsi','grid_ventas_carci','Scriptcase','190.175.152.152','access',''),(163066,'2025-10-11 13:15:12','','app_Login','Scriptcase','194.164.107.4','access',''),(163067,'2025-10-11 17:24:30','','app_Login','Scriptcase','190.175.152.152','access',''),(163068,'2025-10-11 17:24:45','carsi','app_logged','Scriptcase','190.175.152.152','access',''),(163069,'2025-10-11 17:24:46','carsi','app_logged','User','190.175.152.152','login','¡Ingresado en el sistema!'),(163070,'2025-10-11 17:24:47','carsi','app_menu','Scriptcase','190.175.152.152','access',''),(163071,'2025-10-11 17:24:51','carsi','grid_ventas_carci','Scriptcase','190.175.152.152','access',''),(163072,'2025-10-11 17:24:53','carsi','form_facturas_carci','Scriptcase','190.175.152.152','access',''),(163073,'2025-10-11 17:25:03','carsi','form_factura_detalle','Scriptcase','190.175.152.152','access',''),(163074,'2025-10-11 17:25:18','carsi','grid_ventas_carci','Scriptcase','190.175.152.152','access',''),(163075,'2025-10-11 19:32:17','','app_Login','Scriptcase','190.175.152.152','access',''),(163076,'2025-10-11 19:32:20','carsi','app_logged','Scriptcase','190.175.152.152','access',''),(163077,'2025-10-11 19:32:24','carsi','app_logged','User','190.175.152.152','login','¡Ingresado en el sistema!'),(163078,'2025-10-11 19:32:24','carsi','app_menu','Scriptcase','190.175.152.152','access',''),(163079,'2025-10-11 19:32:27','carsi','grid_ventas_carci','Scriptcase','190.175.152.152','access',''),(163080,'2025-10-11 19:32:31','carsi','form_facturas_carci','Scriptcase','190.175.152.152','access',''),(163081,'2025-10-11 19:32:36','carsi','form_factura_detalle','Scriptcase','190.175.152.152','access',''),(163082,'2025-10-11 19:33:04','carsi','grid_ventas_carci','Scriptcase','190.175.152.152','access',''),(163083,'2025-10-11 20:08:02','','app_Login','Scriptcase','190.175.152.152','access',''),(163084,'2025-10-13 11:38:07','','app_Login','Scriptcase','190.175.135.20','access',''),(163085,'2025-10-13 11:38:11','admin','app_logged','Scriptcase','190.175.135.20','access',''),(163086,'2025-10-13 11:38:13','admin','app_logged','User','190.175.135.20','login','¡Ingresado en el sistema!'),(163087,'2025-10-13 11:38:13','admin','app_menu','Scriptcase','190.175.135.20','access',''),(163088,'2025-10-13 11:38:18','admin','grid_articulos','Scriptcase','190.175.135.20','access',''),(163089,'2025-10-13 11:39:31','admin','form_articulos','Scriptcase','190.175.135.20','access',''),(163090,'2025-10-13 11:40:01','admin','form_articulos','Scriptcase','190.175.135.20','update','--> keys <-- mar_id : 35||rbro_id : 4||id : 5000||id_temp : 1||--> fields <-- precio_costo (old)  : 8600.00||precio_costo (new)  : 9000.00||precio_final_compra (old)  : 8600.00||precio_final_compra (new)  : 9000.00||Precio_ctdo (old)  : 19800.00||Precio_ctdo (new)  : 21800.00||Precio_cta_cte (old)  : 21800.00||Precio_cta_cte (new)  : 24000.00||Precio_tarjeta (old)  : 24000.00||Precio_tarjeta (new)  : 26400.00'),(163091,'2025-10-13 11:40:03','admin','grid_articulos','Scriptcase','190.175.135.20','access',''),(163092,'2025-10-13 11:40:25','admin','form_articulos','Scriptcase','190.175.135.20','access',''),(163093,'2025-10-13 11:40:42','admin','form_articulos','Scriptcase','190.175.135.20','update','--> keys <-- mar_id : 35||rbro_id : 1||id : 10105||id_temp : 1||--> fields <-- precio_costo (old)  : 31100.00||precio_costo (new)  : 33200.00||precio_final_compra (old)  : 31100.00||precio_final_compra (new)  : 33200.00||Precio_ctdo (old)  : 69400.00||Precio_ctdo (new)  : 75500.00||Precio_cta_cte (old)  : 76300.00||Precio_cta_cte (new)  : 83100.00||Precio_tarjeta (old)  : 83900.00||Precio_tarjeta (new)  : 91400.00'),(163094,'2025-10-13 11:40:44','admin','grid_articulos','Scriptcase','190.175.135.20','access',''),(163095,'2025-10-13 17:24:01','','app_Login','Scriptcase','190.175.135.20','access',''),(163096,'2025-10-13 17:24:03','carsi','app_Login','User','190.175.135.20','login','¡Ingresado en el sistema!'),(163097,'2025-10-13 17:24:05','carsi','app_menu','Scriptcase','190.175.135.20','access',''),(163098,'2025-10-13 17:24:14','carsi','grid_ventas_carci','Scriptcase','190.175.135.20','access',''),(163099,'2025-10-13 17:24:17','carsi','form_facturas_carci','Scriptcase','190.175.135.20','access',''),(163100,'2025-10-13 17:24:27','carsi','form_factura_detalle','Scriptcase','190.175.135.20','access',''),(163101,'2025-10-13 17:24:42','carsi','grid_ventas_carci','Scriptcase','190.175.135.20','access',''),(163102,'2025-10-13 19:04:58','','app_Login','Scriptcase','205.210.31.53','access',''),(163103,'2025-10-14 11:21:57','','app_Login','Scriptcase','34.12.79.192','access',''),(163104,'2025-10-14 11:36:36','','app_Login','Scriptcase','190.175.146.38','access',''),(163105,'2025-10-14 11:37:01','carsi','app_logged','Scriptcase','190.175.146.38','access',''),(163106,'2025-10-14 11:37:03','carsi','app_logged','User','190.175.146.38','login','¡Ingresado en el sistema!'),(163107,'2025-10-14 11:37:03','carsi','app_menu','Scriptcase','190.175.146.38','access',''),(163108,'2025-10-14 11:37:09','carsi','grid_ventas_carci','Scriptcase','190.175.146.38','access',''),(163109,'2025-10-14 11:37:11','carsi','form_facturas_carci','Scriptcase','190.175.146.38','access',''),(163110,'2025-10-14 11:37:26','carsi','form_factura_detalle','Scriptcase','190.175.146.38','access',''),(163111,'2025-10-14 11:37:39','carsi','grid_ventas_carci','Scriptcase','190.175.146.38','access',''),(163112,'2025-10-14 13:43:16','','app_Login','Scriptcase','34.148.16.108','access',''),(163113,'2025-10-14 14:03:51','','app_Login','Scriptcase','34.148.16.108','access',''),(163114,'2025-10-14 18:23:14','','app_Login','Scriptcase','190.175.146.38','access',''),(163115,'2025-10-14 18:23:16','admin','app_logged','Scriptcase','190.175.146.38','access',''),(163116,'2025-10-14 18:23:19','admin','app_logged','User','190.175.146.38','login','¡Ingresado en el sistema!'),(163117,'2025-10-14 18:23:19','admin','app_menu','Scriptcase','190.175.146.38','access',''),(163118,'2025-10-14 18:23:23','admin','grid_articulos','Scriptcase','190.175.146.38','access',''),(163119,'2025-10-14 18:35:49','admin','grid_articulos','Scriptcase','190.175.146.38','access',''),(163120,'2025-10-14 18:36:19','','app_Login','Scriptcase','190.175.146.38','access',''),(163121,'2025-10-14 19:25:36','','app_Login','Scriptcase','190.175.146.38','access',''),(163122,'2025-10-14 19:25:40','carsi','app_logged','Scriptcase','190.175.146.38','access',''),(163123,'2025-10-14 19:25:43','carsi','app_logged','User','190.175.146.38','login','¡Ingresado en el sistema!'),(163124,'2025-10-14 19:25:43','carsi','app_menu','Scriptcase','190.175.146.38','access',''),(163125,'2025-10-14 19:25:47','carsi','grid_ventas_carci','Scriptcase','190.175.146.38','access',''),(163126,'2025-10-14 19:25:50','carsi','form_facturas_carci','Scriptcase','190.175.146.38','access',''),(163127,'2025-10-14 19:25:55','carsi','form_factura_detalle','Scriptcase','190.175.146.38','access',''),(163128,'2025-10-14 19:26:08','carsi','grid_ventas_carci','Scriptcase','190.175.146.38','access',''),(163129,'2025-10-14 19:26:12','carsi','form_facturas_carci','Scriptcase','190.175.146.38','access',''),(163130,'2025-10-14 19:26:16','carsi','form_factura_detalle','Scriptcase','190.175.146.38','access',''),(163131,'2025-10-14 19:26:31','carsi','grid_ventas_carci','Scriptcase','190.175.146.38','access',''),(163132,'2025-10-14 19:27:03','','app_Login','Scriptcase','190.175.146.38','access',''),(163133,'2025-10-14 19:27:07','carsi','app_Login','User','190.175.146.38','login','¡Ingresado en el sistema!'),(163134,'2025-10-14 19:27:07','carsi','app_menu','Scriptcase','190.175.146.38','access',''),(163135,'2025-10-14 19:27:11','carsi','grid_ventas_carci','Scriptcase','190.175.146.38','access',''),(163136,'2025-10-14 20:02:08','carsi','form_facturas_carci','Scriptcase','190.175.146.38','access',''),(163137,'2025-10-14 20:05:30','carsi','form_factura_detalle','Scriptcase','190.175.146.38','access',''),(163138,'2025-10-14 20:06:15','carsi','grid_ventas_carci','Scriptcase','190.175.146.38','access',''),(163139,'2025-10-14 20:37:05','','app_Login','Scriptcase','35.94.246.49','access',''),(163140,'2025-10-15 09:44:28','','app_Login','Scriptcase','217.131.14.13','access',''),(163141,'2025-10-15 15:41:38','','app_Login','Scriptcase','99.79.64.157','access',''),(163142,'2025-10-15 16:44:21','','app_Login','Scriptcase','190.175.143.34','access',''),(163143,'2025-10-15 16:44:24','admin','app_Login','User','190.175.143.34','login','¡Ingresado en el sistema!'),(163144,'2025-10-15 16:44:26','admin','app_menu','Scriptcase','190.175.143.34','access',''),(163145,'2025-10-15 16:44:32','admin','grid_articulos','Scriptcase','190.175.143.34','access',''),(163146,'2025-10-15 16:45:07','admin','form_articulos','Scriptcase','190.175.143.34','access',''),(163147,'2025-10-15 16:45:35','admin','form_articulos','Scriptcase','190.175.143.34','update','--> keys <-- mar_id : 56||rbro_id : 5||id : 400||id_temp : 1||--> fields <-- descripcion (old)  : M-CORTA LISA Y RAYADA||descripcion (new)  : M-CORTA LISA Y RAYADA PIQUE O JERSEY'),(163148,'2025-10-15 16:45:37','admin','grid_articulos','Scriptcase','190.175.143.34','access',''),(163149,'2025-10-15 16:46:45','admin','grid_articulos','Scriptcase','190.175.143.34','access',''),(163150,'2025-10-15 18:10:04','','app_Login','Scriptcase','190.175.143.34','access',''),(163151,'2025-10-15 18:10:13','carsi','app_logged','Scriptcase','190.175.143.34','access',''),(163152,'2025-10-15 18:10:15','carsi','app_logged','User','190.175.143.34','login','¡Ingresado en el sistema!'),(163153,'2025-10-15 18:10:16','carsi','app_menu','Scriptcase','190.175.143.34','access',''),(163154,'2025-10-15 18:10:19','carsi','grid_ventas_carci','Scriptcase','190.175.143.34','access',''),(163155,'2025-10-15 18:10:22','carsi','form_facturas_carci','Scriptcase','190.175.143.34','access',''),(163156,'2025-10-15 18:10:45','carsi','form_factura_detalle','Scriptcase','190.175.143.34','access',''),(163157,'2025-10-15 18:11:27','carsi','grid_ventas_carci','Scriptcase','190.175.143.34','access',''),(163158,'2025-10-16 17:27:54','','app_Login','Scriptcase','190.175.149.128','access',''),(163159,'2025-10-16 17:27:59','carsi','app_logged','Scriptcase','190.175.149.128','access',''),(163160,'2025-10-16 17:28:02','carsi','app_logged','User','190.175.149.128','login','¡Ingresado en el sistema!'),(163161,'2025-10-16 17:28:02','carsi','app_menu','Scriptcase','190.175.149.128','access',''),(163162,'2025-10-16 17:28:12','carsi','grid_ventas_carci','Scriptcase','190.175.149.128','access',''),(163163,'2025-10-16 17:28:15','carsi','form_facturas_carci','Scriptcase','190.175.149.128','access',''),(163164,'2025-10-16 17:28:26','carsi','form_factura_detalle','Scriptcase','190.175.149.128','access',''),(163165,'2025-10-16 17:28:42','carsi','grid_ventas_carci','Scriptcase','190.175.149.128','access',''),(163166,'2025-10-16 17:41:29','carsi','form_facturas_carci','Scriptcase','190.175.149.128','access',''),(163167,'2025-10-16 17:41:55','carsi','form_factura_detalle','Scriptcase','190.175.149.128','access',''),(163168,'2025-10-16 17:42:06','carsi','grid_ventas_carci','Scriptcase','190.175.149.128','access',''),(163169,'2025-10-16 17:53:41','carsi','form_facturas_carci','Scriptcase','190.175.149.128','access',''),(163170,'2025-10-16 17:53:44','carsi','form_factura_detalle','Scriptcase','190.175.149.128','access',''),(163171,'2025-10-16 17:54:00','carsi','grid_ventas_carci','Scriptcase','190.175.149.128','access',''),(163172,'2025-10-16 18:39:32','','app_Login','Scriptcase','190.175.149.128','access',''),(163173,'2025-10-16 18:39:36','carsi','app_logged','Scriptcase','190.175.149.128','access',''),(163174,'2025-10-16 18:39:38','carsi','app_logged','User','190.175.149.128','login','¡Ingresado en el sistema!'),(163175,'2025-10-16 18:39:38','carsi','app_menu','Scriptcase','190.175.149.128','access',''),(163176,'2025-10-16 18:39:42','carsi','grid_ventas_carci','Scriptcase','190.175.149.128','access',''),(163177,'2025-10-16 18:39:44','carsi','form_facturas_carci','Scriptcase','190.175.149.128','access',''),(163178,'2025-10-16 18:39:54','carsi','form_factura_detalle','Scriptcase','190.175.149.128','access',''),(163179,'2025-10-16 18:40:07','carsi','grid_ventas_carci','Scriptcase','190.175.149.128','access',''),(163180,'2025-10-16 19:40:50','','app_Login','Scriptcase','190.175.149.128','access',''),(163181,'2025-10-16 19:40:54','carsi','app_logged','Scriptcase','190.175.149.128','access',''),(163182,'2025-10-16 19:41:03','carsi','app_logged','User','190.175.149.128','login','¡Ingresado en el sistema!'),(163183,'2025-10-16 19:41:03','carsi','app_menu','Scriptcase','190.175.149.128','access',''),(163184,'2025-10-16 19:41:10','carsi','grid_ventas_carci','Scriptcase','190.175.149.128','access',''),(163185,'2025-10-16 19:41:14','carsi','form_facturas_carci','Scriptcase','190.175.149.128','access',''),(163186,'2025-10-16 19:41:17','carsi','form_factura_detalle','Scriptcase','190.175.149.128','access',''),(163187,'2025-10-16 19:41:34','carsi','grid_ventas_carci','Scriptcase','190.175.149.128','access',''),(163188,'2025-10-17 11:07:37','','app_Login','Scriptcase','190.175.149.128','access',''),(163189,'2025-10-17 11:07:50','carsi','app_logged','Scriptcase','190.175.149.128','access',''),(163190,'2025-10-17 11:07:52','carsi','app_logged','User','190.175.149.128','login','¡Ingresado en el sistema!'),(163191,'2025-10-17 11:07:52','carsi','app_menu','Scriptcase','190.175.149.128','access',''),(163192,'2025-10-17 11:07:56','carsi','grid_ventas_carci','Scriptcase','190.175.149.128','access',''),(163193,'2025-10-17 11:07:59','carsi','form_facturas_carci','Scriptcase','190.175.149.128','access',''),(163194,'2025-10-17 11:08:10','carsi','form_factura_detalle','Scriptcase','190.175.149.128','access',''),(163195,'2025-10-17 11:08:21','carsi','grid_ventas_carci','Scriptcase','190.175.149.128','access',''),(163196,'2025-10-17 11:39:24','','app_Login','Scriptcase','190.175.149.128','access',''),(163197,'2025-10-17 11:39:33','carsi','app_logged','Scriptcase','190.175.149.128','access',''),(163198,'2025-10-17 11:39:35','carsi','app_logged','User','190.175.149.128','login','¡Ingresado en el sistema!'),(163199,'2025-10-17 11:39:35','carsi','app_menu','Scriptcase','190.175.149.128','access',''),(163200,'2025-10-17 11:39:38','carsi','grid_ventas_carci','Scriptcase','190.175.149.128','access',''),(163201,'2025-10-17 11:39:40','carsi','form_facturas_carci','Scriptcase','190.175.149.128','access',''),(163202,'2025-10-17 11:39:49','carsi','form_factura_detalle','Scriptcase','190.175.149.128','access',''),(163203,'2025-10-17 11:40:03','carsi','grid_ventas_carci','Scriptcase','190.175.149.128','access',''),(163204,'2025-10-17 16:20:24','','app_Login','Scriptcase','190.175.149.128','access',''),(163205,'2025-10-17 16:20:28','carsi','app_logged','Scriptcase','190.175.149.128','access',''),(163206,'2025-10-17 16:20:31','carsi','app_logged','User','190.175.149.128','login','¡Ingresado en el sistema!'),(163207,'2025-10-17 16:20:31','carsi','app_menu','Scriptcase','190.175.149.128','access',''),(163208,'2025-10-17 17:48:03','','grid_ventas_carci','Scriptcase','190.175.149.128','access',''),(163209,'2025-10-17 17:48:31','','app_Login','Scriptcase','190.175.149.128','access',''),(163210,'2025-10-17 17:48:35','carsi','app_logged','Scriptcase','190.175.149.128','access',''),(163211,'2025-10-17 17:48:37','carsi','app_logged','User','190.175.149.128','login','¡Ingresado en el sistema!'),(163212,'2025-10-17 17:48:37','carsi','app_menu','Scriptcase','190.175.149.128','access',''),(163213,'2025-10-17 17:48:42','carsi','grid_ventas_carci','Scriptcase','190.175.149.128','access',''),(163214,'2025-10-17 17:48:46','carsi','form_facturas_carci','Scriptcase','190.175.149.128','access',''),(163215,'2025-10-17 17:48:50','carsi','form_factura_detalle','Scriptcase','190.175.149.128','access',''),(163216,'2025-10-17 17:49:12','carsi','grid_ventas_carci','Scriptcase','190.175.149.128','access',''),(163217,'2025-10-17 18:49:53','','grid_ventas_carci','Scriptcase','190.175.149.128','access',''),(163218,'2025-10-17 18:49:55','','app_Login','Scriptcase','190.175.149.128','access',''),(163219,'2025-10-17 18:49:59','carsi','app_logged','Scriptcase','190.175.149.128','access',''),(163220,'2025-10-17 18:50:00','carsi','app_logged','User','190.175.149.128','login','¡Ingresado en el sistema!'),(163221,'2025-10-17 18:50:01','carsi','app_menu','Scriptcase','190.175.149.128','access',''),(163222,'2025-10-17 18:50:04','carsi','grid_ventas_carci','Scriptcase','190.175.149.128','access',''),(163223,'2025-10-17 19:02:35','carsi','form_facturas_carci','Scriptcase','190.175.149.128','access',''),(163224,'2025-10-17 19:02:52','carsi','form_factura_detalle','Scriptcase','190.175.149.128','access',''),(163225,'2025-10-17 19:03:11','carsi','grid_ventas_carci','Scriptcase','190.175.149.128','access',''),(163226,'2025-10-17 19:20:22','carsi','form_facturas_carci','Scriptcase','190.175.149.128','access',''),(163227,'2025-10-17 19:20:35','carsi','form_factura_detalle','Scriptcase','190.175.149.128','access',''),(163228,'2025-10-17 19:20:57','carsi','grid_ventas_carci','Scriptcase','190.175.149.128','access',''),(163229,'2025-10-17 19:44:24','carsi','form_facturas_carci','Scriptcase','190.175.149.128','access',''),(163230,'2025-10-17 19:44:47','carsi','form_factura_detalle','Scriptcase','190.175.149.128','access',''),(163231,'2025-10-17 19:45:20','carsi','grid_ventas_carci','Scriptcase','190.175.149.128','access',''),(163232,'2025-10-17 19:54:46','carsi','form_facturas_carci','Scriptcase','190.175.149.128','access','');


--
-- Table structure for table `sec_apps`
--

CREATE TABLE `sec_apps` (
  `app_name` varchar(128) NOT NULL,
  `app_type` varchar(255) DEFAULT NULL,
  `description` varchar(255) DEFAULT NULL,
  PRIMARY KEY (`app_name`)
) ENGINE=InnoDB DEFAULT CHARSET=utf8mb3;

--
-- Dumping data for table `sec_apps`
--

INSERT INTO `sec_apps` VALUES ('AjusteArticulo','contr',NULL),('AjusteArticulo_restore','contr',NULL),('AjusteRbro','contr',NULL),('app_change_pswd','contr','Security Application'),('app_form_add_users','form','Security Application'),('app_form_edit_users','form','Security Application'),('app_form_sec_apps','form','Security Application'),('app_form_sec_users_apps','form','Security Application'),('app_grid_sec_apps','cons','Security Application'),('app_grid_sec_users','cons','Security Application'),('app_grid_sec_users_apps','cons','Security Application'),('app_logged','contr','Security Application'),('app_logged_users','cons','Security Application'),('app_Login','contr','Security Application'),('app_menu','menu','Security Application'),('app_retrieve_pswd','contr','Security Application'),('app_search_sec_users','contr','Security Application'),('app_sync_apps','contr','Security Application'),('compras_alicuota','blank',NULL),('compras_cbte','blank',NULL),('cons_vtas','cons',NULL),('control','contr',NULL),('control_1','contr',NULL),('control_2','contr',NULL),('control_libro_iva','contr','Impresion de libros contables'),('control_libro_iva_z','contr','Impresion de libros para controlar el flujo de ventas'),('control_recupero','contr',NULL),('control_reg_info','contr',NULL),('cuenta_corriente','form',NULL),('detalle_ficha','form',NULL),('det_cta_cte','cons',NULL),('FECAESolicitar','blank',NULL),('form_articulos','form',NULL),('form_articulos_1','',NULL),('form_cab_cta_cte','form',NULL),('form_cab_doc_ventas','form',NULL),('form_certificados_ws','form',NULL),('form_clientes','form',NULL),('form_compras','form',NULL),('form_comprobantes_asociados','form',NULL),('form_departamentos','form',NULL),('form_det_doc_ventas','form',NULL),('form_facturas','form',NULL),('form_facturas_carci','',''),('form_factura_detalle','form',NULL),('form_localidades','form',NULL),('form_marcas','form',NULL),('form_paises','form',NULL),('form_provincias','form',NULL),('form_puntos_ventas','form',NULL),('form_rubros','form',NULL),('form_subrubros','form',NULL),('form_tasa_impositivas','form',NULL),('form_temporadas','form',NULL),('form_temporadas_inline','form',NULL),('form_tipos_doc','form',NULL),('form_tipos_doc_mov','form',NULL),('form_tipos_lista_precios','form',NULL),('form_tipos_mov','form',NULL),('form_tipo_unidades','form',NULL),('grid_articulos','cons',NULL),('grid_articulos_1','',NULL),('grid_articulos_baja','cons',NULL),('grid_cab_cta_cte','cons',NULL),('grid_cab_cta_cte_1','cons',NULL),('grid_cab_doc_ventas','',NULL),('grid_clientes','cons',NULL),('grid_compras','cons',NULL),('grid_compras_libro','cons',NULL),('grid_comprobantes','','Consultas'),('grid_det_cta_cte','cons',NULL),('grid_facturas','cons',NULL),('grid_ventas_carci','',''),('grid_v_maestro_articulos','',NULL),('grid_v_ventas','cons',NULL),('grid_v_ventas_1','',NULL),('grid_v_ventas_elect','cons',NULL),('grid_v_ventas_z','cons',NULL),('ingreso_cheques','form',NULL),('ingreso_tarjeta_credito','form',NULL),('menu03','',NULL),('pdfreport_facturas','reportpdf',NULL),('pdfreport_libro_compras','reportpdf',NULL),('pdfreport_libro_compras_z','pdf','Report de Compras'),('pdfreport_libro_ventas','reportpdf',NULL),('pdfreport_libro_ventas_z','pdf','Report de ventas'),('plan_pago','contr',NULL),('ventas_cbte','blank',NULL),('venta_alicuota','blank',NULL);

--
-- Table structure for table `sec_logged`
--

CREATE TABLE `sec_logged` (
  `login` varchar(32) NOT NULL,
  `date_login` varchar(128) DEFAULT NULL,
  `sc_session` varchar(32) DEFAULT NULL,
  `ip` varchar(32) DEFAULT NULL
) ENGINE=InnoDB DEFAULT CHARSET=utf8mb3;

--
-- Dumping data for table `sec_logged`
--

INSERT INTO `sec_logged` VALUES ('admnin','1469410916.8041','_SC_FAIL_SC_','127.0.0.1'),('amin','1475839601.8848','_SC_FAIL_SC_','127.0.0.1'),('carci','1478721912.1045','_SC_FAIL_SC_','127.0.0.1'),('carci','1560803677.3023','_SC_FAIL_SC_','192.168.1.35'),('carci','1563836558.1004','_SC_FAIL_SC_','127.0.0.1'),('carci','1565474762.5983','_SC_FAIL_SC_','127.0.0.1'),('carci','1579529203.0359','_SC_FAIL_SC_','127.0.0.1'),('carci','1579529212.5118','_SC_FAIL_SC_','127.0.0.1'),('carci','1579530693.0534','_SC_FAIL_SC_','127.0.0.1'),('carci','1588949903.1718','_SC_FAIL_SC_','127.0.0.1'),('carci','1588949918.7685','_SC_FAIL_SC_','127.0.0.1'),('carci','1594500976.2881','_SC_FAIL_SC_','192.168.1.43'),('carci','1594500987.9131','_SC_FAIL_SC_','192.168.1.43'),('carci','1596808152.7614','_SC_FAIL_SC_','127.0.0.1'),('emilia','1602681832.645','_SC_FAIL_SC_','127.0.0.1'),('carci','1603919605.2444','_SC_FAIL_SC_','127.0.0.1'),('carci','1606917623.9307','_SC_FAIL_SC_','127.0.0.1'),('carci','1610837337.7563','_SC_FAIL_SC_','127.0.0.1'),('emilia','1617888640.7732','_SC_FAIL_SC_','127.0.0.1'),('carci','1640345202.1032','_SC_FAIL_SC_','127.0.0.1'),('carci','1640345210.8018','_SC_FAIL_SC_','127.0.0.1'),('javain','1648494129.7341','_SC_FAIL_SC_','190.181.112.162'),('emilia','1654887202.8301','_SC_FAIL_SC_','190.175.145.105'),('emilia','1654887209.1985','_SC_FAIL_SC_','190.175.145.105'),('1','1664709811.9858','_SC_FAIL_SC_','92.223.89.135'),('amin','1666398315.9216','_SC_FAIL_SC_','190.175.142.104'),('emilia','1696994534.3062','_SC_FAIL_SC_','190.182.200.120'),('amin','1713398539.9739','_SC_FAIL_SC_','190.19.57.9'),('joe76@ourtimesupport.com','1715368111.8586','_SC_FAIL_SC_','18.199.224.87'),('nadine53','1715368113.6928','_SC_FAIL_SC_','18.199.224.87'),('nadine53','1715368115.2496','_SC_FAIL_SC_','18.199.224.87'),('joe76@ourtimesupport.com','1715368116.8021','_SC_FAIL_SC_','18.199.224.87'),('oda.fay77','1715368224.7248','_SC_FAIL_SC_','146.190.13.187'),('oda.fay77','1715368227.1215','_SC_FAIL_SC_','146.190.13.187'),('oda.fay77','1715368229.6048','_SC_FAIL_SC_','146.190.13.187'),('jacey.bernhard@ourtimesupport.co','1715368232.4223','_SC_FAIL_SC_','146.190.13.187'),('armando.watsica@wls1.com','1725276030.4213','_SC_FAIL_SC_','68.183.245.101'),('athena_russel51','1725276033.0248','_SC_FAIL_SC_','68.183.245.101'),('athena_russel51','1725276035.8257','_SC_FAIL_SC_','68.183.245.101'),('armando.watsica@wls1.com','1725276038.8322','_SC_FAIL_SC_','68.183.245.101'),('aaron.frisch44@wls1.com','1725276086.6439','_SC_FAIL_SC_','164.90.241.135'),('quentin.kosenkow','1725276088.3488','_SC_FAIL_SC_','164.90.241.135'),('quentin.kosenkow','1725276090.0075','_SC_FAIL_SC_','164.90.241.135'),('aaron.frisch44@wls1.com','1725276091.8289','_SC_FAIL_SC_','164.90.241.135'),('estell.fadel46@wls1.com','1725276142.2076','_SC_FAIL_SC_','206.189.247.132'),('raphael.metz','1725276144.3004','_SC_FAIL_SC_','206.189.247.132'),('raphael.metz','1725276146.3732','_SC_FAIL_SC_','206.189.247.132'),('estell.fadel46@wls1.com','1725276148.5493','_SC_FAIL_SC_','206.189.247.132'),('carsi','1761338685.1154','bc27rqipd94h227noe9b06c091','190.175.151.21'),('carsi','1761399557.4729','_SC_FAIL_SC_','190.175.144.223'),('carsi','1761399573.6027','_SC_FAIL_SC_','190.175.144.223');

--
-- Table structure for table `sec_users_apps`
--

CREATE TABLE `sec_users_apps` (
  `login` varchar(32) NOT NULL,
  `app_name` varchar(128) NOT NULL,
  `priv_access` varchar(1) DEFAULT NULL,
  `priv_insert` varchar(1) DEFAULT NULL,
  `priv_delete` varchar(1) DEFAULT NULL,
  `priv_update` varchar(1) DEFAULT NULL,
  `priv_export` varchar(1) DEFAULT NULL,
  `priv_print` varchar(1) DEFAULT NULL,
  PRIMARY KEY (`login`,`app_name`),
  KEY `sec_users_apps_ibfk_2` (`app_name`),
  CONSTRAINT `sec_users_apps_ibfk_1` FOREIGN KEY (`login`) REFERENCES `sec_users` (`login`) ON DELETE CASCADE,
  CONSTRAINT `sec_users_apps_ibfk_2` FOREIGN KEY (`app_name`) REFERENCES `sec_apps` (`app_name`) ON DELETE CASCADE
) ENGINE=InnoDB DEFAULT CHARSET=utf8mb3;

--
-- Dumping data for table `sec_users_apps`
--

INSERT INTO `sec_users_apps` VALUES ('admin','AjusteArticulo','Y','N','N','N','N','N'),('admin','AjusteArticulo_restore','N','N','N','N','N','N'),('admin','AjusteRbro','Y','N','N','N','N','N'),('admin','app_change_pswd','Y','N','N','N','N','N'),('admin','app_form_add_users','Y','Y','Y','Y','Y','Y'),('admin','app_form_edit_users','Y','Y','Y','Y','Y','Y'),('admin','app_form_sec_apps','Y','Y','Y','Y','Y','Y'),('admin','app_form_sec_users_apps','Y','Y','Y','Y','Y','Y'),('admin','app_grid_sec_apps','Y','N','N','N','Y','Y'),('admin','app_grid_sec_users','Y','N','N','N','Y','Y'),('admin','app_grid_sec_users_apps','Y','N','N','N','Y','Y'),('admin','app_logged','Y','N','N','N','N','N'),('admin','app_logged_users','Y','N','N','N','Y','Y'),('admin','app_Login','Y','N','N','N','N','N'),('admin','app_menu','Y','N','N','N','N','N'),('admin','app_retrieve_pswd','Y','N','N','N','N','N'),('admin','app_search_sec_users','Y','N','N','N','N','N'),('admin','app_sync_apps','Y','N','N','N','N','N'),('admin','compras_alicuota','Y','N','N','N','N','N'),('admin','compras_cbte','Y','N','N','N','N','N'),('admin','cons_vtas','Y','N','N','N','Y','Y'),('admin','control','Y','N','N','N','N','N'),('admin','control_1','N','N','N','N','N','N'),('admin','control_2','Y','N','N','N','N','N'),('admin','control_libro_iva','Y','N','N','N','N','N'),('admin','control_libro_iva_z','Y','N','N','N','Y','Y'),('admin','control_recupero','Y','N','N','N','N','N'),('admin','control_reg_info','Y','N','N','N','N','N'),('admin','cuenta_corriente','Y','Y','N','Y','Y','Y'),('admin','detalle_ficha','Y','Y','N','Y','Y','Y'),('admin','det_cta_cte','Y','N','N','N','Y','Y'),('admin','FECAESolicitar',NULL,NULL,NULL,NULL,NULL,NULL),('admin','form_articulos','Y','Y','N','Y','Y','Y'),('admin','form_articulos_1',NULL,NULL,NULL,NULL,NULL,NULL),('admin','form_cab_cta_cte','Y','Y','Y','Y','Y','Y'),('admin','form_cab_doc_ventas','Y','Y','N','Y','Y','Y'),('admin','form_certificados_ws',NULL,NULL,NULL,NULL,NULL,NULL),('admin','form_clientes','Y','Y','N','Y','Y','Y'),('admin','form_compras','Y','Y','N','Y','Y','Y'),('admin','form_comprobantes_asociados',NULL,NULL,NULL,NULL,NULL,NULL),('admin','form_departamentos','Y','Y','N','Y','Y','Y'),('admin','form_det_doc_ventas','Y','Y','N','Y','Y','Y'),('admin','form_facturas','Y','Y','N','Y','Y','Y'),('admin','form_facturas_carci','Y','Y','N','Y','Y','Y'),('admin','form_factura_detalle','Y','Y','N','Y','Y','Y'),('admin','form_localidades','Y','Y','N','Y','Y','Y'),('admin','form_marcas','Y','Y','N','Y','Y','Y'),('admin','form_paises','Y','Y','N','Y','Y','Y'),('admin','form_provincias','Y','Y','N','Y','Y','Y'),('admin','form_puntos_ventas',NULL,NULL,NULL,NULL,NULL,NULL),('admin','form_rubros','Y','Y','N','Y','Y','Y'),('admin','form_subrubros','N','Y','N','Y','Y','Y'),('admin','form_tasa_impositivas','Y','Y','N','Y','Y','Y'),('admin','form_temporadas','Y','Y','N','Y','Y','Y'),('admin','form_temporadas_inline','Y','Y','N','Y','Y','Y'),('admin','form_tipos_doc','Y','Y','N','Y','Y','Y'),('admin','form_tipos_doc_mov','Y','Y','N','Y','Y','Y'),('admin','form_tipos_lista_precios','Y','Y','N','Y','Y','Y'),('admin','form_tipos_mov','Y','Y','N','Y','Y','Y'),('admin','form_tipo_unidades','Y','Y','N','Y','Y','Y'),('admin','grid_articulos','Y','N','N','N','Y','Y'),('admin','grid_articulos_1',NULL,NULL,NULL,NULL,NULL,NULL),('admin','grid_articulos_baja','Y','N','N','N','Y','Y'),('admin','grid_cab_cta_cte','Y','N','N','N','Y','Y'),('admin','grid_cab_cta_cte_1','Y','N','N','N','Y','Y'),('admin','grid_cab_doc_ventas',NULL,NULL,NULL,NULL,NULL,NULL),('admin','grid_clientes','Y','N','N','N','Y','Y'),('admin','grid_compras','Y','N','N','N','Y','Y'),('admin','grid_compras_libro','Y','N','N','N','Y','Y'),('admin','grid_comprobantes',NULL,NULL,NULL,NULL,NULL,NULL),('admin','grid_det_cta_cte','Y','N','N','N','Y','Y'),('admin','grid_facturas','Y','N','N','N','Y','Y'),('admin','grid_ventas_carci','Y','N','N','N','Y','Y'),('admin','grid_v_maestro_articulos','Y','N','N','N','N','N'),('admin','grid_v_ventas','Y','N','N','N','Y','Y'),('admin','grid_v_ventas_1',NULL,NULL,NULL,NULL,NULL,NULL),('admin','grid_v_ventas_elect',NULL,NULL,NULL,NULL,NULL,NULL),('admin','grid_v_ventas_z','N','N','N','N','Y','Y'),('admin','ingreso_cheques','Y','Y','N','Y','Y','Y'),('admin','ingreso_tarjeta_credito','Y','Y','N','Y','Y','Y'),('admin','menu03','Y','N','N','N','N','N'),('admin','pdfreport_facturas','Y','N','N','N','Y','Y'),('admin','pdfreport_libro_compras','Y','N','N','N','N','N'),('admin','pdfreport_libro_compras_z','Y','N','N','N','Y','Y'),('admin','pdfreport_libro_ventas','Y','N','N','N','N','N'),('admin','pdfreport_libro_ventas_z','Y','N','N','N','Y','Y'),('admin','plan_pago','Y','N','N','N','N','N'),('admin','ventas_cbte','Y','N','N','N','N','N'),('admin','venta_alicuota','Y','N','N','N','N','N'),('carsi','AjusteArticulo','Y','N','N','N','N','N'),('carsi','AjusteArticulo_restore',NULL,NULL,NULL,NULL,NULL,NULL),('carsi','AjusteRbro','Y','N','N','N','N','N'),('carsi','app_change_pswd',NULL,NULL,NULL,NULL,NULL,NULL),('carsi','app_form_add_users',NULL,NULL,NULL,NULL,NULL,NULL),('carsi','app_form_edit_users',NULL,NULL,NULL,NULL,NULL,NULL),('carsi','app_form_sec_apps',NULL,NULL,NULL,NULL,NULL,NULL),('carsi','app_form_sec_users_apps',NULL,NULL,NULL,NULL,NULL,NULL),('carsi','app_grid_sec_apps',NULL,NULL,NULL,NULL,NULL,NULL),('carsi','app_grid_sec_users',NULL,NULL,NULL,NULL,NULL,NULL),('carsi','app_grid_sec_users_apps',NULL,NULL,NULL,NULL,NULL,NULL),('carsi','app_logged',NULL,NULL,NULL,NULL,NULL,NULL),('carsi','app_logged_users',NULL,NULL,NULL,NULL,NULL,NULL),('carsi','app_Login','Y','N','N','N','N','N'),('carsi','app_menu','Y','N','N','N','N','N'),('carsi','app_retrieve_pswd',NULL,NULL,NULL,NULL,NULL,NULL),('carsi','app_search_sec_users',NULL,NULL,NULL,NULL,NULL,NULL),('carsi','app_sync_apps',NULL,NULL,NULL,NULL,NULL,NULL),('carsi','compras_alicuota','N','N','N','N','N','N'),('carsi','compras_cbte','N','N','N','N','N','N'),('carsi','cons_vtas','Y','N','N','Y','Y','Y'),('carsi','control','Y','N','N','N','N','N'),('carsi','control_1',NULL,NULL,NULL,NULL,NULL,NULL),('carsi','control_2','N','N','N','N','N','N'),('carsi','control_libro_iva',NULL,NULL,NULL,NULL,NULL,NULL),('carsi','control_recupero','Y','N','N','N','N','N'),('carsi','control_reg_info','N','N','N','N','N','N'),('carsi','cuenta_corriente','Y','Y','N','Y','Y','Y'),('carsi','detalle_ficha','Y','Y','N','Y','Y','Y'),('carsi','det_cta_cte','Y','N','N','N','Y','Y'),('carsi','FECAESolicitar','Y','N','N','N','N','N'),('carsi','form_articulos','Y','Y','N','Y','Y','Y'),('carsi','form_articulos_1',NULL,NULL,NULL,NULL,NULL,NULL),('carsi','form_cab_cta_cte','Y','Y','N','Y','Y','Y'),('carsi','form_cab_doc_ventas','Y','Y','N','Y','Y','Y'),('carsi','form_certificados_ws','Y','N','N','N','N','N'),('carsi','form_clientes','Y','Y','N','Y','Y','Y'),('carsi','form_compras','N','N','N','N','N','N'),('carsi','form_comprobantes_asociados','Y','Y','N','Y','Y','Y'),('carsi','form_departamentos','Y','Y','N','Y','Y','Y'),('carsi','form_det_doc_ventas','Y','Y','N','Y','Y','Y'),('carsi','form_facturas','Y','Y','N','Y','Y','Y'),('carsi','form_facturas_carci','Y','Y','N','Y','Y','Y'),('carsi','form_factura_detalle','Y','Y','N','Y','Y','Y'),('carsi','form_localidades','Y','Y','N','Y','Y','Y'),('carsi','form_marcas','Y','Y','N','Y','Y','Y'),('carsi','form_paises','Y','Y','N','Y','Y','Y'),('carsi','form_provincias','Y','Y','N','Y','Y','Y'),('carsi','form_puntos_ventas','Y','Y','N','Y','Y','Y'),('carsi','form_rubros','Y','Y','N','Y','Y','Y'),('carsi','form_subrubros','Y','Y','N','Y','Y','Y'),('carsi','form_tasa_impositivas','Y','Y','N','Y','Y','Y'),('carsi','form_temporadas','Y','Y','N','Y','Y','Y'),('carsi','form_temporadas_inline','Y','Y','N','Y','Y','Y'),('carsi','form_tipos_doc','Y','Y','N','Y','Y','Y'),('carsi','form_tipos_doc_mov','Y','Y','N','Y','Y','Y'),('carsi','form_tipos_lista_precios','Y','Y','N','Y','Y','Y'),('carsi','form_tipos_mov','Y','Y','N','Y','Y','Y'),('carsi','form_tipo_unidades','Y','Y','N','Y','Y','Y'),('carsi','grid_articulos','Y','N','N','N','Y','Y'),('carsi','grid_articulos_1',NULL,NULL,NULL,NULL,NULL,NULL),('carsi','grid_articulos_baja','Y','N','N','N','Y','Y'),('carsi','grid_cab_cta_cte','Y','N','N','N','Y','Y'),('carsi','grid_cab_cta_cte_1',NULL,NULL,NULL,NULL,NULL,NULL),('carsi','grid_cab_doc_ventas','Y','N','N','N','N','N'),('carsi','grid_clientes','Y','N','N','N','Y','Y'),('carsi','grid_compras','N','N','N','N','N','N'),('carsi','grid_compras_libro','N','N','N','N','N','N'),('carsi','grid_comprobantes','Y','N','N','N','N','N'),('carsi','grid_det_cta_cte','Y','N','N','N','Y','Y'),('carsi','grid_facturas','Y','N','N','N','Y','Y'),('carsi','grid_ventas_carci','Y','N','N','N','Y','Y'),('carsi','grid_v_maestro_articulos','Y','N','N','N','N','N'),('carsi','grid_v_ventas','Y','N','N','N','Y','Y'),('carsi','grid_v_ventas_1',NULL,NULL,NULL,NULL,NULL,NULL),('carsi','grid_v_ventas_elect','Y','N','N','N','Y','Y'),('carsi','grid_v_ventas_z',NULL,NULL,NULL,NULL,NULL,NULL),('carsi','ingreso_cheques','Y','Y','N','Y','Y','Y'),('carsi','ingreso_tarjeta_credito','Y','Y','N','Y','Y','Y'),('carsi','menu03',NULL,NULL,NULL,NULL,NULL,NULL),('carsi','pdfreport_facturas','Y','N','N','N','N','N'),('carsi','plan_pago','Y','N','N','N','N','N'),('carsi','ventas_cbte','N','N','N','N','N','N'),('carsi','venta_alicuota','N','N','N','N','N','N');

--
-- Table structure for table `series_estados`
--

CREATE TABLE `series_estados` (
  `mar_id` int NOT NULL,
  `rbro_id` int NOT NULL,
  `srbro_id` int NOT NULL,
  `mode_id` int NOT NULL,
  `id` int NOT NULL,
  `nro_serie` varchar(30) NOT NULL,
  `id_est` varchar(1) NOT NULL,
  PRIMARY KEY (`mar_id`,`rbro_id`,`srbro_id`,`mode_id`,`id`),
  KEY `serie_estado_fk` (`id_est`),
  CONSTRAINT `serie_estado_fk` FOREIGN KEY (`id_est`) REFERENCES `estado_serie` (`id`)
) ENGINE=InnoDB DEFAULT CHARSET=latin1;

--
-- Dumping data for table `series_estados`
--


--
-- Table structure for table `stock`
--

CREATE TABLE `stock` (
  `com_id` int NOT NULL,
  `dep_id` int NOT NULL,
  `suc_id` int NOT NULL,
  `mar_id` int NOT NULL,
  `rbro_id` int NOT NULL,
  `srbro_id` int NOT NULL,
  `mode_id` int NOT NULL,
  `estk_id` int NOT NULL,
  `id` int NOT NULL,
  `cant_max` decimal(10,2) DEFAULT NULL,
  `cant_min` decimal(10,2) DEFAULT NULL,
  `pvee_id` int NOT NULL,
  `cantidad` decimal(14,2) NOT NULL DEFAULT '0.00',
  PRIMARY KEY (`com_id`,`dep_id`,`suc_id`,`mar_id`,`rbro_id`,`srbro_id`,`mode_id`,`id`,`estk_id`),
  KEY `det_art_pvee_fk` (`pvee_id`),
  KEY `stock_sucursales_fk` (`suc_id`,`com_id`,`dep_id`),
  KEY `stock_articulos_fk` (`mar_id`,`rbro_id`,`srbro_id`,`mode_id`,`id`),
  KEY `stock_estado_fk` (`estk_id`),
  CONSTRAINT `stock_estado_fk` FOREIGN KEY (`estk_id`) REFERENCES `estado_stock` (`id`),
  CONSTRAINT `stock_sucursales_fk` FOREIGN KEY (`suc_id`, `com_id`, `dep_id`) REFERENCES `sucursales` (`id`, `com_id`, `dep_id`)
) ENGINE=InnoDB DEFAULT CHARSET=latin1;

--
-- Dumping data for table `stock`
--

INSERT INTO `stock` VALUES (1,1,3,4,7,10,13,1,1,10.00,5.00,1,4.00);

--
-- Table structure for table `subrubros`
--

CREATE TABLE `subrubros` (
  `id` int NOT NULL AUTO_INCREMENT,
  `descripcion` varchar(60) NOT NULL,
  `rbro_id` int NOT NULL,
  PRIMARY KEY (`id`),
  KEY `fk_subrubros_rbros` (`rbro_id`),
  CONSTRAINT `fk_subrubros_rbros` FOREIGN KEY (`rbro_id`) REFERENCES `rubros` (`id`)
) ENGINE=InnoDB DEFAULT CHARSET=latin1;

--
-- Dumping data for table `subrubros`
--


--
-- Table structure for table `sucursales`
--

CREATE TABLE `sucursales` (
  `id` int NOT NULL AUTO_INCREMENT,
  `com_id` int NOT NULL,
  `dep_id` int NOT NULL,
  `razon_social` varchar(60) NOT NULL,
  `calle` varchar(30) NOT NULL,
  `altura` varchar(10) NOT NULL,
  `cod_postal` varchar(10) NOT NULL,
  `loc_id` int NOT NULL,
  `dpto_id` int NOT NULL,
  `pcia_id` int NOT NULL,
  `pais_id` int NOT NULL,
  PRIMARY KEY (`id`,`com_id`,`dep_id`),
  KEY `suc_emp_loc_id` (`loc_id`,`dpto_id`,`pcia_id`,`pais_id`),
  KEY `sucursales_fk_pais` (`pais_id`),
  KEY `sucursales_fk_pcia` (`pcia_id`),
  KEY `sucursales_fk_dpto` (`dpto_id`),
  KEY `sucursales_fk_come` (`com_id`),
  KEY `sucursales_fk_depo` (`dep_id`),
  CONSTRAINT `sucursales_fk_come` FOREIGN KEY (`com_id`) REFERENCES `depositos` (`com_id`) ON DELETE CASCADE ON UPDATE CASCADE,
  CONSTRAINT `sucursales_fk_depo` FOREIGN KEY (`dep_id`) REFERENCES `depositos` (`id`) ON DELETE CASCADE ON UPDATE CASCADE,
  CONSTRAINT `sucursales_fk_dpto` FOREIGN KEY (`dpto_id`) REFERENCES `departamentos` (`id`) ON DELETE CASCADE ON UPDATE CASCADE,
  CONSTRAINT `sucursales_fk_loca` FOREIGN KEY (`loc_id`) REFERENCES `localidades` (`id`) ON DELETE CASCADE ON UPDATE CASCADE,
  CONSTRAINT `sucursales_fk_pais` FOREIGN KEY (`pais_id`) REFERENCES `paises` (`id`) ON DELETE CASCADE ON UPDATE CASCADE,
  CONSTRAINT `sucursales_fk_pcia` FOREIGN KEY (`pcia_id`) REFERENCES `provincias` (`id`) ON DELETE CASCADE ON UPDATE CASCADE
) ENGINE=InnoDB AUTO_INCREMENT=4 DEFAULT CHARSET=latin1;

--
-- Dumping data for table `sucursales`
--

INSERT INTO `sucursales` VALUES (3,1,1,'CENTRO','10','123','6660',16,142,1,1);

--
-- Table structure for table `tarjeta_credito`
--

CREATE TABLE `tarjeta_credito` (
  `id` int NOT NULL AUTO_INCREMENT,
  `banco` varchar(40) NOT NULL,
  `tpta_id` int NOT NULL,
  `nro_tarj` varchar(19) NOT NULL,
  `fec_vto` date NOT NULL,
  `importe` decimal(14,2) NOT NULL,
  `cdoc_id` int NOT NULL,
  `dni` varchar(20) DEFAULT NULL,
  `id_cli` int DEFAULT NULL,
  PRIMARY KEY (`id`,`cdoc_id`),
  KEY `fk_tar_doc` (`cdoc_id`),
  KEY `fk_tipo_tarjeta` (`tpta_id`),
  CONSTRAINT `fk_tar_doc` FOREIGN KEY (`cdoc_id`) REFERENCES `cab_doc_ventas` (`id`),
  CONSTRAINT `fk_tipo_tarjeta` FOREIGN KEY (`tpta_id`) REFERENCES `tipos_tarj_creditos` (`id`)
) ENGINE=InnoDB DEFAULT CHARSET=latin1;

--
-- Dumping data for table `tarjeta_credito`
--


--
-- Table structure for table `tasa_ibrutos`
--

CREATE TABLE `tasa_ibrutos` (
  `id` int NOT NULL AUTO_INCREMENT,
  `porc_iibb` decimal(8,2) NOT NULL DEFAULT '0.00',
  `fecha_vgte` date NOT NULL,
  `fecha_vto` date DEFAULT NULL,
  PRIMARY KEY (`id`)
) ENGINE=InnoDB AUTO_INCREMENT=3 DEFAULT CHARSET=latin1;

--
-- Dumping data for table `tasa_ibrutos`
--

INSERT INTO `tasa_ibrutos` VALUES (1,0.00,'2014-04-16',NULL),(2,3.50,'2014-04-16',NULL);

--
-- Table structure for table `tasa_impositivas`
--

CREATE TABLE `tasa_impositivas` (
  `id` int NOT NULL AUTO_INCREMENT,
  `tasa` decimal(8,2) unsigned NOT NULL DEFAULT '0.00',
  `fecha_vgte` date NOT NULL,
  `fecha_vto` date DEFAULT NULL,
  PRIMARY KEY (`id`)
) ENGINE=InnoDB AUTO_INCREMENT=5 DEFAULT CHARSET=latin1;

--
-- Dumping data for table `tasa_impositivas`
--

INSERT INTO `tasa_impositivas` VALUES (1,0.00,'2014-04-16',NULL),(2,10.50,'2014-04-16',NULL),(3,21.00,'2014-04-16',NULL),(4,27.00,'2014-04-30',NULL);

--
-- Table structure for table `temporadas`
--

CREATE TABLE `temporadas` (
  `id` int NOT NULL AUTO_INCREMENT,
  `descripcion` varchar(15) NOT NULL,
  `anio` year NOT NULL,
  PRIMARY KEY (`id`,`anio`)
) ENGINE=InnoDB AUTO_INCREMENT=22 DEFAULT CHARSET=latin1;

--
-- Dumping data for table `temporadas`
--

INSERT INTO `temporadas` VALUES (1,'UNICA - BASICA',2025),(2,'VERANO',2025),(19,'INVIERNO',2025),(21,'VERANO',2026);

--
-- Table structure for table `tipo_componentes`
--

CREATE TABLE `tipo_componentes` (
  `id` int NOT NULL AUTO_INCREMENT,
  `descripcion` varchar(60) NOT NULL,
  PRIMARY KEY (`id`)
) ENGINE=InnoDB DEFAULT CHARSET=latin1;

--
-- Dumping data for table `tipo_componentes`
--


--
-- Table structure for table `tipo_unidades`
--

CREATE TABLE `tipo_unidades` (
  `id` int NOT NULL AUTO_INCREMENT,
  `descripcion` varchar(60) NOT NULL,
  `sigla` varchar(10) NOT NULL,
  PRIMARY KEY (`id`)
) ENGINE=InnoDB AUTO_INCREMENT=3 DEFAULT CHARSET=latin1;

--
-- Dumping data for table `tipo_unidades`
--

INSERT INTO `tipo_unidades` VALUES (1,'A DESIGNAR','AD'),(2,'UNIDADES','UN');

--
-- Table structure for table `tipos_doc`
--

CREATE TABLE `tipos_doc` (
  `id` int NOT NULL AUTO_INCREMENT,
  `siglas` varchar(10) NOT NULL,
  `descripcion` varchar(60) NOT NULL,
  PRIMARY KEY (`id`)
) ENGINE=InnoDB AUTO_INCREMENT=6 DEFAULT CHARSET=latin1;

--
-- Dumping data for table `tipos_doc`
--

INSERT INTO `tipos_doc` VALUES (1,'AD','A DESIGNAR'),(2,'C.I.','CEDULA DE IDENTIDAD'),(3,'D.N.I.','DOC. UNICO'),(4,'C.U.I.T.','CUIT'),(5,'CUIL','CUIL');

--
-- Table structure for table `tipos_doc_mov`
--

CREATE TABLE `tipos_doc_mov` (
  `id` int NOT NULL AUTO_INCREMENT,
  `descripcion` varchar(60) NOT NULL,
  `desc_abre` varchar(10) DEFAULT NULL,
  PRIMARY KEY (`id`)
) ENGINE=InnoDB AUTO_INCREMENT=6 DEFAULT CHARSET=latin1;

--
-- Dumping data for table `tipos_doc_mov`
--

INSERT INTO `tipos_doc_mov` VALUES (1,'NOTA DE PEDIDO','NP'),(2,'REMITO','RE'),(3,'FACTURA','FC'),(4,'NOTA DE CREDITO','NC'),(5,'NOTA DE DEBITO','ND');

--
-- Table structure for table `tipos_lista_precios`
--

CREATE TABLE `tipos_lista_precios` (
  `id` int NOT NULL AUTO_INCREMENT,
  `descripcion` varchar(60) NOT NULL,
  `porc_descuento` decimal(8,2) DEFAULT NULL,
  `porc_margen` decimal(8,2) DEFAULT NULL,
  `fecha_vgte` date DEFAULT NULL,
  PRIMARY KEY (`id`)
) ENGINE=InnoDB AUTO_INCREMENT=4 DEFAULT CHARSET=latin1;

--
-- Dumping data for table `tipos_lista_precios`
--

INSERT INTO `tipos_lista_precios` VALUES (1,'CONTADO',0.00,123.00,NULL),(2,'CUENTA CORRIENTE',0.00,10.00,NULL),(3,'OTRO',0.00,10.00,NULL);

--
-- Table structure for table `tipos_mov`
--

CREATE TABLE `tipos_mov` (
  `id` int NOT NULL AUTO_INCREMENT,
  `descripcion` varchar(60) NOT NULL,
  `desc_abre` varchar(10) DEFAULT NULL,
  PRIMARY KEY (`id`)
) ENGINE=InnoDB AUTO_INCREMENT=6 DEFAULT CHARSET=latin1;

--
-- Dumping data for table `tipos_mov`
--

INSERT INTO `tipos_mov` VALUES (2,'VENTAS','EG'),(5,'DEVOLUCION','DEV');

--
-- Table structure for table `tipos_tarj_creditos`
--

CREATE TABLE `tipos_tarj_creditos` (
  `id` int NOT NULL AUTO_INCREMENT,
  `descripcion` varchar(60) NOT NULL,
  PRIMARY KEY (`id`)
) ENGINE=InnoDB AUTO_INCREMENT=3 DEFAULT CHARSET=latin1;

--
-- Dumping data for table `tipos_tarj_creditos`
--

INSERT INTO `tipos_tarj_creditos` VALUES (1,'Visa Frances'),(2,'Master Frances');

--
-- Table structure for table `transportes`
--

CREATE TABLE `transportes` (
  `id` int NOT NULL AUTO_INCREMENT,
  `descripcion` varchar(60) NOT NULL,
  `calle` varchar(30) NOT NULL,
  `altura` varchar(10) NOT NULL,
  `cod_postal` varchar(10) NOT NULL,
  `id_loca` int NOT NULL,
  `flete` decimal(8,2) NOT NULL,
  `telefono` varchar(14) DEFAULT NULL,
  `celular` varchar(14) DEFAULT NULL,
  `fax` varchar(14) DEFAULT NULL,
  `e_mail` varchar(60) DEFAULT NULL,
  PRIMARY KEY (`id`),
  KEY `IDX_TRANS_loca` (`id_loca`),
  CONSTRAINT `fk_TRANS_loca` FOREIGN KEY (`id_loca`) REFERENCES `localidades` (`id`)
) ENGINE=InnoDB AUTO_INCREMENT=2 DEFAULT CHARSET=latin1;

--
-- Dumping data for table `transportes`
--

INSERT INTO `transportes` VALUES (1,'PEPITO','34','1234','6660',16,5.00,'465896','','','');

--
-- Temporary view structure for view `v_art_deta_vta`
--

/*!50001 DROP VIEW IF EXISTS `v_art_deta_vta`*/;
/*!50001 CREATE VIEW `v_art_deta_vta` AS SELECT 
 1 AS `vta_id`,
 1 AS `fecha_emision`,
 1 AS `id_art`,
 1 AS `articulo`,
 1 AS `mar_id`,
 1 AS `marca`,
 1 AS `rbro_id`,
 1 AS `rubro`*/;

--
-- Temporary view structure for view `v_articulos`
--

/*!50001 DROP VIEW IF EXISTS `v_articulos`*/;
/*!50001 CREATE VIEW `v_articulos` AS SELECT 
 1 AS `mar_id`,
 1 AS `rbro_id`,
 1 AS `id`,
 1 AS `descripcion`,
 1 AS `cod_barra_origen`,
 1 AS `cod_barra_local`,
 1 AS `fecha_baja`,
 1 AS `precio_costo`,
 1 AS `precio_iva`,
 1 AS `tasa_id`,
 1 AS `id_tpu`,
 1 AS `precio_final_compra`,
 1 AS `Precio_ctdo`,
 1 AS `Precio_cta_cte`,
 1 AS `Precio_tarjeta`,
 1 AS `Precio_oferta`,
 1 AS `mctdo`,
 1 AS `mctacte`,
 1 AS `motro`*/;

--
-- Temporary view structure for view `v_maestro_articulos`
--

/*!50001 DROP VIEW IF EXISTS `v_maestro_articulos`*/;
/*!50001 CREATE VIEW `v_maestro_articulos` AS SELECT 
 1 AS `mar_id`,
 1 AS `marca`,
 1 AS `rbro_id`,
 1 AS `rubro`,
 1 AS `id`,
 1 AS `descripcion`,
 1 AS `cod_barra_origen`,
 1 AS `cod_barra_local`,
 1 AS `fecha_baja`,
 1 AS `precio_costo`,
 1 AS `precio_iva`,
 1 AS `tasa_id`,
 1 AS `id_tpu`,
 1 AS `precio_final_compra`,
 1 AS `Precio_ctdo`,
 1 AS `Precio_cta_cte`,
 1 AS `Precio_tarjeta`,
 1 AS `Precio_oferta`,
 1 AS `mctdo`,
 1 AS `mctacte`,
 1 AS `motro`,
 1 AS `id_temp`*/;

--
-- Temporary view structure for view `v_ventas_elect`
--

/*!50001 DROP VIEW IF EXISTS `v_ventas_elect`*/;
/*!50001 CREATE VIEW `v_ventas_elect` AS SELECT 
 1 AS `idfacturas`,
 1 AS `punto_venta`,
 1 AS `nro_fact`,
 1 AS `fecha_factura`,
 1 AS `cuit_vendedor`,
 1 AS `nombre_cliente`,
 1 AS `tipo_comprobante`,
 1 AS `cuit_comprador`,
 1 AS `importe_total`,
 1 AS `cae`,
 1 AS `fecha_vto_cae`,
 1 AS `importe_no_gravado`,
 1 AS `importe_gravado`,
 1 AS `importe_exento`,
 1 AS `importe_iva105`,
 1 AS `importe_iva21`,
 1 AS `importe_iva27`,
 1 AS `importe_iva`,
 1 AS `importe_iibb`,
 1 AS `cliweb`*/;

--
-- Temporary view structure for view `v_ventas_z`
--

/*!50001 DROP VIEW IF EXISTS `v_ventas_z`*/;
/*!50001 CREATE VIEW `v_ventas_z` AS SELECT 
 1 AS `fecha_factura`,
 1 AS `punto_venta`,
 1 AS `numero_factura`,
 1 AS `cuit_vendedor`,
 1 AS `tipo_comprobante`,
 1 AS `tipo_doc_comprador`,
 1 AS `cuit_comprador`,
 1 AS `importe_total`,
 1 AS `importe_no_gravado`,
 1 AS `importe_gravado`,
 1 AS `importe_gravado_LIVA`,
 1 AS `importe_iva105`,
 1 AS `importe_exento_LIVA`,
 1 AS `importe_exento`,
 1 AS `importe_iva21_LIVA`,
 1 AS `importe_iva21`,
 1 AS `importe_iva27`,
 1 AS `importe_iva`,
 1 AS `porcentaje_iibb`,
 1 AS `importe_iibb`,
 1 AS `cae`,
 1 AS `fecha_vto_cae`,
 1 AS `cond_iva_vendedor`,
 1 AS `cond_iva_comprador`,
 1 AS `nombre_cliente`,
 1 AS `domicilio_cliente`,
 1 AS `tipo_operacion`,
 1 AS `modo_pago`*/;

--
-- Dumping routines for database 'lypcom_carsi'
--
/*!50003 DROP FUNCTION IF EXISTS `f_obt_importe_gravado` */;
DELIMITER ;;
CREATE DEFINER=`root`@`localhost` FUNCTION `f_obt_importe_gravado`(`pn_idfacturas` INT) RETURNS decimal(14,2)
    NO SQL
BEGIN
    set @total = 0;
	select CASE `facturas`.`tipo_comprobante` 
            WHEN 1 THEN 
			     CASE `facturas`.`importe_gravado` 
				       WHEN  0 THEN
				           `facturas`.`importe_exento`
			           ELSE
                           `facturas`.`importe_gravado`
                 END
			WHEN 2 THEN 
			     CASE `facturas`.`importe_gravado` 
				       WHEN  0 THEN
				           `facturas`.`importe_exento`
			           ELSE
                           `facturas`.`importe_gravado`
                 END	
			WHEN 3 THEN 
			     CASE `facturas`.`importe_gravado` 
				       WHEN  0 THEN
				           `facturas`.`importe_exento`
			           ELSE
                           `facturas`.`importe_gravado`
                 END
            WHEN 4 THEN 
			     CASE `facturas`.`importe_gravado` 
				       WHEN  0 THEN
				           `facturas`.`importe_exento`
			           ELSE
                           `facturas`.`importe_gravado`
                 END
			WHEN 6 THEN 
			     CASE `facturas`.`importe_gravado` 
				       WHEN  0 THEN
				            (`facturas`.`importe_exento` - (`facturas`.`importe_exento`/100*21))
			           ELSE
                           (`facturas`.`importe_gravado` - (`facturas`.`importe_gravado`/100*21))
                 END
			WHEN 7 THEN 
			     CASE `facturas`.`importe_gravado` 
				       WHEN  0 THEN
				           (`facturas`.`importe_exento` - (`facturas`.`importe_exento`/100*21))
			           ELSE
                           (`facturas`.`importe_gravado` - (`facturas`.`importe_gravado`/100*21))
                 END	
			WHEN 8 THEN 
			     CASE `facturas`.`importe_gravado` 
				       WHEN  0 THEN
				           (`facturas`.`importe_exento` - (`facturas`.`importe_exento`/100*21))
			           ELSE
                           (`facturas`.`importe_gravado` - (`facturas`.`importe_gravado`/100*21))
                 END 
            WHEN 9 THEN 
			     CASE `facturas`.`importe_gravado` 
				       WHEN  0 THEN
				             (`facturas`.`importe_exento` - (`facturas`.`importe_exento`/100*21))
			           ELSE
                           (`facturas`.`importe_gravado` - (`facturas`.`importe_gravado`/100*21))
                 END
            WHEN 11 THEN 
			     CASE `facturas`.`importe_gravado` 
				       WHEN  0 THEN
				           `facturas`.`importe_exento`
			           ELSE
                           `facturas`.`importe_gravado`
                 END
			WHEN 12 THEN 
			     CASE `facturas`.`importe_gravado` 
				       WHEN  0 THEN
				           `facturas`.`importe_exento`
			           ELSE
                           `facturas`.`importe_gravado`
                 END	
			WHEN 13 THEN 
			     CASE `facturas`.`importe_gravado` 
				       WHEN  0 THEN
				           `facturas`.`importe_exento`
			           ELSE
                           `facturas`.`importe_gravado`
                 END
            WHEN 14 THEN 
			     CASE `facturas`.`importe_gravado` 
				       WHEN  0 THEN
				           `facturas`.`importe_exento`
			           ELSE
                           `facturas`.`importe_gravado`
                 END				 
			ELSE
			    `facturas`.`importe_gravado` 
	   END   
  into @total
  FROM facturas
  where facturas.idfacturas = pn_idfacturas;
  return @total;
END ;;
DELIMITER ;
/*!50003 DROP FUNCTION IF EXISTS `f_obt_imp_exento` */;
DELIMITER ;;
CREATE DEFINER=`root`@`localhost` FUNCTION `f_obt_imp_exento`(`pn_idfacturas` INT) RETURNS decimal(14,2)
    NO SQL
BEGIN
    set @total = 0;
	select 
	     CASE `facturas`.`tipo_comprobante`            
			WHEN 6 THEN 
			     CASE `facturas`.`importe_exento` 
				       WHEN   0 THEN
				           `facturas`.`importe_exento`
                       ELSE
                            0
                 END
			WHEN 7 THEN 
			     CASE `facturas`.`importe_exento` 
				       WHEN   0 THEN
				           `facturas`.`importe_exento`
                       ELSE
                            0
                 END
            WHEN 8 THEN 
			     CASE `facturas`.`importe_exento` 
				       WHEN   0 THEN
				           `facturas`.`importe_exento`
                       ELSE
                            0
                 END    
            WHEN 9 THEN 
			     CASE `facturas`.`importe_exento` 
				       WHEN   0 THEN
				           `facturas`.`importe_exento`
                       ELSE
                            0
                 END     
			ELSE
			    `facturas`.`importe_exento` 
	   END   
  into @total
  FROM facturas
  where facturas.idfacturas = pn_idfacturas;
  return @total;
END ;;
DELIMITER ;
/*!50003 DROP FUNCTION IF EXISTS `f_obt_imp_IVA21` */;
DELIMITER ;;
CREATE DEFINER=`root`@`localhost` FUNCTION `f_obt_imp_IVA21`(`pn_idfacturas` INT) RETURNS decimal(14,2)
    NO SQL
BEGIN
    set @total = 0;
	select CASE `facturas`.`tipo_comprobante` 
            WHEN 6 THEN 
			     CASE `facturas`.`importe_iva21` 
				       WHEN  0 THEN
				           ((`facturas`.`importe_exento`/100*21))
			           ELSE
                           ((`facturas`.`importe_gravado`/100*21))
                 END
			WHEN 7 THEN 
			    CASE `facturas`.`importe_iva21` 
				       WHEN  0 THEN
				           ((`facturas`.`importe_exento`/100*21))
			           ELSE
                           ((`facturas`.`importe_gravado`/100*21))
                 END
			WHEN 8 THEN 
			     CASE `facturas`.`importe_iva21` 
				       WHEN  0 THEN
				           ((`facturas`.`importe_exento`/100*21))
			           ELSE
                           ((`facturas`.`importe_gravado`/100*21))
                 END
            WHEN 9 THEN 
			     CASE `facturas`.`importe_iva21` 
				       WHEN  0 THEN
				           ((`facturas`.`importe_exento`/100*21))
			           ELSE
                           ((`facturas`.`importe_gravado`/100*21))
                 END
            ELSE
			    `facturas`.`importe_iva21` 
	   END   
  into @total
  FROM facturas
  where facturas.idfacturas = pn_idfacturas;
  return @total;
END ;;
DELIMITER ;
/*!50003 DROP PROCEDURE IF EXISTS `cheques` */;
DELIMITER ;;
CREATE DEFINER=`root`@`localhost` PROCEDURE `cheques`(IN pd_fec_emision DATE,IN pd_fec_diferido DATE,IN pv_banco VARCHAR(60),IN pv_sucursal VARCHAR(60),
                                                      IN pn_nrocta INT,pv_titular VARCHAR(60),pv_cuit VARCHAR(24),IN pn_importe decimal(14,2), IN pn_idcdoc INT, IN pn_idcli INT )
BEGIN
	
	
	INSERT INTO cheques(
	                        fecha_emision ,
	                        fecha_diferido,
	                        razon_bancaria,
	                        sucursal      ,
	                        nro_cta       ,
	                        titular       ,
	                        cuit          ,
	                        endosante     ,
	                        nro_doc       ,
	                        importe       ,
	                        cdoc_venta    ,
	                        nro_cheq      ,
	                        cli_id
	                       )
	                  VALUE(
	                        pd_fec_emision,
	                        pd_fec_diferido,
	                        pv_banco,
	                        pv_sucursal,
                          pn_nrocta,
                          pv_titular,
                          pv_cuit,
                          pv_endosante,
                          pv_nrodoc,
                          pn_importe,
                          pn_idcdoc,
                          pn_idcli
	                        );



END ;;
DELIMITER ;
/*!50003 DROP PROCEDURE IF EXISTS `efectivo` */;
DELIMITER ;;
CREATE DEFINER=`root`@`localhost` PROCEDURE `efectivo`(IN pn_idcli INT, IN pn_idcdoc  INT, IN pn_importe decimal(14,2))
BEGIN
	
	
	INSERT INTO carci.efectivos(
	                        importe,
	                        cdoc_venta,
	                        id_cli
	                       )
	                  VALUE(
	                        pn_importe,
	                        pn_idcdoc,
	                        pn_idcli
	                        );

END ;;
DELIMITER ;
/*!50003 DROP PROCEDURE IF EXISTS `pago_vta` */;
DELIMITER ;;
CREATE DEFINER=`root`@`localhost` PROCEDURE `pago_vta`(IN pn_idcli INT,IN pn_idctacte INT, IN pn_idcdoc  INT, IN pn_importe decimal(14,2), IN pn_total_compra decimal(14,2))
BEGIN
	DECLARE n_vitem     INT(10)               ;
	DECLARE n_saldo   DECIMAL(14,2) DEFAULT 0;
	
	SELECT ifnull( max( n_item ) , 0 ) + 1 
    into n_vitem
	FROM det_cta_cte
	WHERE ccte_id = pn_idctacte
	AND   id_doc  = pn_idcdoc;
	
	INSERT INTO det_cta_cte(
	                        ccte_id,
		                      n_item,
		                      detalle,
		                      debe,
			                    haber,
		                      saldo,
		                      id_doc,
                              fecha_pago
	                       )
	                  VALUE(
	                        pn_idctacte,
	                        n_vitem     ,
	                        'ANTICIPO COMPRA' ,
	                        0,
	                        pn_importe,
	                        pn_total_compra-pn_importe,
	                        pn_idcdoc,
	                        current_date());
	 
	UPDATE cab_cta_cte
	SET    total_deuda = total_deuda - pn_importe
	WHERE  cli_id = pn_idcli;

END ;;
DELIMITER ;
/*!50003 DROP PROCEDURE IF EXISTS `tarjeta` */;
DELIMITER ;;
CREATE DEFINER=`root`@`localhost` PROCEDURE `tarjeta`(IN pv_banco VARCHAR(40),IN pn_tptaid INT,IN pv_nrotarj VARCHAR(19),IN pd_fecvto DATE, IN pn_importe decimal(14,2), IN pn_idcdoc INT, IN pn_idcli INT )
BEGIN
	
	
	INSERT INTO tarjeta_credito(
	                        banco   ,
	                        tpta_id ,
	                        nro_tarj,
	                        fec_vto ,
	                        importe ,
	                        cdoc_id ,
	                        dni     ,
	                        id_cli
	                       )
	                  VALUE(
	                        pv_banco  ,
	                        pn_tptaid ,
	                        pv_nrotarj,
	                        pd_fecvto ,
	                        pn_importe,
	                        pn_idcdoc,
	                        pn_idcli
	                        );

END ;;
DELIMITER ;

--
-- Final view structure for view `v_art_deta_vta`
--

/*!50001 DROP VIEW IF EXISTS `v_art_deta_vta`*/;
/*!50001 CREATE ALGORITHM=UNDEFINED */
/*!50013 DEFINER=`root`@`localhost` SQL SECURITY DEFINER */
/*!50001 VIEW `v_art_deta_vta` AS select `cab_doc_ventas`.`id` AS `vta_id`,`cab_doc_ventas`.`fecha_emision` AS `fecha_emision`,`articulos`.`id` AS `id_art`,concat(`articulos`.`id`,'-',`articulos`.`descripcion`) AS `articulo`,`marcas`.`id` AS `mar_id`,concat(`marcas`.`id`,'-',`marcas`.`descripcion`) AS `marca`,`rubros`.`id` AS `rbro_id`,concat(`rubros`.`id`,'-',`rubros`.`descripcion`) AS `rubro` from ((((`articulos` join `det_doc_ventas` on(((`articulos`.`id` = `det_doc_ventas`.`art_id`) and (`articulos`.`rbro_id` = `det_doc_ventas`.`rbro_id`) and (`articulos`.`mar_id` = `det_doc_ventas`.`mar_id`)))) join `cab_doc_ventas` on(((`det_doc_ventas`.`cdvta_id` = `cab_doc_ventas`.`id`) and (`det_doc_ventas`.`tmov_id` = `cab_doc_ventas`.`tmov_id`)))) join `marcas` on((`marcas`.`id` = `articulos`.`mar_id`))) join `rubros` on((`articulos`.`rbro_id` = `rubros`.`id`))) */;

--
-- Final view structure for view `v_articulos`
--

/*!50001 DROP VIEW IF EXISTS `v_articulos`*/;
/*!50001 CREATE ALGORITHM=UNDEFINED */
/*!50013 DEFINER=`root`@`localhost` SQL SECURITY DEFINER */
/*!50001 VIEW `v_articulos` AS select `articulos`.`mar_id` AS `mar_id`,`articulos`.`rbro_id` AS `rbro_id`,`articulos`.`id` AS `id`,`articulos`.`descripcion` AS `descripcion`,`articulos`.`cod_barra_origen` AS `cod_barra_origen`,`articulos`.`cod_barra_local` AS `cod_barra_local`,`articulos`.`fecha_baja` AS `fecha_baja`,`articulos`.`precio_costo` AS `precio_costo`,`articulos`.`precio_iva` AS `precio_iva`,`articulos`.`tasa_id` AS `tasa_id`,`articulos`.`id_tpu` AS `id_tpu`,`articulos`.`precio_final_compra` AS `precio_final_compra`,`articulos`.`Precio_ctdo` AS `Precio_ctdo`,`articulos`.`Precio_cta_cte` AS `Precio_cta_cte`,`articulos`.`Precio_tarjeta` AS `Precio_tarjeta`,`articulos`.`Precio_oferta` AS `Precio_oferta`,`articulos`.`mctdo` AS `mctdo`,`articulos`.`mctacte` AS `mctacte`,`articulos`.`motro` AS `motro` from `articulos` */;

--
-- Final view structure for view `v_maestro_articulos`
--

/*!50001 DROP VIEW IF EXISTS `v_maestro_articulos`*/;
/*!50001 CREATE ALGORITHM=UNDEFINED */
/*!50013 DEFINER=`root`@`localhost` SQL SECURITY DEFINER */
/*!50001 VIEW `v_maestro_articulos` AS select `articulos`.`mar_id` AS `mar_id`,`marcas`.`descripcion` AS `marca`,`articulos`.`rbro_id` AS `rbro_id`,`rubros`.`descripcion` AS `rubro`,`articulos`.`id` AS `id`,`articulos`.`descripcion` AS `descripcion`,`articulos`.`cod_barra_origen` AS `cod_barra_origen`,`articulos`.`cod_barra_local` AS `cod_barra_local`,`articulos`.`fecha_baja` AS `fecha_baja`,`articulos`.`precio_costo` AS `precio_costo`,`articulos`.`precio_iva` AS `precio_iva`,`articulos`.`tasa_id` AS `tasa_id`,`articulos`.`id_tpu` AS `id_tpu`,`articulos`.`precio_final_compra` AS `precio_final_compra`,`articulos`.`Precio_ctdo` AS `Precio_ctdo`,`articulos`.`Precio_cta_cte` AS `Precio_cta_cte`,`articulos`.`Precio_tarjeta` AS `Precio_tarjeta`,`articulos`.`Precio_oferta` AS `Precio_oferta`,`articulos`.`mctdo` AS `mctdo`,`articulos`.`mctacte` AS `mctacte`,`articulos`.`motro` AS `motro`,`articulos`.`id_temp` AS `id_temp` from ((`articulos` join `marcas`) join `rubros`) where ((`articulos`.`fecha_baja` is null) and (`marcas`.`id` = `articulos`.`mar_id`) and (`rubros`.`id` = `articulos`.`rbro_id`)) order by `articulos`.`mar_id` desc */;

--
-- Final view structure for view `v_ventas_elect`
--

/*!50001 DROP VIEW IF EXISTS `v_ventas_elect`*/;
/*!50001 CREATE ALGORITHM=UNDEFINED */
/*!50013 DEFINER=`root`@`localhost` SQL SECURITY DEFINER */
/*!50001 VIEW `v_ventas_elect` AS select `facturas`.`idfacturas` AS `idfacturas`,`facturas`.`punto_venta` AS `punto_venta`,max(`facturas`.`numero_factura`) AS `nro_fact`,`facturas`.`fecha_factura` AS `fecha_factura`,`facturas`.`cuit_vendedor` AS `cuit_vendedor`,`facturas`.`nombre_cliente` AS `nombre_cliente`,`facturas`.`tipo_comprobante` AS `tipo_comprobante`,`facturas`.`cuit_comprador` AS `cuit_comprador`,`facturas`.`importe_total` AS `importe_total`,`facturas`.`cae` AS `cae`,`facturas`.`fecha_vto_cae` AS `fecha_vto_cae`,`facturas`.`importe_no_gravado` AS `importe_no_gravado`,`facturas`.`importe_gravado` AS `importe_gravado`,`facturas`.`importe_exento` AS `importe_exento`,`facturas`.`importe_iva105` AS `importe_iva105`,`facturas`.`importe_iva21` AS `importe_iva21`,`facturas`.`importe_iva27` AS `importe_iva27`,`facturas`.`importe_iva` AS `importe_iva`,`facturas`.`importe_iibb` AS `importe_iibb`,`facturas`.`cliweb` AS `cliweb` from `facturas` group by `facturas`.`idfacturas`,`facturas`.`punto_venta`,`facturas`.`fecha_factura`,`facturas`.`cuit_vendedor`,`facturas`.`nombre_cliente`,`facturas`.`tipo_comprobante`,`facturas`.`cuit_comprador`,`facturas`.`importe_total`,`facturas`.`cae`,`facturas`.`fecha_vto_cae`,`facturas`.`importe_no_gravado`,`facturas`.`importe_gravado`,`facturas`.`importe_exento`,`facturas`.`importe_iva105`,`facturas`.`importe_iva21`,`facturas`.`importe_iva27`,`facturas`.`importe_iva`,`facturas`.`importe_iibb`,`facturas`.`cliweb` */;

--
-- Final view structure for view `v_ventas_z`
--

/*!50001 DROP VIEW IF EXISTS `v_ventas_z`*/;
/*!50001 CREATE ALGORITHM=UNDEFINED */
/*!50013 DEFINER=`root`@`localhost` SQL SECURITY DEFINER */
/*!50001 VIEW `v_ventas_z` AS select `facturas`.`fecha_factura` AS `fecha_factura`,`facturas`.`punto_venta` AS `punto_venta`,`facturas`.`numero_factura` AS `numero_factura`,`facturas`.`cuit_vendedor` AS `cuit_vendedor`,`facturas`.`tipo_comprobante` AS `tipo_comprobante`,`facturas`.`tipo_doc_comprador` AS `tipo_doc_comprador`,`facturas`.`cuit_comprador` AS `cuit_comprador`,`facturas`.`importe_total` AS `importe_total`,`facturas`.`importe_no_gravado` AS `importe_no_gravado`,`facturas`.`importe_gravado` AS `importe_gravado`,`f_obt_importe_gravado`(`facturas`.`idfacturas`) AS `importe_gravado_LIVA`,`facturas`.`importe_iva105` AS `importe_iva105`,`f_obt_imp_exento`(`facturas`.`idfacturas`) AS `importe_exento_LIVA`,`facturas`.`importe_exento` AS `importe_exento`,`f_obt_imp_IVA21`(`facturas`.`idfacturas`) AS `importe_iva21_LIVA`,`facturas`.`importe_iva21` AS `importe_iva21`,`facturas`.`importe_iva27` AS `importe_iva27`,`facturas`.`importe_iva` AS `importe_iva`,`facturas`.`porcentaje_iibb` AS `porcentaje_iibb`,`facturas`.`importe_iibb` AS `importe_iibb`,`facturas`.`cae` AS `cae`,`facturas`.`fecha_vto_cae` AS `fecha_vto_cae`,`facturas`.`cond_iva_vendedor` AS `cond_iva_vendedor`,`facturas`.`cond_iva_comprador` AS `cond_iva_comprador`,`facturas`.`nombre_cliente` AS `nombre_cliente`,`facturas`.`domicilio_cliente` AS `domicilio_cliente`,`facturas`.`tipo_operacion` AS `tipo_operacion`,`facturas`.`modo_pago` AS `modo_pago` from `facturas` */;


