INSERT INTO `sc_log` VALUES (156147,'2025-04-24 11:26:58','admin','form_articulos','Scriptcase','190.175.145.247','insert','--> keys <-- mar_id : 162||rbro_id : 1||id : 1244242||id_temp : 19||--> fields <-- descripcion (new)  : M-LARGA APLIQUE STRASS||cod_barra_origen (new)  : ||cod_barra_local (new)  : ||fecha_baja (new)  : null||precio_costo (new)  : 84000.00||precio_iva (new)  : 0||tasa_id (new)  : 0||id_tpu (new)  : 2||precio_final_compra (new)  : 84000.00||Precio_ctdo (new)  : 94900.00||Precio_cta_cte (new)  : 104400.00||Precio_tarjeta (new)  : 114800.00||Precio_oferta (new)  : 0||mctdo (new)  : 13.00||mctacte (new)  : 10.00||motro (new)  : 10.00'),(156148,'2025-04-24 11:28:26','admin','form_articulos','Scriptcase','190.175.145.247','insert','--> keys <-- mar_id : 162||rbro_id : 3||id : 1856217||id_temp : 19||--> fields <-- descripcion (new)  : PIJAMERO SUELTO C-ELAS.Y BOTON||cod_barra_origen (new)  : ||cod_barra_local (new)  : ||fecha_baja (new)  : null||precio_costo (new)  : 84000.00||precio_iva (new)  : 0||tasa_id (new)  : 0||id_tpu (new)  : 2||precio_final_compra (new)  : 84000.00||Precio_ctdo (new)  : 94900.00||Precio_cta_cte (new)  : 104400.00||Precio_tarjeta (new)  : 114800.00||Precio_oferta (new)  : 0||mctdo (new)  : 13.00||mctacte (new)  : 10.00||motro (new)  : 10.00'),(156149,'2025-04-24 11:29:49','admin','form_articulos','Scriptcase','190.175.145.247','insert','--> keys <-- mar_id : 162||rbro_id : 3||id : 1868113||id_temp : 19||--> fields <-- descripcion (new)  : RECTO CORRUGADO C-ELAST.||cod_barra_origen (new)  : ||cod_barra_local (new)  : ||fecha_baja (new)  : null||precio_costo (new)  : 64000.00||precio_iva (new)  : 0||tasa_id (new)  : 0||id_tpu (new)  : 2||precio_final_compra (new)  : 64000.00||Precio_ctdo (new)  : 73500.00||Precio_cta_cte (new)  : 80900.00||Precio_tarjeta (new)  : 89000.00||Precio_oferta (new)  : 0||mctdo (new)  : 13.00||mctacte (new)  : 10.00||motro (new)  : 10.00'),(156150,'2025-04-24 11:31:15','admin','form_articulos','Scriptcase','190.175.145.247','insert','--> keys <-- mar_id : 162||rbro_id : 4||id : 4946113||id_temp : 19||--> fields <-- descripcion (new)  : M-CODO CORRUGADA LISA||cod_barra_origen (new)  : ||cod_barra_local (new)  : ||fecha_baja (new)  : null||precio_costo (new)  : 37000.00||precio_iva (new)  : 0||tasa_id (new)  : 0||id_tpu (new)  : 2||precio_final_compra (new)  : 37000.00||Precio_ctdo (new)  : 41800.00||Precio_cta_cte (new)  : 46000.00||Precio_tarjeta (new)  : 50600.00||Precio_oferta (new)  : 0||mctdo (new)  : 13.00||mctacte (new)  : 10.00||motro (new)  : 10.00'),(156151,'2025-04-24 11:32:35','admin','form_articulos','Scriptcase','190.175.145.247','insert','--> keys <-- mar_id : 162||rbro_id : 4||id : 4958003||id_temp : 19||--> fields <-- descripcion (new)  : M-CORTA LISA SUELTA||cod_barra_origen (new)  : ||cod_barra_local (new)  : ||fecha_baja (new)  : null||precio_costo (new)  : 34000.00||precio_iva (new)  : 0||tasa_id (new)  : 0||id_tpu (new)  : 2||precio_final_compra (new)  : 34000.00||Precio_ctdo (new)  : 38800.00||Precio_cta_cte (new)  : 42700.00||Precio_tarjeta (new)  : 47000.00||Precio_oferta (new)  : 0||mctdo (new)  : 13.00||mctacte (new)  : 10.00||motro (new)  : 10.00'),(156152,'2025-04-24 11:33:44','admin','form_articulos','Scriptcase','190.175.145.247','insert','--> keys <-- mar_id : 162||rbro_id : 4||id : 5000162||id_temp : 19||--> fields <-- descripcion (new)  : M-CORTA GASTADA INSCRIP.||cod_barra_origen (new)  : ||cod_barra_local (new)  : ||fecha_baja (new)  : null||precio_costo (new)  : 44000.00||precio_iva (new)  : 0||tasa_id (new)  : 0||id_tpu (new)  : 2||precio_final_compra (new)  : 44000.00||Precio_ctdo (new)  : 49700.00||Precio_cta_cte (new)  : 54700.00||Precio_tarjeta (new)  : 60200.00||Precio_oferta (new)  : 0||mctdo (new)  : 13.00||mctacte (new)  : 10.00||motro (new)  : 10.00'),(156153,'2025-04-24 11:35:05','admin','form_articulos','Scriptcase','190.175.145.247','insert','--> keys <-- mar_id : 162||rbro_id : 4||id : 5017001||id_temp : 19||--> fields <-- descripcion (new)  : M-CORTA AMPLIA INSCRIP.||cod_barra_origen (new)  : ||cod_barra_local (new)  : ||fecha_baja (new)  : null||precio_costo (new)  : 37000.00||precio_iva (new)  : 0||tasa_id (new)  : 0||id_tpu (new)  : 2||precio_final_compra (new)  : 37000.00||Precio_ctdo (new)  : 41800.00||Precio_cta_cte (new)  : 46000.00||Precio_tarjeta (new)  : 50600.00||Precio_oferta (new)  : 0||mctdo (new)  : 13.00||mctacte (new)  : 10.00||motro (new)  : 10.00'),(156154,'2025-04-24 11:36:32','admin','form_articulos','Scriptcase','190.175.145.247','insert','--> keys <-- mar_id : 162||rbro_id : 17||id : 1099226||id_temp : 19||--> fields <-- descripcion (new)  : M-LARGA CORTO GASA ESTAMPA||cod_barra_origen (new)  : ||cod_barra_local (new)  : ||fecha_baja (new)  : null||precio_costo (new)  : 90000.00||precio_iva (new)  : 0||tasa_id (new)  : 0||id_tpu (new)  : 2||precio_final_compra (new)  : 90000.00||Precio_ctdo (new)  : 99800.00||Precio_cta_cte (new)  : 109800.00||Precio_tarjeta (new)  : 120800.00||Precio_oferta (new)  : 0||mctdo (new)  : 13.00||mctacte (new)  : 10.00||motro (new)  : 10.00'),(156155,'2025-04-24 11:36:50','admin','grid_articulos','Scriptcase','190.175.145.247','access',''),(156156,'2025-04-24 12:08:17','','app_Login','Scriptcase','190.175.145.247','access',''),(156157,'2025-04-24 12:08:21','carsi','app_logged','Scriptcase','190.175.145.247','access',''),(156158,'2025-04-24 12:08:23','carsi','app_logged','User','190.175.145.247','login','¡Ingresado en el sistema!'),(156159,'2025-04-24 12:08:23','carsi','app_menu','Scriptcase','190.175.145.247','access',''),(156160,'2025-04-24 12:08:26','carsi','grid_ventas_carci','Scriptcase','190.175.145.247','access',''),(156161,'2025-04-24 12:08:29','carsi','form_facturas_carci','Scriptcase','190.175.145.247','access',''),(156162,'2025-04-24 12:08:32','carsi','form_factura_detalle','Scriptcase','190.175.145.247','access',''),(156163,'2025-04-24 12:08:47','carsi','grid_ventas_carci','Scriptcase','190.175.145.247','access',''),(156164,'2025-04-24 12:32:09','','app_Login','Scriptcase','167.71.69.237','access',''),(156165,'2025-04-24 16:51:55','','app_Login','Scriptcase','190.175.145.247','access',''),(156166,'2025-04-24 16:51:59','admin','app_logged','Scriptcase','190.175.145.247','access',''),(156167,'2025-04-24 16:52:01','admin','app_logged','User','190.175.145.247','login','¡Ingresado en el sistema!'),(156168,'2025-04-24 16:52:01','admin','app_menu','Scriptcase','190.175.145.247','access',''),(156169,'2025-04-24 16:52:07','admin','control_2','Scriptcase','190.175.145.247','access',''),(156170,'2025-04-24 16:52:18','admin','grid_compras','Scriptcase','190.175.145.247','access',''),(156171,'2025-04-24 16:52:30','admin','form_compras','Scriptcase','190.175.145.247','access',''),(156172,'2025-04-24 16:53:39','admin','control_2','Scriptcase','190.175.145.247','access',''),(156173,'2025-04-24 16:53:46','admin','grid_compras','Scriptcase','190.175.145.247','access',''),(156174,'2025-04-24 16:54:07','admin','form_compras','Scriptcase','190.175.145.247','access',''),(156175,'2025-04-24 16:55:56','admin','form_compras','Scriptcase','190.175.145.247','insert','--> keys <-- id : 882||--> fields <-- fecha_comp (new)  : 2025-03-12||periodo_fiscal (new)  : 2025-03-01||tipo_comp (new)  : 1||letra_comp (new)  : 1||nro_comp (new)  : 002800075756||apeynom (new)  : HUAPI-TANNERY||cuit (new)  : 23052599989||cuit_vendedor (new)  : 30599904596||concepto (new)  : COMPRA||neto (new)  : 910196.00||no_gravado (new)  : 0||exentas (new)  : 0||iva_descrim (new)  : 191141.16||acrec_descrim (new)  : 0||ret_perc (new)  : 0||cred_fiscal (new)  : 0||total_ope (new)  : 1101337.16||pcia (new)  : 03||cliweb (new)  : 1||tipo_doc (new)  : 80||iva_105 (new)  : 0||iva_27 (new)  : 0||imp_iibb (new)  : 0'),(156176,'2025-04-24 17:16:16','','app_Login','Scriptcase','190.175.145.247','access',''),(156177,'2025-04-24 17:16:19','admin','app_logged','Scriptcase','190.175.145.247','access',''),(156178,'2025-04-24 17:16:21','admin','app_logged','User','190.175.145.247','login','¡Ingresado en el sistema!'),(156179,'2025-04-24 17:16:22','admin','app_menu','Scriptcase','190.175.145.247','access',''),(156180,'2025-04-24 18:31:20','','app_Login','Scriptcase','190.175.145.247','access',''),(156181,'2025-04-24 18:31:25','carsi','app_logged','Scriptcase','190.175.145.247','access',''),(156182,'2025-04-24 18:31:26','carsi','app_logged','User','190.175.145.247','login','¡Ingresado en el sistema!'),(156183,'2025-04-24 18:31:27','carsi','app_menu','Scriptcase','190.175.145.247','access',''),(156184,'2025-04-24 18:31:32','carsi','grid_ventas_carci','Scriptcase','190.175.145.247','access',''),(156185,'2025-04-24 18:31:42','carsi','form_facturas_carci','Scriptcase','190.175.145.247','access',''),(156186,'2025-04-24 18:31:48','carsi','form_factura_detalle','Scriptcase','190.175.145.247','access',''),(156187,'2025-04-24 18:31:58','carsi','grid_ventas_carci','Scriptcase','190.175.145.247','access',''),(156188,'2025-04-25 01:43:07','','app_Login','Scriptcase','203.55.131.4','access',''),(156189,'2025-04-25 10:34:54','','app_Login','Scriptcase','190.175.145.247','access',''),(156190,'2025-04-25 10:35:00','carsi','app_logged','Scriptcase','190.175.145.247','access',''),(156191,'2025-04-25 10:35:02','carsi','app_logged','User','190.175.145.247','login','¡Ingresado en el sistema!'),(156192,'2025-04-25 10:35:02','carsi','app_menu','Scriptcase','190.175.145.247','access',''),(156193,'2025-04-25 10:35:08','carsi','grid_ventas_carci','Scriptcase','190.175.145.247','access',''),(156194,'2025-04-25 10:35:13','carsi','form_facturas_carci','Scriptcase','190.175.145.247','access',''),(156195,'2025-04-25 10:35:18','carsi','form_factura_detalle','Scriptcase','190.175.145.247','access',''),(156196,'2025-04-25 10:35:38','carsi','grid_ventas_carci','Scriptcase','190.175.145.247','access',''),(156197,'2025-04-25 11:37:07','','grid_ventas_carci','Scriptcase','190.175.145.247','access',''),(156198,'2025-04-25 11:37:09','','app_Login','Scriptcase','190.175.145.247','access',''),(156199,'2025-04-25 11:37:13','carsi','app_logged','Scriptcase','190.175.145.247','access',''),(156200,'2025-04-25 11:37:14','carsi','app_logged','User','190.175.145.247','login','¡Ingresado en el sistema!'),(156201,'2025-04-25 11:37:15','carsi','app_menu','Scriptcase','190.175.145.247','access',''),(156202,'2025-04-25 11:37:19','carsi','grid_ventas_carci','Scriptcase','190.175.145.247','access',''),(156203,'2025-04-25 12:01:35','','app_Login','Scriptcase','190.175.145.247','access',''),(156204,'2025-04-25 17:03:19','','app_Login','Scriptcase','190.175.145.247','access',''),(156205,'2025-04-25 17:03:23','carsi','app_Login','User','190.175.145.247','login','¡Ingresado en el sistema!'),(156206,'2025-04-25 17:03:24','carsi','app_menu','Scriptcase','190.175.145.247','access',''),(156207,'2025-04-25 17:03:28','carsi','grid_ventas_carci','Scriptcase','190.175.145.247','access',''),(156208,'2025-04-25 17:03:32','carsi','form_facturas_carci','Scriptcase','190.175.145.247','access',''),(156209,'2025-04-25 17:03:37','carsi','form_factura_detalle','Scriptcase','190.175.145.247','access',''),(156210,'2025-04-25 17:03:50','carsi','grid_ventas_carci','Scriptcase','190.175.145.247','access',''),(156211,'2025-04-25 17:03:56','carsi','form_facturas_carci','Scriptcase','190.175.145.247','access',''),(156212,'2025-04-25 17:04:00','carsi','grid_ventas_carci','Scriptcase','190.175.145.247','access',''),(156213,'2025-04-25 17:04:04','carsi','form_facturas_carci','Scriptcase','190.175.145.247','access',''),(156214,'2025-04-25 17:04:07','carsi','form_factura_detalle','Scriptcase','190.175.145.247','access',''),(156215,'2025-04-25 17:04:24','carsi','grid_ventas_carci','Scriptcase','190.175.145.247','access',''),(156216,'2025-04-25 17:52:11','','app_Login','Scriptcase','190.175.145.247','access',''),(156217,'2025-04-25 17:52:20','carsi','app_logged','Scriptcase','190.175.145.247','access',''),(156218,'2025-04-25 17:52:22','carsi','app_logged','User','190.175.145.247','login','¡Ingresado en el sistema!'),(156219,'2025-04-25 17:52:23','carsi','app_menu','Scriptcase','190.175.145.247','access',''),(156220,'2025-04-25 17:52:26','carsi','grid_ventas_carci','Scriptcase','190.175.145.247','access',''),(156221,'2025-04-25 17:52:29','carsi','form_facturas_carci','Scriptcase','190.175.145.247','access',''),(156222,'2025-04-25 17:52:48','carsi','form_factura_detalle','Scriptcase','190.175.145.247','access',''),(156223,'2025-04-25 17:52:58','carsi','grid_ventas_carci','Scriptcase','190.175.145.247','access',''),(156224,'2025-04-25 18:38:09','carsi','form_facturas_carci','Scriptcase','190.175.145.247','access',''),(156225,'2025-04-25 18:38:12','carsi','form_factura_detalle','Scriptcase','190.175.145.247','access',''),(156226,'2025-04-25 18:38:27','carsi','grid_ventas_carci','Scriptcase','190.175.145.247','access',''),(156227,'2025-04-25 18:56:28','carsi','form_facturas_carci','Scriptcase','190.175.145.247','access',''),(156228,'2025-04-25 18:56:39','carsi','form_factura_detalle','Scriptcase','190.175.145.247','access',''),(156229,'2025-04-25 18:56:50','carsi','grid_ventas_carci','Scriptcase','190.175.145.247','access',''),(156230,'2025-04-25 19:12:55','carsi','form_facturas_carci','Scriptcase','190.175.145.247','access',''),(156231,'2025-04-25 19:12:59','carsi','form_factura_detalle','Scriptcase','190.175.145.247','access',''),(156232,'2025-04-25 19:13:30','carsi','grid_ventas_carci','Scriptcase','190.175.145.247','access',''),(156233,'2025-04-25 19:38:45','carsi','form_facturas_carci','Scriptcase','190.175.145.247','access',''),(156234,'2025-04-25 19:39:16','carsi','form_factura_detalle','Scriptcase','190.175.145.247','access',''),(156235,'2025-04-25 19:39:29','carsi','grid_ventas_carci','Scriptcase','190.175.145.247','access',''),(156236,'2025-04-25 19:57:54','carsi','form_facturas_carci','Scriptcase','190.175.145.148','access',''),(156237,'2025-04-25 19:57:55','carsi','form_factura_detalle','Scriptcase','190.175.145.148','access',''),(156238,'2025-04-26 02:05:18','','app_Login','Scriptcase','34.124.121.122','access',''),(156239,'2025-04-26 05:19:08','','app_Login','Scriptcase','205.210.31.47','access',''),(156240,'2025-04-26 10:05:36','','app_Login','Scriptcase','190.175.155.175','access',''),(156241,'2025-04-26 10:05:51','admin','app_logged','Scriptcase','190.175.155.175','access',''),(156242,'2025-04-26 10:05:54','admin','app_logged','User','190.175.155.175','login','¡Ingresado en el sistema!'),(156243,'2025-04-26 10:05:55','admin','app_menu','Scriptcase','190.175.155.175','access',''),(156244,'2025-04-26 10:06:00','admin','grid_articulos','Scriptcase','190.175.155.175','access',''),(156245,'2025-04-26 10:06:29','admin','form_articulos','Scriptcase','190.175.155.175','access',''),(156246,'2025-04-26 10:08:12','admin','form_articulos','Scriptcase','190.175.155.175','insert','--> keys <-- mar_id : 80||rbro_id : 25||id : 1989||id_temp : 1||--> fields <-- descripcion (new)  : CAMPERA FRIZA FLEECE LISA C-CAP.||cod_barra_origen (new)  : ||cod_barra_local (new)  : ||fecha_baja (new)  : null||precio_costo (new)  : 23500.00||precio_iva (new)  : 0||tasa_id (new)  : 0||id_tpu (new)  : 2||precio_final_compra (new)  : 23500.00||Precio_ctdo (new)  : 57800.00||Precio_cta_cte (new)  : 63600.00||Precio_tarjeta (new)  : 70000.00||Precio_oferta (new)  : 0||mctdo (new)  : 140.00||mctacte (new)  : 10.00||motro (new)  : 10.00'),(156247,'2025-04-26 10:49:21','','app_Login','Scriptcase','190.175.155.175','access',''),(156248,'2025-04-26 10:49:42','carsi','app_logged','Scriptcase','190.175.155.175','access',''),(156249,'2025-04-26 10:49:45','carsi','app_logged','User','190.175.155.175','login','¡Ingresado en el sistema!'),(156250,'2025-04-26 10:49:45','carsi','app_menu','Scriptcase','190.175.155.175','access',''),(156251,'2025-04-26 10:49:50','carsi','grid_ventas_carci','Scriptcase','190.175.155.175','access',''),(156252,'2025-04-26 10:49:54','carsi','form_facturas_carci','Scriptcase','190.175.155.175','access',''),(156253,'2025-04-26 10:50:20','carsi','form_factura_detalle','Scriptcase','190.175.155.175','access',''),(156254,'2025-04-26 10:50:34','carsi','grid_ventas_carci','Scriptcase','190.175.155.175','access',''),(156255,'2025-04-26 11:10:00','','app_Login','Scriptcase','190.175.155.175','access',''),(156256,'2025-04-26 11:10:04','admin','app_logged','Scriptcase','190.175.155.175','access',''),(156257,'2025-04-26 11:10:06','admin','app_logged','User','190.175.155.175','login','¡Ingresado en el sistema!'),(156258,'2025-04-26 11:10:06','admin','app_menu','Scriptcase','190.175.155.175','access',''),(156259,'2025-04-26 11:10:10','admin','grid_articulos','Scriptcase','190.175.155.175','access',''),(156260,'2025-04-26 11:14:46','','app_Login','Scriptcase','190.175.155.175','access',''),(156261,'2025-04-26 11:48:39','','app_Login','Scriptcase','190.175.155.175','access',''),(156262,'2025-04-26 11:48:42','carsi','app_logged','Scriptcase','190.175.155.175','access',''),(156263,'2025-04-26 11:48:44','carsi','app_logged','User','190.175.155.175','login','¡Ingresado en el sistema!'),(156264,'2025-04-26 11:48:44','carsi','app_menu','Scriptcase','190.175.155.175','access',''),(156265,'2025-04-26 11:48:47','carsi','grid_ventas_carci','Scriptcase','190.175.155.175','access',''),(156266,'2025-04-26 11:48:49','carsi','form_facturas_carci','Scriptcase','190.175.155.175','access',''),(156267,'2025-04-26 11:48:55','carsi','form_factura_detalle','Scriptcase','190.175.155.175','access',''),(156268,'2025-04-26 11:49:10','carsi','grid_ventas_carci','Scriptcase','190.175.155.175','access',''),(156269,'2025-04-26 12:11:27','carsi','form_facturas_carci','Scriptcase','190.175.155.175','access',''),(156270,'2025-04-26 12:11:50','carsi','form_factura_detalle','Scriptcase','190.175.155.175','access',''),(156271,'2025-04-26 12:12:04','carsi','grid_ventas_carci','Scriptcase','190.175.155.175','access',''),(156272,'2025-04-26 12:27:32','','app_Login','Scriptcase','190.175.155.175','access',''),(156273,'2025-04-26 12:27:34','admin','app_Login','User','190.175.155.175','login','¡Ingresado en el sistema!'),(156274,'2025-04-26 12:27:35','admin','app_menu','Scriptcase','190.175.155.175','access',''),(156275,'2025-04-26 12:27:38','admin','grid_articulos','Scriptcase','190.175.155.175','access',''),(156276,'2025-04-26 13:47:15','','app_Login','Scriptcase','111.7.106.107','access',''),(156277,'2025-04-26 16:03:10','','app_Login','Scriptcase','190.175.155.175','access',''),(156278,'2025-04-26 16:03:12','admin','app_logged','Scriptcase','190.175.155.175','access',''),(156279,'2025-04-26 16:03:13','admin','app_logged','User','190.175.155.175','login','¡Ingresado en el sistema!'),(156280,'2025-04-26 16:03:14','admin','app_menu','Scriptcase','190.175.155.175','access',''),(156281,'2025-04-26 16:03:17','admin','grid_articulos','Scriptcase','190.175.155.175','access',''),(156282,'2025-04-26 16:10:22','admin','form_articulos','Scriptcase','190.175.155.175','access',''),(156283,'2025-04-26 16:11:09','admin','form_articulos','Scriptcase','190.175.155.175','access',''),(156284,'2025-04-26 16:11:09','admin','grid_articulos','Scriptcase','190.175.155.175','access',''),(156285,'2025-04-26 16:11:43','admin','form_tipos_lista_precios','Scriptcase','190.175.155.175','access',''),(156286,'2025-04-26 16:11:51','admin','form_tipos_lista_precios','Scriptcase','190.175.155.175','update','--> keys <-- id : 1||--> fields <-- porc_margen (old)  : 13.00||porc_margen (new)  : 140.00'),(156287,'2025-04-26 16:12:10','admin','form_articulos','Scriptcase','190.175.155.175','access',''),(156288,'2025-04-26 16:12:53','admin','form_articulos','Scriptcase','190.175.155.175','update','--> keys <-- mar_id : 56||rbro_id : 6||id : 333||id_temp : 1||--> fields <-- precio_costo (old)  : 29900.00||precio_costo (new)  : 39900.00||precio_final_compra (old)  : 29900.00||precio_final_compra (new)  : 39900.00||Precio_ctdo (old)  : 86500.00||Precio_ctdo (new)  : 88900.00||Precio_cta_cte (old)  : 95200.00||Precio_cta_cte (new)  : 97800.00||Precio_tarjeta (old)  : 104700.00||Precio_tarjeta (new)  : 107600.00||mctdo (old)  : 130.00||mctdo (new)  : 140.00'),(156289,'2025-04-26 16:13:07','admin','form_articulos','Scriptcase','190.175.155.175','access',''),(156290,'2025-04-26 16:13:14','admin','grid_articulos','Scriptcase','190.175.155.175','access',''),(156291,'2025-04-26 16:14:09','admin','form_articulos','Scriptcase','190.175.155.175','access',''),(156292,'2025-04-26 16:14:23','admin','form_articulos','Scriptcase','190.175.155.175','update','--> keys <-- mar_id : 56||rbro_id : 6||id : 333||id_temp : 1||--> fields <-- mctdo (old)  : 140.00||mctdo (new)  : 130.00'),(156293,'2025-04-26 16:14:26','admin','grid_articulos','Scriptcase','190.175.155.175','access',''),(156294,'2025-04-26 16:14:40','admin','form_articulos','Scriptcase','190.175.155.175','access',''),(156295,'2025-04-26 16:14:50','admin','form_articulos','Scriptcase','190.175.155.175','update','--> keys <-- mar_id : 56||rbro_id : 6||id : 11101||id_temp : 1||--> fields <-- Precio_ctdo (old)  : 79060.00||Precio_ctdo (new)  : 82500.00||Precio_cta_cte (old)  : 86980.00||Precio_cta_cte (new)  : 90800.00||Precio_tarjeta (old)  : 95680.00||Precio_tarjeta (new)  : 99900.00'),(156296,'2025-04-26 16:14:51','admin','grid_articulos','Scriptcase','190.175.155.175','access',''),(156297,'2025-04-26 16:15:21','admin','form_articulos','Scriptcase','190.175.155.175','access',''),(156298,'2025-04-26 16:15:29','admin','form_articulos','Scriptcase','190.175.155.175','update','--> keys <-- mar_id : 56||rbro_id : 6||id : 6550||id_temp : 1||--> fields <-- Precio_ctdo (old)  : 71500.00||Precio_ctdo (new)  : 76800.00||Precio_cta_cte (old)  : 78650.00||Precio_cta_cte (new)  : 84500.00||Precio_tarjeta (old)  : 86510.00||Precio_tarjeta (new)  : 93000.00'),(156299,'2025-04-26 16:15:31','admin','grid_articulos','Scriptcase','190.175.155.175','access',''),(156300,'2025-04-26 16:16:14','admin','form_articulos','Scriptcase','190.175.155.175','access',''),(156301,'2025-04-26 16:18:11','admin','form_articulos','Scriptcase','190.175.155.175','insert','--> keys <-- mar_id : 56||rbro_id : 6||id : 332||id_temp : 1||--> fields <-- descripcion (new)  : ESCOTE RED. SARTORIAL LANA||cod_barra_origen (new)  : ||cod_barra_local (new)  : ||fecha_baja (new)  : null||precio_costo (new)  : 39900.00||precio_iva (new)  : 0||tasa_id (new)  : 0||id_tpu (new)  : 2||precio_final_compra (new)  : 39900.00||Precio_ctdo (new)  : 91800.00||Precio_cta_cte (new)  : 101000.00||Precio_tarjeta (new)  : 111100.00||Precio_oferta (new)  : 0||mctdo (new)  : 130.00||mctacte (new)  : 10.00||motro (new)  : 10.00'),(156302,'2025-04-26 16:18:16','admin','grid_articulos','Scriptcase','190.175.155.175','access',''),(156303,'2025-04-26 16:19:30','admin','form_articulos','Scriptcase','190.175.155.175','access',''),(156304,'2025-04-26 16:19:37','admin','form_articulos','Scriptcase','190.175.155.175','update','--> keys <-- mar_id : 56||rbro_id : 6||id : 7100||id_temp : 1||--> fields <-- Precio_ctdo (old)  : 78500.00||Precio_ctdo (new)  : 79800.00||Precio_cta_cte (old)  : 86400.00||Precio_cta_cte (new)  : 87800.00||Precio_tarjeta (old)  : 95000.00||Precio_tarjeta (new)  : 96600.00'),(156305,'2025-04-26 16:19:39','admin','grid_articulos','Scriptcase','190.175.155.175','access',''),(156306,'2025-04-26 16:42:35','','app_Login','Scriptcase','190.175.155.175','access',''),(156307,'2025-04-26 16:42:38','admin','app_logged','Scriptcase','190.175.155.175','access',''),(156308,'2025-04-26 16:42:39','admin','app_logged','User','190.175.155.175','login','¡Ingresado en el sistema!'),(156309,'2025-04-26 16:42:39','admin','app_menu','Scriptcase','190.175.155.175','access',''),(156310,'2025-04-26 16:42:43','admin','grid_articulos','Scriptcase','190.175.155.175','access',''),(156311,'2025-04-26 17:46:31','','app_Login_mob','Scriptcase','43.166.245.250','access',''),(156312,'2025-04-26 18:48:41','','app_Login','Scriptcase','190.175.155.175','access',''),(156313,'2025-04-26 18:48:50','carsi','app_logged','Scriptcase','190.175.155.175','access',''),(156314,'2025-04-26 18:48:52','carsi','app_logged','User','190.175.155.175','login','¡Ingresado en el sistema!'),(156315,'2025-04-26 18:48:52','carsi','app_menu','Scriptcase','190.175.155.175','access',''),(156316,'2025-04-26 18:48:55','carsi','grid_ventas_carci','Scriptcase','190.175.155.175','access',''),(156317,'2025-04-26 18:48:57','carsi','form_facturas_carci','Scriptcase','190.175.155.175','access',''),(156318,'2025-04-26 18:49:05','carsi','form_factura_detalle','Scriptcase','190.175.155.175','access',''),(156319,'2025-04-26 18:49:25','carsi','grid_ventas_carci','Scriptcase','190.175.155.175','access',''),(156320,'2025-04-26 19:52:25','','app_Login','Scriptcase','185.247.137.64','access',''),(156321,'2025-04-26 20:20:13','','app_Login','Scriptcase','190.175.155.175','access',''),(156322,'2025-04-26 20:20:16','carsi','app_logged','Scriptcase','190.175.155.175','access',''),(156323,'2025-04-26 20:20:17','carsi','app_logged','User','190.175.155.175','login','¡Ingresado en el sistema!'),(156324,'2025-04-26 20:20:18','carsi','app_menu','Scriptcase','190.175.155.175','access',''),(156325,'2025-04-26 20:20:21','carsi','grid_ventas_carci','Scriptcase','190.175.155.175','access',''),(156326,'2025-04-26 20:20:24','carsi','form_facturas_carci','Scriptcase','190.175.155.175','access',''),(156327,'2025-04-26 20:20:27','carsi','form_factura_detalle','Scriptcase','190.175.155.175','access',''),(156328,'2025-04-26 20:20:40','carsi','grid_ventas_carci','Scriptcase','190.175.155.175','access',''),(156329,'2025-04-26 21:39:20','','app_Login','Scriptcase','34.250.12.251','access',''),(156330,'2025-04-27 01:19:28','','app_Login_mob','Scriptcase','43.157.148.38','access',''),(156331,'2025-04-27 04:07:57','','app_Login','Scriptcase','154.16.81.171','access',''),(156332,'2025-04-27 11:43:10','','app_Login','Scriptcase','190.175.155.175','access',''),(156333,'2025-04-27 11:43:13','carsi','app_logged','Scriptcase','190.175.155.175','access',''),(156334,'2025-04-27 11:43:16','carsi','app_logged','User','190.175.155.175','login','¡Ingresado en el sistema!'),(156335,'2025-04-27 11:43:16','carsi','app_menu','Scriptcase','190.175.155.175','access',''),(156336,'2025-04-27 11:48:11','','app_Login','Scriptcase','135.148.100.196','access',''),(156337,'2025-04-27 11:55:07','','app_Login','Scriptcase','190.175.155.175','access',''),(156338,'2025-04-27 11:55:12','carsi','app_logged','Scriptcase','190.175.155.175','access',''),(156339,'2025-04-27 11:55:14','carsi','app_logged','User','190.175.155.175','login','¡Ingresado en el sistema!'),(156340,'2025-04-27 11:55:14','carsi','app_menu','Scriptcase','190.175.155.175','access',''),(156341,'2025-04-27 11:55:19','carsi','grid_ventas_carci','Scriptcase','190.175.155.175','access',''),(156342,'2025-04-27 11:55:29','carsi','form_facturas_carci','Scriptcase','190.175.155.175','access',''),(156343,'2025-04-27 11:55:38','carsi','form_factura_detalle','Scriptcase','190.175.155.175','access',''),(156344,'2025-04-27 11:55:59','carsi','grid_ventas_carci','Scriptcase','190.175.155.175','access',''),(156345,'2025-04-27 11:56:05','carsi','form_facturas_carci','Scriptcase','190.175.155.175','access',''),(156346,'2025-04-27 11:56:13','carsi','form_factura_detalle','Scriptcase','190.175.155.175','access',''),(156347,'2025-04-27 11:56:31','carsi','grid_ventas_carci','Scriptcase','190.175.155.175','access',''),(156348,'2025-04-27 11:56:39','carsi','form_facturas_carci','Scriptcase','190.175.155.175','access',''),(156349,'2025-04-27 11:56:47','carsi','form_factura_detalle','Scriptcase','190.175.155.175','access',''),(156350,'2025-04-27 11:57:07','carsi','grid_ventas_carci','Scriptcase','190.175.155.175','access',''),(156351,'2025-04-27 11:57:11','carsi','form_facturas_carci','Scriptcase','190.175.155.175','access',''),(156352,'2025-04-27 11:57:20','carsi','form_factura_detalle','Scriptcase','190.175.155.175','access',''),(156353,'2025-04-27 11:57:37','carsi','grid_ventas_carci','Scriptcase','190.175.155.175','access',''),(156354,'2025-04-27 11:58:13','','app_Login','Scriptcase','190.175.155.175','access',''),(156355,'2025-04-27 11:58:15','carsi','app_Login','User','190.175.155.175','login','¡Ingresado en el sistema!'),(156356,'2025-04-27 11:58:16','carsi','app_menu','Scriptcase','190.175.155.175','access',''),(156357,'2025-04-27 11:58:23','carsi','grid_ventas_carci','Scriptcase','190.175.155.175','access',''),(156358,'2025-04-27 11:58:29','','app_Login','Scriptcase','190.175.155.175','access',''),(156359,'2025-04-27 16:21:00','','app_Login','Scriptcase','81.177.139.64','access',''),(156360,'2025-04-28 02:10:43','','app_Login','Scriptcase','20.171.207.169','access',''),(156361,'2025-04-28 11:25:40','','app_Login','Scriptcase','190.175.155.175','access',''),(156362,'2025-04-28 11:25:44','admin','app_logged','Scriptcase','190.175.155.175','access',''),(156363,'2025-04-28 11:25:47','admin','app_logged','User','190.175.155.175','login','¡Ingresado en el sistema!'),(156364,'2025-04-28 11:25:48','admin','app_menu','Scriptcase','190.175.155.175','access',''),(156365,'2025-04-28 11:25:51','admin','grid_articulos','Scriptcase','190.175.155.175','access',''),(156366,'2025-04-28 11:26:55','admin','form_articulos','Scriptcase','190.175.155.175','access',''),(156367,'2025-04-28 11:27:25','admin','form_articulos','Scriptcase','190.175.155.175','update','--> keys <-- mar_id : 4||rbro_id : 25||id : 8201||id_temp : 1||--> fields <-- precio_costo (old)  : 42000.00||precio_costo (new)  : 38000.00||precio_final_compra (old)  : 42000.00||precio_final_compra (new)  : 38000.00||Precio_ctdo (old)  : 86900.00||Precio_ctdo (new)  : 87900.00||Precio_cta_cte (old)  : 98800.00||Precio_cta_cte (new)  : 96700.00||Precio_tarjeta (old)  : 108700.00||Precio_tarjeta (new)  : 106400.00'),(156368,'2025-04-28 11:27:27','admin','grid_articulos','Scriptcase','190.175.155.175','access',''),(156369,'2025-04-28 11:28:34','admin','form_articulos','Scriptcase','190.175.155.175','access',''),(156370,'2025-04-28 11:28:43','admin','form_articulos','Scriptcase','190.175.155.175','update','--> keys <-- mar_id : 4||rbro_id : 25||id : 8201||id_temp : 1||--> fields <-- Precio_ctdo (old)  : 87900.00||Precio_ctdo (new)  : 86900.00||Precio_cta_cte (old)  : 96700.00||Precio_cta_cte (new)  : 95600.00||Precio_tarjeta (old)  : 106400.00||Precio_tarjeta (new)  : 105200.00'),(156371,'2025-04-28 11:28:45','admin','grid_articulos','Scriptcase','190.175.155.175','access',''),(156372,'2025-04-28 16:02:01','','app_Login','Scriptcase','190.175.155.175','access',''),(156373,'2025-04-28 16:02:04','admin','app_logged','Scriptcase','190.175.155.175','access',''),(156374,'2025-04-28 16:02:06','admin','app_logged','User','190.175.155.175','login','¡Ingresado en el sistema!'),(156375,'2025-04-28 16:02:06','admin','app_menu','Scriptcase','190.175.155.175','access',''),(156376,'2025-04-28 16:02:11','admin','grid_articulos','Scriptcase','190.175.155.175','access',''),(156377,'2025-04-28 16:02:45','admin','form_articulos','Scriptcase','190.175.155.175','access',''),(156378,'2025-04-28 16:03:46','admin','form_articulos','Scriptcase','190.175.155.175','update','--> keys <-- mar_id : 31||rbro_id : 25||id : 1005||id_temp : 1||--> fields <-- precio_costo (old)  : 24900.00||precio_costo (new)  : 37250.00||precio_final_compra (old)  : 24900.00||precio_final_compra (new)  : 37250.00||Precio_ctdo (old)  : 84800.00||Precio_ctdo (new)  : 89400.00||Precio_cta_cte (old)  : 93300.00||Precio_cta_cte (new)  : 98300.00||Precio_tarjeta (old)  : 102600.00||Precio_tarjeta (new)  : 108100.00||mctdo (old)  : 130.00||mctdo (new)  : 140.00'),(156379,'2025-04-28 16:03:48','admin','grid_articulos','Scriptcase','190.175.155.175','access',''),(156380,'2025-04-28 16:04:07','admin','form_articulos','Scriptcase','190.175.155.175','access',''),(156381,'2025-04-28 16:04:26','admin','form_articulos','Scriptcase','190.175.155.175','update','--> keys <-- mar_id : 31||rbro_id : 25||id : 1006||id_temp : 1||--> fields <-- Precio_ctdo (old)  : 60400.00||Precio_ctdo (new)  : 69800.00||Precio_cta_cte (old)  : 66400.00||Precio_cta_cte (new)  : 76800.00||Precio_tarjeta (old)  : 73100.00||Precio_tarjeta (new)  : 84500.00'),(156382,'2025-04-28 16:04:28','admin','grid_articulos','Scriptcase','190.175.155.175','access',''),(156383,'2025-04-28 16:04:44','admin','form_articulos','Scriptcase','190.175.155.175','access',''),(156384,'2025-04-28 16:04:56','admin','form_articulos','Scriptcase','190.175.155.175','update','--> keys <-- mar_id : 31||rbro_id : 25||id : 1005||id_temp : 1||--> fields <-- Precio_ctdo (old)  : 89400.00||Precio_ctdo (new)  : 85700.00||Precio_cta_cte (old)  : 98300.00||Precio_cta_cte (new)  : 94300.00||Precio_tarjeta (old)  : 108100.00||Precio_tarjeta (new)  : 103700.00||mctdo (old)  : 140.00||mctdo (new)  : 130.00'),(156385,'2025-04-28 16:04:59','admin','grid_articulos','Scriptcase','190.175.155.175','access',''),(156386,'2025-04-28 16:05:15','admin','form_articulos','Scriptcase','190.175.155.175','access',''),(156387,'2025-04-28 16:05:23','admin','form_articulos','Scriptcase','190.175.155.175','update','--> keys <-- mar_id : 31||rbro_id : 25||id : 1008||id_temp : 1||--> fields <-- Precio_ctdo (old)  : 86900.00||Precio_ctdo (new)  : 88900.00||Precio_cta_cte (old)  : 95600.00||Precio_cta_cte (new)  : 97800.00||Precio_tarjeta (old)  : 105100.00||Precio_tarjeta (new)  : 107600.00'),(156388,'2025-04-28 16:05:24','admin','grid_articulos','Scriptcase','190.175.155.175','access',''),(156389,'2025-04-28 16:05:48','admin','form_articulos','Scriptcase','190.175.155.175','access',''),(156390,'2025-04-28 16:05:56','admin','form_articulos','Scriptcase','190.175.155.175','update','--> keys <-- mar_id : 31||rbro_id : 25||id : 8000||id_temp : 1||--> fields <-- Precio_ctdo (old)  : 90600.00||Precio_ctdo (new)  : 89900.00||Precio_cta_cte (old)  : 99600.00||Precio_cta_cte (new)  : 98900.00||Precio_tarjeta (old)  : 109600.00||Precio_tarjeta (new)  : 108800.00'),(156391,'2025-04-28 16:05:58','admin','grid_articulos','Scriptcase','190.175.155.175','access',''),(156392,'2025-04-28 16:06:42','admin','form_articulos','Scriptcase','190.175.155.175','access',''),(156393,'2025-04-28 16:07:04','admin','form_articulos','Scriptcase','190.175.155.175','update','--> keys <-- mar_id : 31||rbro_id : 4||id : 1000||id_temp : 1||--> fields <-- precio_costo (old)  : 15500.00||precio_costo (new)  : 15950.00||precio_final_compra (old)  : 15500.00||precio_final_compra (new)  : 15950.00||Precio_ctdo (old)  : 36800.00||Precio_ctdo (new)  : 38800.00||Precio_cta_cte (old)  : 40500.00||Precio_cta_cte (new)  : 42700.00||Precio_tarjeta (old)  : 44600.00||Precio_tarjeta (new)  : 47000.00||mctdo (old)  : 130.00||mctdo (new)  : 140.00'),(156394,'2025-04-28 16:07:07','admin','grid_articulos','Scriptcase','190.175.155.175','access',''),(156395,'2025-04-28 16:07:20','admin','form_articulos','Scriptcase','190.175.155.175','access',''),(156396,'2025-04-28 16:07:33','admin','form_articulos','Scriptcase','190.175.155.175','update','--> keys <-- mar_id : 31||rbro_id : 4||id : 1002||id_temp : 1||--> fields <-- Precio_ctdo (old)  : 39600.00||Precio_ctdo (new)  : 43500.00||Precio_cta_cte (old)  : 43600.00||Precio_cta_cte (new)  : 47900.00||Precio_tarjeta (old)  : 48000.00||Precio_tarjeta (new)  : 52700.00'),(156397,'2025-04-28 16:07:35','admin','grid_articulos','Scriptcase','190.175.155.175','access',''),(156398,'2025-04-28 16:08:19','admin','form_articulos','Scriptcase','190.175.155.175','access',''),(156399,'2025-04-28 16:08:46','admin','form_articulos','Scriptcase','190.175.155.175','access',''),(156400,'2025-04-28 16:08:46','admin','grid_articulos','Scriptcase','190.175.155.175','access',''),(156401,'2025-04-28 16:09:23','admin','form_articulos','Scriptcase','190.175.155.175','access',''),(156402,'2025-04-28 16:11:07','admin','form_articulos','Scriptcase','190.175.155.175','insert','--> keys <-- mar_id : 31||rbro_id : 25||id : 8411||id_temp : 1||--> fields <-- descripcion (new)  : CANGURO WAFFLE -RAZZ- LISO||cod_barra_origen (new)  : ||cod_barra_local (new)  : ||fecha_baja (new)  : null||precio_costo (new)  : 24500.00||precio_iva (new)  : 0||tasa_id (new)  : 0||id_tpu (new)  : 2||precio_final_compra (new)  : 24500.00||Precio_ctdo (new)  : 58800.00||Precio_cta_cte (new)  : 64700.00||Precio_tarjeta (new)  : 71200.00||Precio_oferta (new)  : 0||mctdo (new)  : 140.00||mctacte (new)  : 10.00||motro (new)  : 10.00'),(156403,'2025-04-28 16:11:15','admin','grid_articulos','Scriptcase','190.175.155.175','access',''),(156404,'2025-04-28 16:20:36','admin','grid_articulos','Scriptcase','190.175.155.175','access',''),(156405,'2025-04-28 16:20:48','admin','form_articulos','Scriptcase','190.175.155.175','access',''),(156406,'2025-04-28 18:44:39','','app_Login','Scriptcase','190.175.155.175','access',''),(156407,'2025-04-28 18:44:42','carsi','app_Login','User','190.175.155.175','login','¡Ingresado en el sistema!'),(156408,'2025-04-28 18:44:43','carsi','app_menu','Scriptcase','190.175.155.175','access',''),(156409,'2025-04-28 18:44:48','carsi','grid_ventas_carci','Scriptcase','190.175.155.175','access',''),(156410,'2025-04-28 18:44:51','carsi','form_facturas_carci','Scriptcase','190.175.155.175','access',''),(156411,'2025-04-28 18:44:58','carsi','form_factura_detalle','Scriptcase','190.175.155.175','access',''),(156412,'2025-04-28 18:45:23','carsi','grid_ventas_carci','Scriptcase','190.175.155.175','access',''),(156413,'2025-04-28 18:47:14','','app_Login','Scriptcase','190.175.155.175','access',''),(156414,'2025-04-28 18:47:17','admin','app_logged','Scriptcase','190.175.155.175','access',''),(156415,'2025-04-28 18:47:20','admin','app_logged','User','190.175.155.175','login','¡Ingresado en el sistema!'),(156416,'2025-04-28 18:47:20','admin','app_menu','Scriptcase','190.175.155.175','access',''),(156417,'2025-04-28 18:47:24','admin','grid_articulos','Scriptcase','190.175.155.175','access',''),(156418,'2025-04-28 18:49:07','admin','form_articulos','Scriptcase','190.175.155.175','access',''),(156419,'2025-04-28 18:49:17','admin','form_articulos','Scriptcase','190.175.155.175','update','--> keys <-- mar_id : 31||rbro_id : 23||id : 1264||id_temp : 1||--> fields <-- Precio_ctdo (old)  : 36800.00||Precio_ctdo (new)  : 38500.00||Precio_cta_cte (old)  : 40500.00||Precio_cta_cte (new)  : 42400.00||Precio_tarjeta (old)  : 44600.00||Precio_tarjeta (new)  : 46600.00'),(156420,'2025-04-28 18:49:18','admin','grid_articulos','Scriptcase','190.175.155.175','access',''),(156421,'2025-04-28 18:57:07','carsi','form_facturas_carci','Scriptcase','190.175.155.175','access',''),(156422,'2025-04-28 18:57:10','carsi','form_factura_detalle','Scriptcase','190.175.155.175','access',''),(156423,'2025-04-28 18:57:23','carsi','grid_ventas_carci','Scriptcase','190.175.155.175','access',''),(156424,'2025-04-29 11:02:25','','app_Login','Scriptcase','190.175.155.175','access',''),(156425,'2025-04-29 11:02:28','admin','app_logged','Scriptcase','190.175.155.175','access',''),(156426,'2025-04-29 11:02:30','admin','app_logged','User','190.175.155.175','login','¡Ingresado en el sistema!'),(156427,'2025-04-29 11:02:30','admin','app_menu','Scriptcase','190.175.155.175','access',''),(156428,'2025-04-29 11:02:34','admin','grid_articulos','Scriptcase','190.175.155.175','access',''),(156429,'2025-04-29 11:03:33','admin','form_articulos','Scriptcase','190.175.155.175','access',''),(156430,'2025-04-29 11:03:50','admin','form_articulos','Scriptcase','190.175.155.175','update','--> keys <-- mar_id : 41||rbro_id : 2||id : 300||id_temp : 1||--> fields <-- precio_costo (old)  : 35990.00||precio_costo (new)  : 38000.00||precio_final_compra (old)  : 35990.00||precio_final_compra (new)  : 38000.00||Precio_ctdo (old)  : 79850.00||Precio_ctdo (new)  : 87500.00||Precio_cta_cte (old)  : 87800.00||Precio_cta_cte (new)  : 96300.00||Precio_tarjeta (old)  : 96600.00||Precio_tarjeta (new)  : 105900.00||mctdo (old)  : 120.00||mctdo (new)  : 140.00'),(156431,'2025-04-29 11:03:52','admin','grid_articulos','Scriptcase','190.175.155.175','access',''),(156432,'2025-04-29 11:04:07','admin','form_articulos','Scriptcase','190.175.155.175','access',''),(156433,'2025-04-29 11:04:23','admin','form_articulos','Scriptcase','190.175.155.175','update','--> keys <-- mar_id : 41||rbro_id : 2||id : 400||id_temp : 1||--> fields <-- precio_costo (old)  : 31000.00||precio_costo (new)  : 32800.00||precio_final_compra (old)  : 31000.00||precio_final_compra (new)  : 32800.00||Precio_ctdo (old)  : 68200.00||Precio_ctdo (new)  : 75400.00||Precio_cta_cte (old)  : 75020.00||Precio_cta_cte (new)  : 82900.00||Precio_tarjeta (old)  : 82520.00||Precio_tarjeta (new)  : 91200.00||mctdo (old)  : 120.00||mctdo (new)  : 130.00'),(156434,'2025-04-29 11:04:24','admin','grid_articulos','Scriptcase','190.175.155.175','access',''),(156435,'2025-04-29 11:04:31','admin','form_articulos','Scriptcase','190.175.155.175','access',''),(156436,'2025-04-29 11:04:40','admin','form_articulos','Scriptcase','190.175.155.175','update','--> keys <-- mar_id : 41||rbro_id : 2||id : 300||id_temp : 1||--> fields <-- Precio_ctdo (old)  : 87500.00||Precio_ctdo (new)  : 87400.00||Precio_cta_cte (old)  : 96300.00||Precio_cta_cte (new)  : 96100.00||Precio_tarjeta (old)  : 105900.00||Precio_tarjeta (new)  : 105700.00||mctdo (old)  : 140.00||mctdo (new)  : 130.00'),(156437,'2025-04-29 11:04:42','admin','grid_articulos','Scriptcase','190.175.155.175','access',''),(156438,'2025-04-29 11:29:09','admin','form_articulos','Scriptcase','190.175.155.175','access',''),(156439,'2025-04-29 11:29:22','admin','form_articulos','Scriptcase','190.175.155.175','update','--> keys <-- mar_id : 41||rbro_id : 6||id : 160021||id_temp : 1||--> fields <-- Precio_ctdo (old)  : 66700.00||Precio_ctdo (new)  : 69800.00||Precio_cta_cte (old)  : 73400.00||Precio_cta_cte (new)  : 76800.00||Precio_tarjeta (old)  : 80700.00||Precio_tarjeta (new)  : 84500.00'),(156440,'2025-04-29 11:29:26','admin','grid_articulos','Scriptcase','190.175.155.175','access',''),(156441,'2025-04-29 11:29:37','admin','form_articulos','Scriptcase','190.175.155.175','access',''),(156442,'2025-04-29 11:29:46','admin','form_articulos','Scriptcase','190.175.155.175','update','--> keys <-- mar_id : 41||rbro_id : 6||id : 160100||id_temp : 1||--> fields <-- Precio_ctdo (old)  : 69800.00||Precio_ctdo (new)  : 74500.00||Precio_cta_cte (old)  : 76800.00||Precio_cta_cte (new)  : 82000.00||Precio_tarjeta (old)  : 84500.00||Precio_tarjeta (new)  : 90200.00'),(156443,'2025-04-29 11:29:48','admin','grid_articulos','Scriptcase','190.175.155.175','access',''),(156444,'2025-04-29 11:41:26','','app_Login','Scriptcase','190.175.155.175','access',''),(156445,'2025-04-29 15:48:04','','app_Login','Scriptcase','190.175.155.175','access',''),(156446,'2025-04-29 15:48:07','admin','app_Login','User','190.175.155.175','login','¡Ingresado en el sistema!'),(156447,'2025-04-29 15:48:08','admin','app_menu','Scriptcase','190.175.155.175','access',''),(156448,'2025-04-29 15:48:13','admin','grid_articulos','Scriptcase','190.175.155.175','access',''),(156449,'2025-04-29 15:49:29','admin','form_articulos','Scriptcase','190.175.155.175','access',''),(156450,'2025-04-29 15:49:40','admin','form_articulos','Scriptcase','190.175.155.175','update','--> keys <-- mar_id : 58||rbro_id : 25||id : 0575||id_temp : 1||--> fields <-- Precio_ctdo (old)  : 86500.00||Precio_ctdo (new)  : 83700.00||Precio_cta_cte (old)  : 95200.00||Precio_cta_cte (new)  : 92100.00||Precio_tarjeta (old)  : 104700.00||Precio_tarjeta (new)  : 101300.00'),(156451,'2025-04-29 15:49:42','admin','grid_articulos','Scriptcase','190.175.155.175','access',''),(156452,'2025-04-29 15:49:44','admin','form_articulos','Scriptcase','190.175.155.175','access',''),(156453,'2025-04-29 15:49:56','admin','form_articulos','Scriptcase','190.175.155.175','update','--> keys <-- mar_id : 58||rbro_id : 25||id : 8000||id_temp : 1||--> fields <-- Precio_ctdo (old)  : 83500.00||Precio_ctdo (new)  : 88900.00||Precio_cta_cte (old)  : 91900.00||Precio_cta_cte (new)  : 97800.00||Precio_tarjeta (old)  : 101100.00||Precio_tarjeta (new)  : 107600.00'),(156454,'2025-04-29 15:49:58','admin','grid_articulos','Scriptcase','190.175.155.175','access',''),(156455,'2025-04-29 15:50:41','admin','form_articulos','Scriptcase','190.175.155.175','access',''),(156456,'2025-04-29 15:50:48','admin','form_articulos','Scriptcase','190.175.155.175','update','--> keys <-- mar_id : 58||rbro_id : 7||id : 0510||id_temp : 1||--> fields <-- Precio_ctdo (old)  : 149500.00||Precio_ctdo (new)  : 164500.00||Precio_cta_cte (old)  : 164500.00||Precio_cta_cte (new)  : 181000.00||Precio_tarjeta (old)  : 181000.00||Precio_tarjeta (new)  : 199100.00'),(156457,'2025-04-29 15:50:50','admin','grid_articulos','Scriptcase','190.175.155.175','access',''),(156458,'2025-04-29 15:51:00','admin','form_articulos','Scriptcase','190.175.155.175','access',''),(156459,'2025-04-29 15:51:09','admin','form_articulos','Scriptcase','190.175.155.175','update','--> keys <-- mar_id : 58||rbro_id : 7||id : 250272||id_temp : 1||--> fields <-- Precio_ctdo (old)  : 149500.00||Precio_ctdo (new)  : 164500.00||Precio_cta_cte (old)  : 164500.00||Precio_cta_cte (new)  : 181000.00||Precio_tarjeta (old)  : 181000.00||Precio_tarjeta (new)  : 199100.00'),(156460,'2025-04-29 15:51:11','admin','grid_articulos','Scriptcase','190.175.155.175','access',''),(156461,'2025-04-29 15:51:45','admin','form_articulos','Scriptcase','190.175.155.175','access',''),(156462,'2025-04-29 15:51:53','admin','form_articulos','Scriptcase','190.175.155.175','update','--> keys <-- mar_id : 58||rbro_id : 7||id : 9000||id_temp : 1||--> fields <-- Precio_ctdo (old)  : 205500.00||Precio_ctdo (new)  : 198800.00||Precio_cta_cte (old)  : 226100.00||Precio_cta_cte (new)  : 218700.00||Precio_tarjeta (old)  : 248700.00||Precio_tarjeta (new)  : 240600.00'),(156463,'2025-04-29 15:51:55','admin','grid_articulos','Scriptcase','190.175.155.175','access',''),(156464,'2025-04-29 15:52:37','admin','form_articulos','Scriptcase','190.175.155.175','access',''),(156465,'2025-04-29 15:52:46','admin','form_articulos','Scriptcase','190.175.155.175','update','--> keys <-- mar_id : 58||rbro_id : 7||id : 0461||id_temp : 1||--> fields <-- Precio_ctdo (old)  : 423400.00||Precio_ctdo (new)  : 389500.00||Precio_cta_cte (old)  : 465700.00||Precio_cta_cte (new)  : 428500.00||Precio_tarjeta (old)  : 512300.00||Precio_tarjeta (new)  : 471400.00'),(156466,'2025-04-29 15:52:48','admin','grid_articulos','Scriptcase','190.175.155.175','access',''),(156467,'2025-04-29 15:53:01','admin','form_articulos','Scriptcase','190.175.155.175','access',''),(156468,'2025-04-29 15:53:09','admin','form_articulos','Scriptcase','190.175.155.175','update','--> keys <-- mar_id : 58||rbro_id : 7||id : 0550||id_temp : 1||--> fields <-- Precio_ctdo (old)  : 544600.00||Precio_ctdo (new)  : 485000.00||Precio_cta_cte (old)  : 599100.00||Precio_cta_cte (new)  : 533500.00||Precio_tarjeta (old)  : 659000.00||Precio_tarjeta (new)  : 586900.00'),(156469,'2025-04-29 15:53:11','admin','grid_articulos','Scriptcase','190.175.155.175','access',''),(156470,'2025-04-29 18:56:33','','app_Login','Scriptcase','190.175.155.175','access',''),(156471,'2025-04-29 18:56:42','carsi','app_logged','Scriptcase','190.175.155.175','access',''),(156472,'2025-04-29 18:56:44','carsi','app_logged','User','190.175.155.175','login','¡Ingresado en el sistema!'),(156473,'2025-04-29 18:56:44','carsi','app_menu','Scriptcase','190.175.155.175','access',''),(156474,'2025-04-29 18:56:47','carsi','grid_ventas_carci','Scriptcase','190.175.155.175','access',''),(156475,'2025-04-29 18:56:50','carsi','form_facturas_carci','Scriptcase','190.175.155.175','access',''),(156476,'2025-04-29 18:57:00','carsi','form_factura_detalle','Scriptcase','190.175.155.175','access',''),(156477,'2025-04-29 18:57:16','carsi','grid_ventas_carci','Scriptcase','190.175.155.175','access',''),(156478,'2025-04-29 19:38:01','carsi','form_facturas_carci','Scriptcase','190.175.155.175','access',''),(156479,'2025-04-29 19:38:10','carsi','form_factura_detalle','Scriptcase','190.175.155.175','access',''),(156480,'2025-04-29 19:38:27','carsi','grid_ventas_carci','Scriptcase','190.175.155.175','access',''),(156481,'2025-04-30 10:28:39','','app_Login','Scriptcase','190.175.144.48','access',''),(156482,'2025-04-30 10:28:42','carsi','app_logged','Scriptcase','190.175.144.48','access',''),(156483,'2025-04-30 10:28:44','carsi','app_logged','User','190.175.144.48','login','¡Ingresado en el sistema!'),(156484,'2025-04-30 10:28:44','carsi','app_menu','Scriptcase','190.175.144.48','access',''),(156485,'2025-04-30 10:28:49','carsi','grid_ventas_carci','Scriptcase','190.175.144.48','access',''),(156486,'2025-04-30 10:28:52','carsi','form_facturas_carci','Scriptcase','190.175.144.48','access',''),(156487,'2025-04-30 10:29:25','carsi','form_factura_detalle','Scriptcase','190.175.144.48','access',''),(156488,'2025-04-30 10:29:38','carsi','grid_ventas_carci','Scriptcase','190.175.144.48','access',''),(156489,'2025-04-30 11:00:25','carsi','form_facturas_carci','Scriptcase','190.175.144.48','access',''),(156490,'2025-04-30 11:02:24','carsi','form_factura_detalle','Scriptcase','190.175.144.48','access',''),(156491,'2025-04-30 11:02:41','carsi','grid_ventas_carci','Scriptcase','190.175.144.48','access',''),(156492,'2025-04-30 11:03:11','carsi','pdfreport_facturas','Scriptcase','190.175.144.48','access',''),(156493,'2025-04-30 11:04:17','carsi','pdfreport_facturas','Scriptcase','190.175.144.48','access',''),(156494,'2025-04-30 16:37:17','','app_Login','Scriptcase','190.175.144.48','access',''),(156495,'2025-04-30 16:37:22','carsi','app_logged','Scriptcase','190.175.144.48','access',''),(156496,'2025-04-30 16:37:24','carsi','app_logged','User','190.175.144.48','login','¡Ingresado en el sistema!'),(156497,'2025-04-30 16:37:25','carsi','app_menu','Scriptcase','190.175.144.48','access',''),(156498,'2025-04-30 16:50:51','carsi','grid_ventas_carci','Scriptcase','190.175.144.48','access',''),(156499,'2025-04-30 16:51:01','carsi','form_facturas_carci','Scriptcase','190.175.144.48','access',''),(156500,'2025-04-30 16:51:12','carsi','form_factura_detalle','Scriptcase','190.175.144.48','access',''),(156501,'2025-04-30 16:51:31','carsi','grid_ventas_carci','Scriptcase','190.175.144.48','access',''),(156502,'2025-04-30 16:51:35','carsi','form_facturas_carci','Scriptcase','190.175.144.48','access',''),(156503,'2025-04-30 16:51:43','carsi','form_factura_detalle','Scriptcase','190.175.144.48','access',''),(156504,'2025-04-30 16:52:08','carsi','grid_ventas_carci','Scriptcase','190.175.144.48','access',''),(156505,'2025-04-30 16:52:30','','app_Login','Scriptcase','190.175.144.48','access',''),(156506,'2025-04-30 16:52:33','carsi','app_Login','User','190.175.144.48','login','¡Ingresado en el sistema!'),(156507,'2025-04-30 16:52:33','carsi','app_menu','Scriptcase','190.175.144.48','access',''),(156508,'2025-04-30 16:52:38','carsi','grid_ventas_carci','Scriptcase','190.175.144.48','access',''),(156509,'2025-04-30 16:53:14','','app_Login','Scriptcase','190.175.144.48','access',''),(156510,'2025-04-30 16:53:26','carsi','app_Login','User','190.175.144.48','login','¡Ingresado en el sistema!'),(156511,'2025-04-30 16:53:27','carsi','app_menu','Scriptcase','190.175.144.48','access',''),(156512,'2025-04-30 16:53:32','carsi','grid_ventas_carci','Scriptcase','190.175.144.48','access',''),(156513,'2025-04-30 16:53:43','','app_Login','Scriptcase','190.175.144.48','access',''),(156514,'2025-04-30 17:21:07','carsi','app_Login','User','190.175.144.48','login','¡Ingresado en el sistema!'),(156515,'2025-04-30 17:21:08','carsi','app_menu','Scriptcase','190.175.144.48','access',''),(156516,'2025-04-30 17:21:12','carsi','grid_ventas_carci','Scriptcase','190.175.144.48','access',''),(156517,'2025-04-30 17:21:22','carsi','form_facturas_carci','Scriptcase','190.175.144.48','access',''),(156518,'2025-04-30 17:21:25','carsi','form_factura_detalle','Scriptcase','190.175.144.48','access',''),(156519,'2025-04-30 17:21:40','carsi','grid_ventas_carci','Scriptcase','190.175.144.48','access',''),(156520,'2025-04-30 18:13:40','','grid_ventas_carci','Scriptcase','190.175.144.48','access',''),(156521,'2025-04-30 18:13:51','','app_Login','Scriptcase','190.175.144.48','access',''),(156522,'2025-04-30 18:13:54','carsi','app_logged','Scriptcase','190.175.144.48','access',''),(156523,'2025-04-30 18:13:56','carsi','app_logged','User','190.175.144.48','login','¡Ingresado en el sistema!'),(156524,'2025-04-30 18:13:56','carsi','app_menu','Scriptcase','190.175.144.48','access',''),(156525,'2025-04-30 18:36:40','','app_Login','Scriptcase','190.175.144.48','access',''),(156526,'2025-04-30 18:37:05','admin','app_logged','Scriptcase','190.175.144.48','access',''),(156527,'2025-04-30 18:37:09','admin','app_logged','User','190.175.144.48','login','¡Ingresado en el sistema!'),(156528,'2025-04-30 18:37:09','admin','app_menu','Scriptcase','190.175.144.48','access',''),(156529,'2025-04-30 18:37:12','admin','grid_articulos','Scriptcase','190.175.144.48','access',''),(156530,'2025-04-30 19:29:23','','grid_ventas_carci','Scriptcase','190.175.144.48','access',''),(156531,'2025-04-30 19:29:30','','app_Login','Scriptcase','190.175.144.48','access',''),(156532,'2025-04-30 19:29:35','carsi','app_logged','Scriptcase','190.175.144.48','access',''),(156533,'2025-04-30 19:29:41','carsi','app_logged','User','190.175.144.48','login','¡Ingresado en el sistema!'),(156534,'2025-04-30 19:29:41','carsi','app_menu','Scriptcase','190.175.144.48','access',''),(156535,'2025-04-30 19:29:50','carsi','grid_ventas_carci','Scriptcase','190.175.144.48','access',''),(156536,'2025-04-30 19:29:52','carsi','form_facturas_carci','Scriptcase','190.175.144.48','access',''),(156537,'2025-04-30 19:29:55','carsi','form_factura_detalle','Scriptcase','190.175.144.48','access',''),(156538,'2025-04-30 19:30:07','carsi','grid_ventas_carci','Scriptcase','190.175.144.48','access',''),(156539,'2025-04-30 20:06:03','','app_Login','Scriptcase','5.253.115.42','access',''),(156540,'2025-04-30 20:06:08','','app_Login','Scriptcase','5.253.115.42','access',''),(156541,'2025-05-01 10:47:07','','app_Login','Scriptcase','190.175.144.48','access',''),(156542,'2025-05-01 10:47:13','carsi','app_logged','Scriptcase','190.175.144.48','access',''),(156543,'2025-05-01 10:47:16','carsi','app_logged','User','190.175.144.48','login','¡Ingresado en el sistema!'),(156544,'2025-05-01 10:47:16','carsi','app_menu','Scriptcase','190.175.144.48','access',''),(156545,'2025-05-02 00:17:46','','app_Login_mob','Scriptcase','43.165.67.57','access',''),(156546,'2025-05-02 00:26:38','','app_Login','Scriptcase','91.151.95.70','access',''),(156547,'2025-05-02 03:09:09','','app_Login','Scriptcase','203.55.131.4','access',''),(156548,'2025-05-02 05:03:38','','app_Login','Scriptcase','109.202.99.46','access',''),(156549,'2025-05-02 05:18:28','','app_Login','Scriptcase','91.196.152.75','access',''),(156550,'2025-05-02 10:54:43','','app_Login','Scriptcase','190.175.154.132','access',''),(156551,'2025-05-02 10:54:53','carsi','app_logged','Scriptcase','190.175.154.132','access',''),(156552,'2025-05-02 10:54:55','carsi','app_logged','User','190.175.154.132','login','¡Ingresado en el sistema!'),(156553,'2025-05-02 10:54:55','carsi','app_menu','Scriptcase','190.175.154.132','access',''),(156554,'2025-05-02 10:54:59','carsi','grid_ventas_carci','Scriptcase','190.175.154.132','access',''),(156555,'2025-05-02 10:55:02','carsi','form_facturas_carci','Scriptcase','190.175.154.132','access',''),(156556,'2025-05-02 10:55:38','carsi','form_factura_detalle','Scriptcase','190.175.154.132','access',''),(156557,'2025-05-02 10:55:53','carsi','grid_ventas_carci','Scriptcase','190.175.154.132','access',''),(156558,'2025-05-02 11:35:06','','app_Login_mob','Scriptcase','43.153.58.28','access',''),(156559,'2025-05-02 15:47:49','','app_Login','Scriptcase','190.175.154.132','access',''),(156560,'2025-05-02 15:47:55','admin','app_logged','Scriptcase','190.175.154.132','access',''),(156561,'2025-05-02 15:47:57','admin','app_logged','User','190.175.154.132','login','¡Ingresado en el sistema!'),(156562,'2025-05-02 15:47:57','admin','app_menu','Scriptcase','190.175.154.132','access',''),(156563,'2025-05-02 15:48:01','admin','grid_articulos','Scriptcase','190.175.154.132','access',''),(156564,'2025-05-02 16:17:02','','app_Login','Scriptcase','190.175.154.132','access',''),(156565,'2025-05-02 16:17:06','admin','app_Login','User','190.175.154.132','login','¡Ingresado en el sistema!'),(156566,'2025-05-02 16:17:07','admin','app_menu','Scriptcase','190.175.154.132','access',''),(156567,'2025-05-02 16:17:11','admin','grid_articulos','Scriptcase','190.175.154.132','access',''),(156568,'2025-05-02 16:17:26','','app_Login','Scriptcase','190.175.154.132','access',''),(156569,'2025-05-02 16:17:29','admin','app_logged','Scriptcase','190.175.154.132','access',''),(156570,'2025-05-02 16:17:31','admin','app_logged','User','190.175.154.132','login','¡Ingresado en el sistema!'),(156571,'2025-05-02 16:17:31','admin','app_menu','Scriptcase','190.175.154.132','access',''),(156572,'2025-05-02 16:17:34','admin','grid_articulos','Scriptcase','190.175.154.132','access',''),(156573,'2025-05-02 16:17:42','admin','form_articulos','Scriptcase','190.175.154.132','access',''),(156574,'2025-05-02 16:19:00','admin','form_tipos_lista_precios','Scriptcase','190.175.154.132','access',''),(156575,'2025-05-02 16:19:11','admin','form_tipos_lista_precios','Scriptcase','190.175.154.132','update','--> keys <-- id : 1||--> fields <-- porc_margen (old)  : 140.00||porc_margen (new)  : 130.00'),(156576,'2025-05-02 16:20:57','admin','form_articulos','Scriptcase','190.175.154.132','insert','--> keys <-- mar_id : 82||rbro_id : 1||id : 1006531||id_temp : 19||--> fields <-- descripcion (new)  : M-L ACACIA SUPER LARGA||cod_barra_origen (new)  : ||cod_barra_local (new)  : ||fecha_baja (new)  : null||precio_costo (new)  : 40909.00||precio_iva (new)  : 0||tasa_id (new)  : 0||id_tpu (new)  : 2||precio_final_compra (new)  : 40909.00||Precio_ctdo (new)  : 94500.00||Precio_cta_cte (new)  : 104000.00||Precio_tarjeta (new)  : 114400.00||Precio_oferta (new)  : 0||mctdo (new)  : 130.00||mctacte (new)  : 10.00||motro (new)  : 10.00'),(156577,'2025-05-02 16:22:39','admin','form_articulos','Scriptcase','190.175.154.132','insert','--> keys <-- mar_id : 82||rbro_id : 34||id : 8003181||id_temp : 19||--> fields <-- descripcion (new)  : BELLE LIVIANO S-BOTON, BOLS.||cod_barra_origen (new)  : ||cod_barra_local (new)  : ||fecha_baja (new)  : null||precio_costo (new)  : 50000.00||precio_iva (new)  : 0||tasa_id (new)  : 0||id_tpu (new)  : 2||precio_final_compra (new)  : 50000.00||Precio_ctdo (new)  : 115500.00||Precio_cta_cte (new)  : 127100.00||Precio_tarjeta (new)  : 139800.00||Precio_oferta (new)  : 0||mctdo (new)  : 130.00||mctacte (new)  : 10.00||motro (new)  : 10.00'),(156578,'2025-05-02 16:25:42','admin','form_articulos','Scriptcase','190.175.154.132','insert','--> keys <-- mar_id : 82||rbro_id : 34||id : 8003261||id_temp : 19||--> fields <-- descripcion (new)  : ARIANNA CALADO CON FLECOS||cod_barra_origen (new)  : ||cod_barra_local (new)  : ||fecha_baja (new)  : null||precio_costo (new)  : 72800.00||precio_iva (new)  : 0||tasa_id (new)  : 0||id_tpu (new)  : 2||precio_final_compra (new)  : 72800.00||Precio_ctdo (new)  : 167400.00||Precio_cta_cte (new)  : 184100.00||Precio_tarjeta (new)  : 202500.00||Precio_oferta (new)  : 0||mctdo (new)  : 130.00||mctacte (new)  : 10.00||motro (new)  : 10.00'),(156579,'2025-05-02 16:27:26','admin','form_articulos','Scriptcase','190.175.154.132','insert','--> keys <-- mar_id : 82||rbro_id : 2||id : 5003121||id_temp : 19||--> fields <-- descripcion (new)  : RECTO BLUE VINTAGE||cod_barra_origen (new)  : ||cod_barra_local (new)  : ||fecha_baja (new)  : null||precio_costo (new)  : 50000.00||precio_iva (new)  : 0||tasa_id (new)  : 0||id_tpu (new)  : 2||precio_final_compra (new)  : 50000.00||Precio_ctdo (new)  : 115500.00||Precio_cta_cte (new)  : 127100.00||Precio_tarjeta (new)  : 139800.00||Precio_oferta (new)  : 0||mctdo (new)  : 130.00||mctacte (new)  : 10.00||motro (new)  : 10.00'),(156580,'2025-05-02 16:29:03','admin','form_articulos','Scriptcase','190.175.154.132','insert','--> keys <-- mar_id : 82||rbro_id : 4||id : 24012961||id_temp : 19||--> fields <-- descripcion (new)  : M-CORTA ROSE ESTAMPA||cod_barra_origen (new)  : ||cod_barra_local (new)  : ||fecha_baja (new)  : null||precio_costo (new)  : 19600.00||precio_iva (new)  : 0||tasa_id (new)  : 0||id_tpu (new)  : 2||precio_final_compra (new)  : 19600.00||Precio_ctdo (new)  : 45400.00||Precio_cta_cte (new)  : 49900.00||Precio_tarjeta (new)  : 54900.00||Precio_oferta (new)  : 0||mctdo (new)  : 130.00||mctacte (new)  : 10.00||motro (new)  : 10.00'),(156581,'2025-05-02 16:30:59','admin','form_articulos','Scriptcase','190.175.154.132','insert','--> keys <-- mar_id : 82||rbro_id : 6||id : 8003231||id_temp : 19||--> fields <-- descripcion (new)  : PIA LISO||cod_barra_origen (new)  : ||cod_barra_local (new)  : ||fecha_baja (new)  : null||precio_costo (new)  : 45500.00||precio_iva (new)  : 0||tasa_id (new)  : 0||id_tpu (new)  : 2||precio_final_compra (new)  : 45500.00||Precio_ctdo (new)  : 104700.00||Precio_cta_cte (new)  : 115200.00||Precio_tarjeta (new)  : 126700.00||Precio_oferta (new)  : 0||mctdo (new)  : 130.00||mctacte (new)  : 10.00||motro (new)  : 10.00'),(156582,'2025-05-02 16:31:43','','app_Login','Scriptcase','44.200.60.207','access',''),(156583,'2025-05-02 16:32:09','admin','form_articulos','Scriptcase','190.175.154.132','insert','--> keys <-- mar_id : 82||rbro_id : 6||id : 8003491||id_temp : 19||--> fields <-- descripcion (new)  : POLA RAYADO||cod_barra_origen (new)  : ||cod_barra_local (new)  : ||fecha_baja (new)  : null||precio_costo (new)  : 45500.00||precio_iva (new)  : 0||tasa_id (new)  : 0||id_tpu (new)  : 2||precio_final_compra (new)  : 45500.00||Precio_ctdo (new)  : 104700.00||Precio_cta_cte (new)  : 115200.00||Precio_tarjeta (new)  : 126700.00||Precio_oferta (new)  : 0||mctdo (new)  : 130.00||mctacte (new)  : 10.00||motro (new)  : 10.00'),(156584,'2025-05-02 16:33:12','admin','form_articulos','Scriptcase','190.175.154.132','insert','--> keys <-- mar_id : 82||rbro_id : 6||id : 8003411||id_temp : 19||--> fields <-- descripcion (new)  : MADRID RAYADO||cod_barra_origen (new)  : ||cod_barra_local (new)  : ||fecha_baja (new)  : null||precio_costo (new)  : 45500.00||precio_iva (new)  : 0||tasa_id (new)  : 0||id_tpu (new)  : 2||precio_final_compra (new)  : 45500.00||Precio_ctdo (new)  : 104700.00||Precio_cta_cte (new)  : 115200.00||Precio_tarjeta (new)  : 126700.00||Precio_oferta (new)  : 0||mctdo (new)  : 130.00||mctacte (new)  : 10.00||motro (new)  : 10.00'),(156585,'2025-05-02 16:33:17','admin','grid_articulos','Scriptcase','190.175.154.132','access',''),(156586,'2025-05-02 17:30:24','','app_Login','Scriptcase','190.175.154.132','access',''),(156587,'2025-05-02 17:30:27','carsi','app_logged','Scriptcase','190.175.154.132','access',''),(156588,'2025-05-02 17:30:29','carsi','app_logged','User','190.175.154.132','login','¡Ingresado en el sistema!'),(156589,'2025-05-02 17:30:29','carsi','app_menu','Scriptcase','190.175.154.132','access',''),(156590,'2025-05-02 17:30:33','carsi','grid_ventas_carci','Scriptcase','190.175.154.132','access',''),(156591,'2025-05-02 17:37:42','','app_Login','Scriptcase','205.169.39.20','access',''),(156592,'2025-05-02 17:41:23','carsi','form_facturas_carci','Scriptcase','190.175.154.132','access',''),(156593,'2025-05-02 17:41:28','carsi','form_factura_detalle','Scriptcase','190.175.154.132','access',''),(156594,'2025-05-02 17:41:43','carsi','grid_ventas_carci','Scriptcase','190.175.154.132','access',''),(156595,'2025-05-02 17:55:13','','app_Login','Scriptcase','190.175.154.132','access',''),(156596,'2025-05-02 17:55:17','carsi','app_Login','User','190.175.154.132','login','¡Ingresado en el sistema!'),(156597,'2025-05-02 17:55:18','carsi','app_menu','Scriptcase','190.175.154.132','access',''),(156598,'2025-05-02 17:55:22','carsi','grid_ventas_carci','Scriptcase','190.175.154.132','access',''),(156599,'2025-05-02 17:59:52','','app_Login','Scriptcase','190.175.154.132','access',''),(156600,'2025-05-02 17:59:57','admin','app_logged','Scriptcase','190.175.154.132','access',''),(156601,'2025-05-02 17:59:59','admin','app_logged','User','190.175.154.132','login','¡Ingresado en el sistema!'),(156602,'2025-05-02 18:00:00','admin','app_menu','Scriptcase','190.175.154.132','access',''),(156603,'2025-05-02 18:00:18','admin','grid_articulos','Scriptcase','190.175.154.132','access',''),(156604,'2025-05-02 18:01:15','admin','form_articulos','Scriptcase','190.175.154.132','access',''),(156605,'2025-05-02 18:01:26','admin','form_articulos','Scriptcase','190.175.154.132','update','--> keys <-- mar_id : 57||rbro_id : 1||id : 13200||id_temp : 1||--> fields <-- Precio_ctdo (old)  : 67900.00||Precio_ctdo (new)  : 68900.00||Precio_cta_cte (old)  : 74700.00||Precio_cta_cte (new)  : 75800.00||Precio_tarjeta (old)  : 82200.00||Precio_tarjeta (new)  : 83400.00'),(156606,'2025-05-02 18:01:36','admin','grid_articulos','Scriptcase','190.175.154.132','access',''),(156607,'2025-05-02 18:02:18','admin','form_articulos','Scriptcase','190.175.154.132','access',''),(156608,'2025-05-02 18:02:28','admin','form_articulos','Scriptcase','190.175.154.132','update','--> keys <-- mar_id : 57||rbro_id : 25||id : 16211||id_temp : 1||--> fields <-- Precio_ctdo (old)  : 77400.00||Precio_ctdo (new)  : 75500.00||Precio_cta_cte (old)  : 85100.00||Precio_cta_cte (new)  : 83100.00||Precio_tarjeta (old)  : 93600.00||Precio_tarjeta (new)  : 91400.00'),(156609,'2025-05-02 18:02:30','admin','grid_articulos','Scriptcase','190.175.154.132','access',''),(156610,'2025-05-02 18:03:31','admin','form_articulos','Scriptcase','190.175.154.132','access',''),(156611,'2025-05-02 18:05:00','admin','form_articulos','Scriptcase','190.175.154.132','insert','--> keys <-- mar_id : 57||rbro_id : 7||id : 11596||id_temp : 1||--> fields <-- descripcion (new)  : JEANS CON SPANDEX||cod_barra_origen (new)  : ||cod_barra_local (new)  : ||fecha_baja (new)  : null||precio_costo (new)  : 41000.00||precio_iva (new)  : 0||tasa_id (new)  : 0||id_tpu (new)  : 2||precio_final_compra (new)  : 41000.00||Precio_ctdo (new)  : 98800.00||Precio_cta_cte (new)  : 108700.00||Precio_tarjeta (new)  : 119600.00||Precio_oferta (new)  : 0||mctdo (new)  : 140.00||mctacte (new)  : 10.00||motro (new)  : 10.00'),(156612,'2025-05-02 18:05:06','admin','grid_articulos','Scriptcase','190.175.154.132','access',''),(156613,'2025-05-02 18:15:44','carsi','form_facturas_carci','Scriptcase','190.175.154.132','access',''),(156614,'2025-05-02 18:15:53','carsi','form_factura_detalle','Scriptcase','190.175.154.132','access',''),(156615,'2025-05-02 18:16:08','carsi','grid_ventas_carci','Scriptcase','190.175.154.132','access',''),(156616,'2025-05-02 18:41:42','','app_Login','Scriptcase','190.175.154.132','access',''),(156617,'2025-05-02 18:41:48','carsi','app_Login','User','190.175.154.132','login','¡Ingresado en el sistema!'),(156618,'2025-05-02 18:41:49','carsi','app_menu','Scriptcase','190.175.154.132','access',''),(156619,'2025-05-02 18:41:53','carsi','grid_ventas_carci','Scriptcase','190.175.154.132','access',''),(156620,'2025-05-02 18:41:57','','app_Login','Scriptcase','190.175.154.132','access',''),(156621,'2025-05-02 18:42:11','','app_Login','Scriptcase','190.175.154.132','access',''),(156622,'2025-05-02 18:42:16','carsi','app_Login','User','190.175.154.132','login','¡Ingresado en el sistema!'),(156623,'2025-05-02 18:42:17','carsi','app_menu','Scriptcase','190.175.154.132','access',''),(156624,'2025-05-02 18:42:24','carsi','grid_ventas_carci','Scriptcase','190.175.154.132','access',''),(156625,'2025-05-02 19:06:58','carsi','form_facturas_carci','Scriptcase','190.175.154.132','access',''),(156626,'2025-05-02 19:07:05','carsi','grid_ventas_carci','Scriptcase','190.175.154.132','access',''),(156627,'2025-05-02 19:08:13','carsi','form_facturas_carci','Scriptcase','190.175.154.132','access',''),(156628,'2025-05-02 19:08:35','carsi','form_factura_detalle','Scriptcase','190.175.154.132','access',''),(156629,'2025-05-02 19:08:50','carsi','grid_ventas_carci','Scriptcase','190.175.154.132','access',''),(156630,'2025-05-02 19:52:29','','app_Login','Scriptcase','190.175.154.132','access',''),(156631,'2025-05-02 19:52:33','carsi','app_logged','Scriptcase','190.175.154.132','access',''),(156632,'2025-05-02 19:52:36','carsi','app_logged','User','190.175.154.132','login','¡Ingresado en el sistema!'),(156633,'2025-05-02 19:52:36','carsi','app_menu','Scriptcase','190.175.154.132','access',''),(156634,'2025-05-02 19:52:43','carsi','grid_ventas_carci','Scriptcase','190.175.154.132','access',''),(156635,'2025-05-02 19:52:47','carsi','form_facturas_carci','Scriptcase','190.175.154.132','access',''),(156636,'2025-05-02 19:52:50','carsi','form_factura_detalle','Scriptcase','190.175.154.132','access',''),(156637,'2025-05-02 19:53:04','carsi','grid_ventas_carci','Scriptcase','190.175.154.132','access',''),(156638,'2025-05-03 01:04:50','','app_Login','Scriptcase','123.96.155.21','access',''),(156639,'2025-05-03 03:39:26','','app_Login','Scriptcase','34.141.176.7','access',''),(156640,'2025-05-03 06:41:57','','app_Login','Scriptcase','18.201.202.200','access',''),(156641,'2025-05-03 09:42:20','','app_Login','Scriptcase','167.172.101.228','access',''),(156642,'2025-05-03 10:14:26','','app_Login','Scriptcase','190.175.159.128','access',''),(156643,'2025-05-03 10:14:30','carsi','app_logged','Scriptcase','190.175.159.128','access',''),(156644,'2025-05-03 10:14:32','carsi','app_logged','User','190.175.159.128','login','¡Ingresado en el sistema!'),(156645,'2025-05-03 10:14:32','carsi','app_menu','Scriptcase','190.175.159.128','access',''),(156646,'2025-05-03 10:14:37','carsi','grid_ventas_carci','Scriptcase','190.175.159.128','access',''),(156647,'2025-05-03 10:14:46','carsi','grid_comprobantes','Scriptcase','190.175.159.128','access',''),(156648,'2025-05-03 10:19:56','carsi','grid_ventas_carci','Scriptcase','190.175.159.128','access',''),(156649,'2025-05-03 10:20:02','carsi','form_facturas_carci','Scriptcase','190.175.159.128','access',''),(156650,'2025-05-03 10:20:08','carsi','form_factura_detalle','Scriptcase','190.175.159.128','access',''),(156651,'2025-05-03 10:20:24','carsi','grid_ventas_carci','Scriptcase','190.175.159.128','access',''),(156652,'2025-05-03 10:21:06','','app_Login','Scriptcase','190.175.159.128','access',''),(156653,'2025-05-03 10:21:10','carsi','app_Login','User','190.175.159.128','login','¡Ingresado en el sistema!'),(156654,'2025-05-03 10:21:11','carsi','app_menu','Scriptcase','190.175.159.128','access',''),(156655,'2025-05-03 10:21:17','carsi','grid_ventas_carci','Scriptcase','190.175.159.128','access',''),(156656,'2025-05-03 10:21:26','','app_Login','Scriptcase','190.175.159.128','access',''),(156657,'2025-05-03 10:21:30','carsi','app_Login','User','190.175.159.128','login','¡Ingresado en el sistema!'),(156658,'2025-05-03 10:21:30','carsi','app_menu','Scriptcase','190.175.159.128','access',''),(156659,'2025-05-03 10:21:40','carsi','grid_ventas_carci','Scriptcase','190.175.159.128','access',''),(156660,'2025-05-03 11:05:01','carsi','grid_comprobantes','Scriptcase','190.175.159.128','access',''),(156661,'2025-05-03 11:08:21','carsi','form_facturas_carci','Scriptcase','190.175.159.128','access',''),(156662,'2025-05-03 11:08:25','carsi','form_factura_detalle','Scriptcase','190.175.159.128','access',''),(156663,'2025-05-03 11:08:39','carsi','grid_ventas_carci','Scriptcase','190.175.159.128','access',''),(156664,'2025-05-03 11:38:54','carsi','form_facturas_carci','Scriptcase','190.175.159.128','access',''),(156665,'2025-05-03 11:38:57','carsi','form_factura_detalle','Scriptcase','190.175.159.128','access',''),(156666,'2025-05-03 11:39:15','carsi','grid_ventas_carci','Scriptcase','190.175.159.128','access',''),(156667,'2025-05-03 12:01:42','carsi','form_facturas_carci','Scriptcase','190.175.159.128','access',''),(156668,'2025-05-03 12:01:46','carsi','form_factura_detalle','Scriptcase','190.175.159.128','access',''),(156669,'2025-05-03 12:02:02','carsi','grid_ventas_carci','Scriptcase','190.175.159.128','access',''),(156670,'2025-05-03 16:57:58','','app_Login_mob','Scriptcase','159.65.130.190','access',''),(156671,'2025-05-03 17:46:27','','app_Login','Scriptcase','190.175.159.128','access',''),(156672,'2025-05-03 17:46:39','carsi','app_logged','Scriptcase','190.175.159.128','access',''),(156673,'2025-05-03 17:46:46','carsi','app_logged','User','190.175.159.128','login','¡Ingresado en el sistema!'),(156674,'2025-05-03 17:46:47','carsi','app_menu','Scriptcase','190.175.159.128','access',''),(156675,'2025-05-03 17:46:50','carsi','grid_ventas_carci','Scriptcase','190.175.159.128','access',''),(156676,'2025-05-03 17:46:54','carsi','form_facturas_carci','Scriptcase','190.175.159.128','access',''),(156677,'2025-05-03 17:47:07','carsi','form_factura_detalle','Scriptcase','190.175.159.128','access',''),(156678,'2025-05-03 17:47:18','carsi','grid_ventas_carci','Scriptcase','190.175.159.128','access',''),(156679,'2025-05-03 18:57:29','carsi','form_facturas_carci','Scriptcase','190.175.159.128','access',''),(156680,'2025-05-03 18:57:32','carsi','form_factura_detalle','Scriptcase','190.175.159.128','access',''),(156681,'2025-05-03 18:57:47','carsi','grid_ventas_carci','Scriptcase','190.175.159.128','access',''),(156682,'2025-05-03 18:58:36','carsi','form_facturas_carci','Scriptcase','190.175.159.128','access',''),(156683,'2025-05-03 18:58:40','carsi','form_factura_detalle','Scriptcase','190.175.159.128','access',''),(156684,'2025-05-03 18:58:55','carsi','grid_ventas_carci','Scriptcase','190.175.159.128','access',''),(156685,'2025-05-03 19:15:42','carsi','form_facturas_carci','Scriptcase','190.175.159.128','access',''),(156686,'2025-05-03 19:15:57','carsi','form_factura_detalle','Scriptcase','190.175.159.128','access',''),(156687,'2025-05-03 19:16:09','carsi','grid_ventas_carci','Scriptcase','190.175.159.128','access',''),(156688,'2025-05-03 21:45:52','','app_Login','Scriptcase','52.209.144.229','access',''),(156689,'2025-05-04 03:27:15','','app_Login','Scriptcase','123.160.223.75','access',''),(156690,'2025-05-04 03:27:20','','app_Login','Scriptcase','123.160.223.72','access',''),(156691,'2025-05-04 14:56:39','','app_Login','Scriptcase','190.175.154.82','access',''),(156692,'2025-05-04 14:56:42','admin','app_logged','Scriptcase','190.175.154.82','access',''),(156693,'2025-05-04 14:56:45','admin','app_logged','User','190.175.154.82','login','¡Ingresado en el sistema!'),(156694,'2025-05-04 14:56:45','admin','app_menu','Scriptcase','190.175.154.82','access',''),(156695,'2025-05-04 14:56:51','admin','control_2','Scriptcase','190.175.154.82','access',''),(156696,'2025-05-04 14:57:00','admin','grid_compras','Scriptcase','190.175.154.82','access',''),(156697,'2025-05-04 14:57:03','admin','form_compras','Scriptcase','190.175.154.82','access',''),(156698,'2025-05-04 14:59:51','admin','form_compras','Scriptcase','190.175.154.82','insert','--> keys <-- id : 883||--> fields <-- fecha_comp (new)  : 2025-03-24||periodo_fiscal (new)  : 2025-04-01||tipo_comp (new)  : 1||letra_comp (new)  : 1||nro_comp (new)  : 002100025893||apeynom (new)  : URBAN AFFAIRS S.A||cuit (new)  : 23052599989||cuit_vendedor (new)  : 30708757604||concepto (new)  : COMPRA||neto (new)  : 1126000.00||no_gravado (new)  : 0||exentas (new)  : 0||iva_descrim (new)  : 236460.00||acrec_descrim (new)  : 0||ret_perc (new)  : 0||cred_fiscal (new)  : 0||total_ope (new)  : 1362460.00||pcia (new)  : 01||cliweb (new)  : 1||tipo_doc (new)  : 80||iva_105 (new)  : 0||iva_27 (new)  : 0||imp_iibb (new)  : 0'),(156699,'2025-05-04 15:04:03','admin','form_compras','Scriptcase','190.175.154.82','insert','--> keys <-- id : 884||--> fields <-- fecha_comp (new)  : 2025-03-28||periodo_fiscal (new)  : 2025-04-01||tipo_comp (new)  : 1||letra_comp (new)  : 1||nro_comp (new)  : 000900052143||apeynom (new)  : CANAL 3||cuit (new)  : 23052599989||cuit_vendedor (new)  : 30614630007||concepto (new)  : COMPRA||neto (new)  : 31710.75||no_gravado (new)  : 0||exentas (new)  : 0||iva_descrim (new)  : 6659.26||acrec_descrim (new)  : 0||ret_perc (new)  : 0||cred_fiscal (new)  : 0||total_ope (new)  : 39638.44||pcia (new)  : 01||cliweb (new)  : 1||tipo_doc (new)  : 80||iva_105 (new)  : 0||iva_27 (new)  : 0||imp_iibb (new)  : 1268.43'),(156700,'2025-05-04 15:06:38','admin','form_compras','Scriptcase','190.175.154.82','insert','--> keys <-- id : 885||--> fields <-- fecha_comp (new)  : 2025-03-07||periodo_fiscal (new)  : 2025-04-01||tipo_comp (new)  : 1||letra_comp (new)  : 1||nro_comp (new)  : 000300010128||apeynom (new)  : HUNTLEY||cuit (new)  : 23052599989||cuit_vendedor (new)  : 20141086961||concepto (new)  : COMPRA||neto (new)  : 371911.12||no_gravado (new)  : 0||exentas (new)  : 0||iva_descrim (new)  : 78101.34||acrec_descrim (new)  : 0||ret_perc (new)  : 0||cred_fiscal (new)  : 0||total_ope (new)  : 450012.46||pcia (new)  : 01||cliweb (new)  : 1||tipo_doc (new)  : 80||iva_105 (new)  : 0||iva_27 (new)  : 0||imp_iibb (new)  : 0'),(156701,'2025-05-04 15:07:55','admin','form_compras','Scriptcase','190.175.154.82','insert','--> keys <-- id : 886||--> fields <-- fecha_comp (new)  : 2025-03-07||periodo_fiscal (new)  : 2025-04-01||tipo_comp (new)  : 1||letra_comp (new)  : 1||nro_comp (new)  : 000600001654||apeynom (new)  : VENECIA||cuit (new)  : 23052599989||cuit_vendedor (new)  : 20045256791||concepto (new)  : COMPRA||neto (new)  : 98000.00||no_gravado (new)  : 0||exentas (new)  : 0||iva_descrim (new)  : 20580.00||acrec_descrim (new)  : 0||ret_perc (new)  : 0||cred_fiscal (new)  : 0||total_ope (new)  : 118580.00||pcia (new)  : 01||cliweb (new)  : 1||tipo_doc (new)  : 80||iva_105 (new)  : 0||iva_27 (new)  : 0||imp_iibb (new)  : 0'),(156702,'2025-05-04 15:12:51','admin','form_compras','Scriptcase','190.175.154.82','insert','--> keys <-- id : 887||--> fields <-- fecha_comp (new)  : 2025-03-07||periodo_fiscal (new)  : 2025-04-01||tipo_comp (new)  : 1||letra_comp (new)  : 1||nro_comp (new)  : 000200004688||apeynom (new)  : SANTA BOHEMIA||cuit (new)  : 23052599989||cuit_vendedor (new)  : 33715207139||concepto (new)  : COMPRA||neto (new)  : 1938955.37||no_gravado (new)  : 0||exentas (new)  : 0||iva_descrim (new)  : 407180.61||acrec_descrim (new)  : 0||ret_perc (new)  : 0||cred_fiscal (new)  : 0||total_ope (new)  : 2346135.98||pcia (new)  : 01||cliweb (new)  : 1||tipo_doc (new)  : 80||iva_105 (new)  : 0||iva_27 (new)  : 0||imp_iibb (new)  : 0'),(156703,'2025-05-04 15:14:30','admin','form_compras','Scriptcase','190.175.154.82','insert','--> keys <-- id : 888||--> fields <-- fecha_comp (new)  : 2025-03-13||periodo_fiscal (new)  : 2025-04-01||tipo_comp (new)  : 1||letra_comp (new)  : 1||nro_comp (new)  : 001500002979||apeynom (new)  : LINEA AZUL SRL||cuit (new)  : 23052599989||cuit_vendedor (new)  : 30628834985||concepto (new)  : COMPRA||neto (new)  : 1657932.64||no_gravado (new)  : 0||exentas (new)  : 0||iva_descrim (new)  : 348165.85||acrec_descrim (new)  : 0||ret_perc (new)  : 0||cred_fiscal (new)  : 0||total_ope (new)  : 2006098.49||pcia (new)  : 01||cliweb (new)  : 1||tipo_doc (new)  : 80||iva_105 (new)  : 0||iva_27 (new)  : 0||imp_iibb (new)  : 0'),(156704,'2025-05-04 15:18:10','admin','form_compras','Scriptcase','190.175.154.82','insert','--> keys <-- id : 889||--> fields <-- fecha_comp (new)  : 2025-03-06||periodo_fiscal (new)  : 2025-04-01||tipo_comp (new)  : 1||letra_comp (new)  : 1||nro_comp (new)  : 000300003395||apeynom (new)  : TINACO SRL||cuit (new)  : 23052599989||cuit_vendedor (new)  : 30709364002||concepto (new)  : COMPRA||neto (new)  : 1523500.00||no_gravado (new)  : 0||exentas (new)  : 0||iva_descrim (new)  : 319935.00||acrec_descrim (new)  : 0||ret_perc (new)  : 0||cred_fiscal (new)  : 0||total_ope (new)  : 1843435.00||pcia (new)  : 01||cliweb (new)  : 1||tipo_doc (new)  : 80||iva_105 (new)  : 0||iva_27 (new)  : 0||imp_iibb (new)  : 0'),(156705,'2025-05-04 15:19:54','admin','form_compras','Scriptcase','190.175.154.82','insert','--> keys <-- id : 890||--> fields <-- fecha_comp (new)  : 2025-03-19||periodo_fiscal (new)  : 2025-04-01||tipo_comp (new)  : 1||letra_comp (new)  : 1||nro_comp (new)  : 000400001228||apeynom (new)  : SEVENTY||cuit (new)  : 23052599989||cuit_vendedor (new)  : 20122006558||concepto (new)  : COMPRA||neto (new)  : 179700.00||no_gravado (new)  : 0||exentas (new)  : 0||iva_descrim (new)  : 37737.00||acrec_descrim (new)  : 0||ret_perc (new)  : 0||cred_fiscal (new)  : 0||total_ope (new)  : 217437.00||pcia (new)  : 01||cliweb (new)  : 1||tipo_doc (new)  : 80||iva_105 (new)  : 0||iva_27 (new)  : 0||imp_iibb (new)  : 0'),(156706,'2025-05-04 15:22:12','admin','form_compras','Scriptcase','190.175.154.82','insert','--> keys <-- id : 891||--> fields <-- fecha_comp (new)  : 2025-03-31||periodo_fiscal (new)  : 2025-04-01||tipo_comp (new)  : 1||letra_comp (new)  : 1||nro_comp (new)  : 002800076284||apeynom (new)  : HUAPI-TANNERY||cuit (new)  : 23052599989||cuit_vendedor (new)  : 30599904596||concepto (new)  : COMPRA||neto (new)  : 1392000.00||no_gravado (new)  : 0||exentas (new)  : 0||iva_descrim (new)  : 292320.00||acrec_descrim (new)  : 0||ret_perc (new)  : 0||cred_fiscal (new)  : 0||total_ope (new)  : 1684320.00||pcia (new)  : 03||cliweb (new)  : 1||tipo_doc (new)  : 80||iva_105 (new)  : 0||iva_27 (new)  : 0||imp_iibb (new)  : 0'),(156707,'2025-05-04 15:24:15','admin','form_compras','Scriptcase','190.175.154.82','insert','--> keys <-- id : 892||--> fields <-- fecha_comp (new)  : 2025-03-11||periodo_fiscal (new)  : 2025-04-01||tipo_comp (new)  : 1||letra_comp (new)  : 1||nro_comp (new)  : 005900068950||apeynom (new)  : MONTAGNE||cuit (new)  : 23052599989||cuit_vendedor (new)  : 30522982225||concepto (new)  : COMPRA||neto (new)  : 219770.58||no_gravado (new)  : 0||exentas (new)  : 0||iva_descrim (new)  : 46151.82||acrec_descrim (new)  : 0||ret_perc (new)  : 0||cred_fiscal (new)  : 0||total_ope (new)  : 265922.40||pcia (new)  : 01||cliweb (new)  : 1||tipo_doc (new)  : 80||iva_105 (new)  : 0||iva_27 (new)  : 0||imp_iibb (new)  : 0'),(156708,'2025-05-04 15:39:04','admin','form_compras','Scriptcase','190.182.212.98','insert','--> keys <-- id : 893||--> fields <-- fecha_comp (new)  : 2025-03-04||periodo_fiscal (new)  : 2025-04-01||tipo_comp (new)  : 1||letra_comp (new)  : 1||nro_comp (new)  : 000900022281||apeynom (new)  : YPF||cuit (new)  : 23052599989||cuit_vendedor (new)  : 30716871416||concepto (new)  : COMPRA||neto (new)  : 37943.63||no_gravado (new)  : 0||exentas (new)  : 0||iva_descrim (new)  : 7968.16||acrec_descrim (new)  : 0||ret_perc (new)  : 9104.46||cred_fiscal (new)  : 0||total_ope (new)  : 55016.25||pcia (new)  : 01||cliweb (new)  : 1||tipo_doc (new)  : 80||iva_105 (new)  : 0||iva_27 (new)  : 0||imp_iibb (new)  : 0'),(156709,'2025-05-04 15:40:58','admin','form_compras','Scriptcase','190.182.212.98','insert','--> keys <-- id : 894||--> fields <-- fecha_comp (new)  : 2025-04-04||periodo_fiscal (new)  : 2025-04-01||tipo_comp (new)  : 1||letra_comp (new)  : 1||nro_comp (new)  : 001100121870||apeynom (new)  : FAMYL||cuit (new)  : 23052599989||cuit_vendedor (new)  : 30589486648||concepto (new)  : COMPRA||neto (new)  : 206916.74||no_gravado (new)  : 0||exentas (new)  : 0||iva_descrim (new)  : 21726.26||acrec_descrim (new)  : 0||ret_perc (new)  : 0||cred_fiscal (new)  : 0||total_ope (new)  : 228643.00||pcia (new)  : 01||cliweb (new)  : 1||tipo_doc (new)  : 80||iva_105 (new)  : 0||iva_27 (new)  : 0||imp_iibb (new)  : 0'),(156710,'2025-05-04 15:43:05','admin','form_compras','Scriptcase','190.182.212.98','insert','--> keys <-- id : 895||--> fields <-- fecha_comp (new)  : 2025-03-25||periodo_fiscal (new)  : 2025-04-01||tipo_comp (new)  : 1||letra_comp (new)  : 1||nro_comp (new)  : 000100005054||apeynom (new)  : CALZADOS CAPASSO||cuit (new)  : 23052599989||cuit_vendedor (new)  : 33716443219||concepto (new)  : COMPRA||neto (new)  : 351920.00||no_gravado (new)  : 0||exentas (new)  : 0||iva_descrim (new)  : 73903.20||acrec_descrim (new)  : 0||ret_perc (new)  : 0||cred_fiscal (new)  : 0||total_ope (new)  : 425823.20||pcia (new)  : 01||cliweb (new)  : 1||tipo_doc (new)  : 80||iva_105 (new)  : 0||iva_27 (new)  : 0||imp_iibb (new)  : 0'),(156711,'2025-05-04 15:45:02','admin','grid_compras','Scriptcase','190.182.212.98','access',''),(156712,'2025-05-04 15:46:21','admin','form_compras','Scriptcase','190.182.212.98','access',''),(156713,'2025-05-04 15:48:04','admin','form_compras','Scriptcase','190.182.212.98','insert','--> keys <-- id : 896||--> fields <-- fecha_comp (new)  : 2025-03-07||periodo_fiscal (new)  : 2025-04-01||tipo_comp (new)  : 1||letra_comp (new)  : 1||nro_comp (new)  : 000600001653||apeynom (new)  : VENECIA||cuit (new)  : 23052599989||cuit_vendedor (new)  : 20045256791||concepto (new)  : COMPRA||neto (new)  : 1052450.00||no_gravado (new)  : 0||exentas (new)  : 0||iva_descrim (new)  : 221014.50||acrec_descrim (new)  : 0||ret_perc (new)  : 0||cred_fiscal (new)  : 0||total_ope (new)  : 1273464.50||pcia (new)  : 01||cliweb (new)  : 1||tipo_doc (new)  : 80||iva_105 (new)  : 0||iva_27 (new)  : 0||imp_iibb (new)  : 0'),(156714,'2025-05-04 15:49:54','','app_Login','Scriptcase','190.182.212.98','access',''),(156715,'2025-05-04 15:49:57','admin','app_logged','Scriptcase','190.182.212.98','access',''),(156716,'2025-05-04 15:49:58','admin','app_logged','User','190.182.212.98','login','¡Ingresado en el sistema!'),(156717,'2025-05-04 15:49:59','admin','app_menu','Scriptcase','190.182.212.98','access',''),(156718,'2025-05-05 01:55:44','','app_Login','Scriptcase','196.117.223.135','access',''),(156719,'2025-05-05 01:55:47','','app_Login','Scriptcase','196.117.223.135','access',''),(156720,'2025-05-05 09:18:43','','app_Login','Scriptcase','142.93.152.255','access',''),(156721,'2025-05-05 16:38:07','','app_Login','Scriptcase','190.175.134.0','access',''),(156722,'2025-05-05 16:38:11','carsi','app_logged','Scriptcase','190.175.134.0','access',''),(156723,'2025-05-05 16:38:15','carsi','app_logged','User','190.175.134.0','login','¡Ingresado en el sistema!'),(156724,'2025-05-05 16:38:16','carsi','app_menu','Scriptcase','190.175.134.0','access',''),(156725,'2025-05-05 16:38:20','carsi','grid_ventas_carci','Scriptcase','190.175.134.0','access',''),(156726,'2025-05-05 16:38:25','carsi','form_facturas_carci','Scriptcase','190.175.134.0','access',''),(156727,'2025-05-05 16:38:28','carsi','form_factura_detalle','Scriptcase','190.175.134.0','access',''),(156728,'2025-05-05 16:38:41','carsi','grid_ventas_carci','Scriptcase','190.175.134.0','access',''),(156729,'2025-05-05 17:53:24','','grid_ventas_carci','Scriptcase','190.175.134.0','access',''),(156730,'2025-05-05 17:53:32','','app_Login','Scriptcase','190.175.134.0','access',''),(156731,'2025-05-05 17:53:36','carsi','app_logged','Scriptcase','190.175.134.0','access',''),(156732,'2025-05-05 17:53:38','carsi','app_logged','User','190.175.134.0','login','¡Ingresado en el sistema!'),(156733,'2025-05-05 17:53:38','carsi','app_menu','Scriptcase','190.175.134.0','access',''),(156734,'2025-05-05 17:53:44','carsi','grid_ventas_carci','Scriptcase','190.175.134.0','access',''),(156735,'2025-05-05 18:43:06','','app_Login','Scriptcase','190.175.134.0','access',''),(156736,'2025-05-05 18:43:09','admin','app_logged','Scriptcase','190.175.134.0','access',''),(156737,'2025-05-05 18:43:11','admin','app_logged','User','190.175.134.0','login','¡Ingresado en el sistema!'),(156738,'2025-05-05 18:43:12','admin','app_menu','Scriptcase','190.175.134.0','access',''),(156739,'2025-05-05 18:43:16','admin','grid_articulos','Scriptcase','190.175.134.0','access',''),(156740,'2025-05-05 18:43:47','admin','form_articulos','Scriptcase','190.175.134.0','access',''),(156741,'2025-05-05 18:44:38','admin','form_tipos_lista_precios','Scriptcase','190.175.134.0','access',''),(156742,'2025-05-05 18:44:46','admin','form_tipos_lista_precios','Scriptcase','190.175.134.0','update','--> keys <-- id : 1||--> fields <-- porc_margen (old)  : 130.00||porc_margen (new)  : 63.00'),(156743,'2025-05-05 18:46:03','admin','form_tipos_lista_precios','Scriptcase','190.175.134.0','access',''),(156744,'2025-05-05 18:46:12','admin','form_tipos_lista_precios','Scriptcase','190.175.134.0','update','--> keys <-- id : 1||--> fields <-- porc_margen (old)  : 63.00||porc_margen (new)  : 70.00'),(156745,'2025-05-05 18:46:22','admin','form_articulos','Scriptcase','190.175.134.0','update','--> keys <-- mar_id : 72||rbro_id : 2||id : 2560||id_temp : 1||--> fields <-- precio_costo (old)  : 13995.00||precio_costo (new)  : 39995.00||precio_final_compra (old)  : 13995.00||precio_final_compra (new)  : 39995.00||Precio_ctdo (old)  : 66500.00||Precio_ctdo (new)  : 68000.00||Precio_cta_cte (old)  : 73150.00||Precio_cta_cte (new)  : 74800.00||Precio_tarjeta (old)  : 80470.00||Precio_tarjeta (new)  : 82300.00||mctdo (old)  : 130.00||mctdo (new)  : 70.00'),(156746,'2025-05-05 18:46:24','admin','grid_articulos','Scriptcase','190.175.134.0','access',''),(156747,'2025-05-05 18:46:33','admin','form_articulos','Scriptcase','190.175.134.0','access',''),(156748,'2025-05-05 18:47:23','admin','form_articulos','Scriptcase','190.175.134.0','update','--> keys <-- mar_id : 72||rbro_id : 3||id : 2700||id_temp : 1||--> fields <-- precio_costo (old)  : 14995.00||precio_costo (new)  : 39995.00||precio_final_compra (old)  : 14995.00||precio_final_compra (new)  : 39995.00||Precio_ctdo (old)  : 69850.00||Precio_ctdo (new)  : 68000.00||Precio_cta_cte (old)  : 76835.00||Precio_cta_cte (new)  : 74800.00||Precio_tarjeta (old)  : 84520.00||Precio_tarjeta (new)  : 82300.00||mctdo (old)  : 130.00||mctdo (new)  : 70.00'),(156749,'2025-05-05 18:47:26','admin','grid_articulos','Scriptcase','190.175.134.0','access',''),(156750,'2025-05-05 18:47:31','admin','form_tipos_lista_precios','Scriptcase','190.175.134.0','access',''),(156751,'2025-05-05 18:47:40','admin','form_tipos_lista_precios','Scriptcase','190.175.134.0','update','--> keys <-- id : 1||--> fields <-- porc_margen (old)  : 70.00||porc_margen (new)  : 69.00'),(156752,'2025-05-05 18:47:52','admin','form_articulos','Scriptcase','190.175.134.0','access',''),(156753,'2025-05-05 18:48:45','admin','form_articulos','Scriptcase','190.175.134.0','update','--> keys <-- mar_id : 72||rbro_id : 3||id : 2700||id_temp : 1||--> fields <-- Precio_ctdo (old)  : 68000.00||Precio_ctdo (new)  : 67800.00||Precio_cta_cte (old)  : 74800.00||Precio_cta_cte (new)  : 74600.00||Precio_tarjeta (old)  : 82300.00||Precio_tarjeta (new)  : 82100.00'),(156754,'2025-05-05 18:48:48','admin','grid_articulos','Scriptcase','190.175.134.0','access',''),(156755,'2025-05-05 18:49:19','admin','form_articulos','Scriptcase','190.175.134.0','access',''),(156756,'2025-05-05 18:49:27','admin','form_articulos','Scriptcase','190.175.134.0','update','--> keys <-- mar_id : 72||rbro_id : 2||id : 2560||id_temp : 1||--> fields <-- Precio_ctdo (old)  : 68000.00||Precio_ctdo (new)  : 67800.00||Precio_cta_cte (old)  : 74800.00||Precio_cta_cte (new)  : 74600.00||Precio_tarjeta (old)  : 82300.00||Precio_tarjeta (new)  : 82100.00'),(156757,'2025-05-05 18:49:29','admin','grid_articulos','Scriptcase','190.175.134.0','access',''),(156758,'2025-05-05 18:49:56','admin','form_articulos','Scriptcase','190.175.134.0','access',''),(156759,'2025-05-05 18:51:34','admin','form_articulos','Scriptcase','190.175.134.0','insert','--> keys <-- mar_id : 72||rbro_id : 25||id : 3000||id_temp : 1||--> fields <-- descripcion (new)  : CAMPERA PIEL C-CAPUCHA||cod_barra_origen (new)  : ||cod_barra_local (new)  : ||fecha_baja (new)  : null||precio_costo (new)  : 42495.00||precio_iva (new)  : 0||tasa_id (new)  : 0||id_tpu (new)  : 2||precio_final_compra (new)  : 42495.00||Precio_ctdo (new)  : 78000.00||Precio_cta_cte (new)  : 85800.00||Precio_tarjeta (new)  : 94400.00||Precio_oferta (new)  : 0||mctdo (new)  : 69.00||mctacte (new)  : 10.00||motro (new)  : 10.00'),(156760,'2025-05-05 18:52:41','admin','form_articulos','Scriptcase','190.175.134.0','insert','--> keys <-- mar_id : 72||rbro_id : 25||id : 3001||id_temp : 19||--> fields <-- descripcion (new)  : CANGURO LISO FRIZA||cod_barra_origen (new)  : ||cod_barra_local (new)  : ||fecha_baja (new)  : null||precio_costo (new)  : 32495.00||precio_iva (new)  : 0||tasa_id (new)  : 0||id_tpu (new)  : 2||precio_final_compra (new)  : 32495.00||Precio_ctdo (new)  : 55400.00||Precio_cta_cte (new)  : 60900.00||Precio_tarjeta (new)  : 67000.00||Precio_oferta (new)  : 0||mctdo (new)  : 69.00||mctacte (new)  : 10.00||motro (new)  : 10.00'),(156761,'2025-05-05 18:54:29','admin','form_articulos','Scriptcase','190.175.134.0','insert','--> keys <-- mar_id : 72||rbro_id : 1||id : 4000||id_temp : 1||--> fields <-- descripcion (new)  : M-L GABARDINA 2 BOLSILLOS LISA||cod_barra_origen (new)  : ||cod_barra_local (new)  : ||fecha_baja (new)  : null||precio_costo (new)  : 39995.00||precio_iva (new)  : 0||tasa_id (new)  : 0||id_tpu (new)  : 2||precio_final_compra (new)  : 39995.00||Precio_ctdo (new)  : 67800.00||Precio_cta_cte (new)  : 74600.00||Precio_tarjeta (new)  : 82100.00||Precio_oferta (new)  : 0||mctdo (new)  : 69.00||mctacte (new)  : 10.00||motro (new)  : 10.00'),(156762,'2025-05-05 18:56:39','admin','form_articulos','Scriptcase','190.175.134.0','insert','--> keys <-- mar_id : 72||rbro_id : 5||id : 5000||id_temp : 1||--> fields <-- descripcion (new)  : M-CORTA JERSEY CUELLO CAMISA||cod_barra_origen (new)  : ||cod_barra_local (new)  : ||fecha_baja (new)  : null||precio_costo (new)  : 22495.00||precio_iva (new)  : 0||tasa_id (new)  : 0||id_tpu (new)  : 2||precio_final_compra (new)  : 22495.00||Precio_ctdo (new)  : 42700.00||Precio_cta_cte (new)  : 47000.00||Precio_tarjeta (new)  : 51700.00||Precio_oferta (new)  : 0||mctdo (new)  : 69.00||mctacte (new)  : 10.00||motro (new)  : 10.00'),(156763,'2025-05-05 18:58:04','admin','form_articulos','Scriptcase','190.175.134.0','insert','--> keys <-- mar_id : 72||rbro_id : 4||id : 6000||id_temp : 1||--> fields <-- descripcion (new)  : M-CORTA BASICA LISA||cod_barra_origen (new)  : ||cod_barra_local (new)  : ||fecha_baja (new)  : null||precio_costo (new)  : 14995.00||precio_iva (new)  : 0||tasa_id (new)  : 0||id_tpu (new)  : 2||precio_final_compra (new)  : 14995.00||Precio_ctdo (new)  : 25500.00||Precio_cta_cte (new)  : 28100.00||Precio_tarjeta (new)  : 30900.00||Precio_oferta (new)  : 0||mctdo (new)  : 69.00||mctacte (new)  : 10.00||motro (new)  : 10.00'),(156764,'2025-05-05 18:59:13','admin','form_articulos','Scriptcase','190.175.134.0','insert','--> keys <-- mar_id : 72||rbro_id : 23||id : 900||id_temp : 1||--> fields <-- descripcion (new)  : MEDIAS CORTAS||cod_barra_origen (new)  : ||cod_barra_local (new)  : ||fecha_baja (new)  : null||precio_costo (new)  : 4745.00||precio_iva (new)  : 0||tasa_id (new)  : 0||id_tpu (new)  : 2||precio_final_compra (new)  : 4745.00||Precio_ctdo (new)  : 8000.00||Precio_cta_cte (new)  : 8800.00||Precio_tarjeta (new)  : 9700.00||Precio_oferta (new)  : 0||mctdo (new)  : 69.00||mctacte (new)  : 10.00||motro (new)  : 10.00'),(156765,'2025-05-05 18:59:19','admin','grid_articulos','Scriptcase','190.175.134.0','access',''),(156766,'2025-05-05 19:01:12','admin','form_articulos','Scriptcase','190.175.134.0','access',''),(156767,'2025-05-05 19:02:06','admin','form_articulos','Scriptcase','190.175.134.0','insert','--> keys <-- mar_id : 72||rbro_id : 25||id : 3001||id_temp : 1||--> fields <-- descripcion (new)  : CANGURO LISO FRIZA||cod_barra_origen (new)  : ||cod_barra_local (new)  : ||fecha_baja (new)  : null||precio_costo (new)  : 32495.00||precio_iva (new)  : 0||tasa_id (new)  : 0||id_tpu (new)  : 2||precio_final_compra (new)  : 32495.00||Precio_ctdo (new)  : 55400.00||Precio_cta_cte (new)  : 60900.00||Precio_tarjeta (new)  : 67000.00||Precio_oferta (new)  : 0||mctdo (new)  : 69.00||mctacte (new)  : 10.00||motro (new)  : 10.00'),(156768,'2025-05-05 19:02:11','admin','grid_articulos','Scriptcase','190.175.134.0','access',''),(156769,'2025-05-05 19:05:37','admin','grid_articulos','Scriptcase','190.175.134.0','access',''),(156770,'2025-05-05 19:06:48','admin','form_articulos','Scriptcase','190.175.134.0','access',''),(156771,'2025-05-05 19:06:57','admin','form_tipos_lista_precios','Scriptcase','190.175.134.0','access',''),(156772,'2025-05-05 19:07:06','admin','form_tipos_lista_precios','Scriptcase','190.175.134.0','update','--> keys <-- id : 1||--> fields <-- porc_margen (old)  : 69.00||porc_margen (new)  : 140.00'),(156773,'2025-05-05 19:09:12','admin','grid_articulos','Scriptcase','190.175.134.0','access',''),(156774,'2025-05-05 19:09:34','admin','form_tipos_lista_precios','Scriptcase','190.175.134.0','access',''),(156775,'2025-05-05 19:09:46','admin','form_articulos','Scriptcase','190.175.134.0','access',''),(156776,'2025-05-05 19:09:58','admin','form_articulos','Scriptcase','190.175.134.0','update','--> keys <-- mar_id : 33||rbro_id : 4||id : 1663||id_temp : 1||--> fields <-- Precio_ctdo (old)  : 23500.00||Precio_ctdo (new)  : 25800.00||Precio_cta_cte (old)  : 25900.00||Precio_cta_cte (new)  : 28400.00||Precio_tarjeta (old)  : 28500.00||Precio_tarjeta (new)  : 31200.00'),(156777,'2025-05-05 19:10:00','admin','grid_articulos','Scriptcase','190.175.134.0','access',''),(156778,'2025-05-05 19:10:11','admin','form_articulos','Scriptcase','190.175.134.0','access',''),(156779,'2025-05-05 19:11:43','admin','form_articulos','Scriptcase','190.175.134.0','update','--> keys <-- mar_id : 33||rbro_id : 4||id : 1700||id_temp : 1||--> fields <-- precio_costo (old)  : 7300.00||precio_costo (new)  : 7900.00||precio_final_compra (old)  : 7300.00||precio_final_compra (new)  : 7900.00||Precio_ctdo (old)  : 21900.00||Precio_ctdo (new)  : 19980.00||Precio_cta_cte (old)  : 24100.00||Precio_cta_cte (new)  : 22000.00||Precio_tarjeta (old)  : 26500.00||Precio_tarjeta (new)  : 24200.00'),(156780,'2025-05-05 19:11:44','admin','grid_articulos','Scriptcase','190.175.134.0','access',''),(156781,'2025-05-05 19:13:17','admin','form_articulos','Scriptcase','190.175.134.0','access',''),(156782,'2025-05-05 19:14:33','admin','form_articulos','Scriptcase','190.175.134.0','update','--> keys <-- mar_id : 33||rbro_id : 6||id : 1446||id_temp : 1||--> fields <-- descripcion (old)  : CAMPERA CIERRE LAMSWOOL||descripcion (new)  : CAMPERA CIERRE HILO IMP.||precio_costo (old)  : 28900.00||precio_costo (new)  : 27900.00||precio_final_compra (old)  : 28900.00||precio_final_compra (new)  : 27900.00||Precio_ctdo (old)  : 72500.00||Precio_ctdo (new)  : 67800.00||Precio_cta_cte (old)  : 79800.00||Precio_cta_cte (new)  : 74600.00||Precio_tarjeta (old)  : 87800.00||Precio_tarjeta (new)  : 82100.00'),(156783,'2025-05-05 19:14:36','admin','grid_articulos','Scriptcase','190.175.134.0','access',''),(156784,'2025-05-05 19:15:01','admin','form_articulos','Scriptcase','190.175.134.0','access',''),(156785,'2025-05-05 19:15:20','admin','form_articulos','Scriptcase','190.175.134.0','update','--> keys <-- mar_id : 33||rbro_id : 1||id : 1347||id_temp : 1||--> fields <-- precio_costo (old)  : 25990.00||precio_costo (new)  : 25980.00||precio_final_compra (old)  : 25990.00||precio_final_compra (new)  : 25980.00||Precio_ctdo (old)  : 64900.00||Precio_ctdo (new)  : 63500.00||Precio_cta_cte (old)  : 71400.00||Precio_cta_cte (new)  : 69900.00||Precio_tarjeta (old)  : 78500.00||Precio_tarjeta (new)  : 76900.00'),(156786,'2025-05-05 19:15:22','admin','grid_articulos','Scriptcase','190.175.134.0','access',''),(156787,'2025-05-05 19:15:57','admin','form_articulos','Scriptcase','190.175.134.0','access',''),(156788,'2025-05-05 19:16:19','admin','form_articulos','Scriptcase','190.175.134.0','update','--> keys <-- mar_id : 33||rbro_id : 25||id : 1223||id_temp : 1||--> fields <-- Precio_ctdo (old)  : 48500.00||Precio_ctdo (new)  : 47900.00||Precio_cta_cte (old)  : 53400.00||Precio_cta_cte (new)  : 52700.00||Precio_tarjeta (old)  : 58700.00||Precio_tarjeta (new)  : 58000.00'),(156789,'2025-05-05 19:16:21','admin','grid_articulos','Scriptcase','190.175.134.0','access',''),(156790,'2025-05-06 02:50:20','','app_Login','Scriptcase','185.247.137.16','access',''),(156791,'2025-05-06 12:21:49','','app_Login','Scriptcase','93.123.109.101','access',''),(156792,'2025-05-06 13:52:30','','app_Login_mob','Scriptcase','43.130.139.136','access',''),(156793,'2025-05-06 17:23:55','','app_Login_mob','Scriptcase','43.130.78.203','access',''),(156794,'2025-05-06 19:01:41','','app_Login','Scriptcase','190.175.142.64','access',''),(156795,'2025-05-06 19:01:45','carsi','app_logged','Scriptcase','190.175.142.64','access',''),(156796,'2025-05-06 19:01:47','carsi','app_logged','User','190.175.142.64','login','¡Ingresado en el sistema!'),(156797,'2025-05-06 19:01:48','carsi','app_menu','Scriptcase','190.175.142.64','access',''),(156798,'2025-05-06 19:05:00','carsi','grid_ventas_carci','Scriptcase','190.175.142.64','access',''),(156799,'2025-05-07 00:01:57','','app_Login','Scriptcase','45.144.113.45','access',''),(156800,'2025-05-07 00:02:01','','app_Login','Scriptcase','45.144.113.45','access',''),(156801,'2025-05-07 09:12:51','','app_Login','Scriptcase','165.22.238.10','access',''),(156802,'2025-05-07 10:44:28','','app_Login','Scriptcase','190.175.145.111','access',''),(156803,'2025-05-07 10:44:39','carsi','app_logged','Scriptcase','190.175.145.111','access',''),(156804,'2025-05-07 10:44:42','carsi','app_logged','User','190.175.145.111','login','¡Ingresado en el sistema!'),(156805,'2025-05-07 10:44:42','carsi','app_menu','Scriptcase','190.175.145.111','access',''),(156806,'2025-05-07 10:44:46','carsi','grid_ventas_carci','Scriptcase','190.175.145.111','access',''),(156807,'2025-05-07 10:44:49','carsi','form_facturas_carci','Scriptcase','190.175.145.111','access',''),(156808,'2025-05-07 10:44:58','carsi','form_factura_detalle','Scriptcase','190.175.145.111','access',''),(156809,'2025-05-07 10:45:09','carsi','grid_ventas_carci','Scriptcase','190.175.145.111','access',''),(156810,'2025-05-07 13:50:56','','app_Login','Scriptcase','119.156.228.177','access',''),(156811,'2025-05-07 14:46:29','','app_Login','Scriptcase','137.184.167.92','access',''),(156812,'2025-05-07 15:42:02','','app_Login','Scriptcase','190.175.145.111','access',''),(156813,'2025-05-07 15:42:57','','app_Login','Scriptcase','190.175.145.111','access',''),(156814,'2025-05-07 15:43:00','admin','app_logged','Scriptcase','190.175.145.111','access',''),(156815,'2025-05-07 15:43:02','admin','app_logged','User','190.175.145.111','login','¡Ingresado en el sistema!'),(156816,'2025-05-07 15:43:03','admin','app_menu','Scriptcase','190.175.145.111','access',''),(156817,'2025-05-07 15:43:06','admin','grid_articulos','Scriptcase','190.175.145.111','access',''),(156818,'2025-05-07 15:43:18','admin','form_tipos_lista_precios','Scriptcase','190.175.145.111','access',''),(156819,'2025-05-07 15:43:27','admin','form_tipos_lista_precios','Scriptcase','190.175.145.111','update','--> keys <-- id : 1||--> fields <-- porc_margen (old)  : 140.00||porc_margen (new)  : 120.00'),(156820,'2025-05-07 15:43:44','admin','form_tipos_lista_precios','Scriptcase','190.175.145.111','access',''),(156821,'2025-05-07 15:43:52','admin','form_tipos_lista_precios','Scriptcase','190.175.145.111','update','--> keys <-- id : 1||--> fields <-- porc_margen (old)  : 120.00||porc_margen (new)  : 121.00'),(156822,'2025-05-07 15:44:25','admin','form_articulos','Scriptcase','190.175.145.111','access',''),(156823,'2025-05-07 15:44:54','admin','form_articulos','Scriptcase','190.175.145.111','update','--> keys <-- mar_id : 27||rbro_id : 23||id : 8016||id_temp : 1||--> fields <-- precio_costo (old)  : 22500.00||precio_costo (new)  : 35000.00||precio_final_compra (old)  : 22500.00||precio_final_compra (new)  : 35000.00||Precio_ctdo (old)  : 49700.00||Precio_ctdo (new)  : 69500.00||Precio_cta_cte (old)  : 54700.00||Precio_cta_cte (new)  : 76500.00||Precio_tarjeta (old)  : 60200.00||Precio_tarjeta (new)  : 84200.00'),(156824,'2025-05-07 15:44:56','admin','grid_articulos','Scriptcase','190.175.145.111','access',''),(156825,'2025-05-07 15:45:12','admin','form_articulos','Scriptcase','190.175.145.111','access',''),(156826,'2025-05-07 15:46:12','admin','form_articulos','Scriptcase','190.175.145.111','insert','--> keys <-- mar_id : 27||rbro_id : 23||id : 8023||id_temp : 1||--> fields <-- descripcion (new)  : RUANA BIFAZ||cod_barra_origen (new)  : ||cod_barra_local (new)  : ||fecha_baja (new)  : null||precio_costo (new)  : 40000.00||precio_iva (new)  : 0||tasa_id (new)  : 0||id_tpu (new)  : 2||precio_final_compra (new)  : 40000.00||Precio_ctdo (new)  : 79800.00||Precio_cta_cte (new)  : 87800.00||Precio_tarjeta (new)  : 96600.00||Precio_oferta (new)  : 0||mctdo (new)  : 121.00||mctacte (new)  : 10.00||motro (new)  : 10.00'),(156827,'2025-05-07 15:46:35','admin','grid_articulos','Scriptcase','190.175.145.111','access',''),(156828,'2025-05-07 15:48:11','admin','form_articulos','Scriptcase','190.175.145.111','access',''),(156829,'2025-05-07 15:48:15','admin','grid_articulos','Scriptcase','190.175.145.111','access',''),(156830,'2025-05-07 15:48:21','admin','form_articulos','Scriptcase','190.175.145.111','access',''),(156831,'2025-05-07 15:48:38','admin','form_articulos','Scriptcase','190.175.145.111','update','--> keys <-- mar_id : 27||rbro_id : 4||id : 7111||id_temp : 1||--> fields <-- precio_costo (old)  : 18000.00||precio_costo (new)  : 20000.00||precio_final_compra (old)  : 18000.00||precio_final_compra (new)  : 20000.00||Precio_ctdo (old)  : 39800.00||Precio_ctdo (new)  : 43900.00||Precio_cta_cte (old)  : 43800.00||Precio_cta_cte (new)  : 48300.00||Precio_tarjeta (old)  : 48200.00||Precio_tarjeta (new)  : 53100.00'),(156832,'2025-05-07 15:48:40','admin','grid_articulos','Scriptcase','190.175.145.111','access',''),(156833,'2025-05-07 15:49:59','admin','form_articulos','Scriptcase','190.175.145.111','access',''),(156834,'2025-05-07 15:50:15','admin','form_articulos','Scriptcase','190.175.145.111','update','--> keys <-- mar_id : 27||rbro_id : 23||id : 8079||id_temp : 1||--> fields <-- precio_costo (old)  : 22500.00||precio_costo (new)  : 35000.00||precio_final_compra (old)  : 22500.00||precio_final_compra (new)  : 35000.00||Precio_ctdo (old)  : 49700.00||Precio_ctdo (new)  : 69800.00||Precio_cta_cte (old)  : 54700.00||Precio_cta_cte (new)  : 76800.00||Precio_tarjeta (old)  : 60200.00||Precio_tarjeta (new)  : 84500.00'),(156835,'2025-05-07 15:50:17','admin','grid_articulos','Scriptcase','190.175.145.111','access',''),(156836,'2025-05-07 15:55:05','admin','form_articulos','Scriptcase','190.175.145.111','access',''),(156837,'2025-05-07 15:55:11','admin','grid_articulos','Scriptcase','190.175.145.111','access',''),(156838,'2025-05-07 15:55:34','admin','form_articulos','Scriptcase','190.175.145.111','access',''),(156839,'2025-05-07 15:56:45','admin','form_articulos','Scriptcase','190.175.145.111','insert','--> keys <-- mar_id : 27||rbro_id : 25||id : 7627||id_temp : 1||--> fields <-- descripcion (new)  : CAMPERA SAM FRIZA C-BOLSILLO||cod_barra_origen (new)  : ||cod_barra_local (new)  : ||fecha_baja (new)  : null||precio_costo (new)  : 65000.00||precio_iva (new)  : 0||tasa_id (new)  : 0||id_tpu (new)  : 2||precio_final_compra (new)  : 65000.00||Precio_ctdo (new)  : 143700.00||Precio_cta_cte (new)  : 158100.00||Precio_tarjeta (new)  : 173900.00||Precio_oferta (new)  : 0||mctdo (new)  : 121.00||mctacte (new)  : 10.00||motro (new)  : 10.00'),(156840,'2025-05-07 15:58:18','admin','form_articulos','Scriptcase','190.175.145.111','insert','--> keys <-- mar_id : 27||rbro_id : 6||id : 1075||id_temp : 1||--> fields <-- descripcion (new)  : ESCOTE RED. LISO LAMBSWOOL||cod_barra_origen (new)  : ||cod_barra_local (new)  : ||fecha_baja (new)  : null||precio_costo (new)  : 65000.00||precio_iva (new)  : 0||tasa_id (new)  : 0||id_tpu (new)  : 2||precio_final_compra (new)  : 65000.00||Precio_ctdo (new)  : 143700.00||Precio_cta_cte (new)  : 158100.00||Precio_tarjeta (new)  : 173900.00||Precio_oferta (new)  : 0||mctdo (new)  : 121.00||mctacte (new)  : 10.00||motro (new)  : 10.00'),(156841,'2025-05-07 15:58:23','admin','grid_articulos','Scriptcase','190.175.145.111','access',''),(156842,'2025-05-07 16:00:59','admin','grid_articulos','Scriptcase','190.175.145.111','access',''),(156843,'2025-05-07 16:03:18','','app_Login','Scriptcase','190.175.145.111','access',''),(156844,'2025-05-07 16:03:20','admin','app_Login','User','190.175.145.111','login','¡Ingresado en el sistema!'),(156845,'2025-05-07 16:03:21','admin','app_menu','Scriptcase','190.175.145.111','access',''),(156846,'2025-05-07 16:03:24','admin','grid_articulos','Scriptcase','190.175.145.111','access',''),(156847,'2025-05-07 16:04:08','admin','grid_articulos','Scriptcase','190.175.145.111','access',''),(156848,'2025-05-07 16:06:10','','app_Login','Scriptcase','190.175.145.111','access',''),(156849,'2025-05-07 18:05:29','','app_Login','Scriptcase','190.175.145.111','access',''),(156850,'2025-05-07 18:05:33','carsi','app_logged','Scriptcase','190.175.145.111','access',''),(156851,'2025-05-07 18:05:35','carsi','app_logged','User','190.175.145.111','login','¡Ingresado en el sistema!'),(156852,'2025-05-07 18:05:35','carsi','app_menu','Scriptcase','190.175.145.111','access',''),(156853,'2025-05-07 18:05:39','carsi','grid_ventas_carci','Scriptcase','190.175.145.111','access',''),(156854,'2025-05-07 18:05:42','carsi','form_facturas_carci','Scriptcase','190.175.145.111','access',''),(156855,'2025-05-07 18:06:01','carsi','form_factura_detalle','Scriptcase','190.175.145.111','access',''),(156856,'2025-05-07 18:06:21','carsi','grid_ventas_carci','Scriptcase','190.175.145.111','access',''),(156857,'2025-05-07 18:40:22','','app_Login','Scriptcase','190.175.145.111','access',''),(156858,'2025-05-07 18:40:25','carsi','app_logged','Scriptcase','190.175.145.111','access',''),(156859,'2025-05-07 18:40:27','carsi','app_logged','User','190.175.145.111','login','¡Ingresado en el sistema!'),(156860,'2025-05-07 18:40:28','carsi','app_menu','Scriptcase','190.175.145.111','access',''),(156861,'2025-05-07 18:40:31','carsi','grid_ventas_carci','Scriptcase','190.175.145.111','access',''),(156862,'2025-05-07 18:40:37','carsi','form_facturas_carci','Scriptcase','190.175.145.111','access',''),(156863,'2025-05-07 18:40:46','carsi','form_factura_detalle','Scriptcase','190.175.145.111','access',''),(156864,'2025-05-07 18:41:01','carsi','grid_ventas_carci','Scriptcase','190.175.145.111','access',''),(156865,'2025-05-07 19:57:57','','grid_ventas_carci','Scriptcase','190.175.145.111','access',''),(156866,'2025-05-07 21:08:27','','app_Login','Scriptcase','102.215.57.47','access',''),(156867,'2025-05-07 21:08:27','','app_Login','Scriptcase','102.215.57.47','access',''),(156868,'2025-05-08 05:04:17','','app_Login','Scriptcase','159.89.172.187','access',''),(156869,'2025-05-08 07:30:17','','app_Login','Scriptcase','71.6.134.234','access',''),(156870,'2025-05-08 19:46:29','','app_Login','Scriptcase','190.175.147.201','access',''),(156871,'2025-05-08 19:46:35','carsi','app_logged','Scriptcase','190.175.147.201','access',''),(156872,'2025-05-08 19:46:38','carsi','app_logged','User','190.175.147.201','login','¡Ingresado en el sistema!'),(156873,'2025-05-08 19:46:38','carsi','app_menu','Scriptcase','190.175.147.201','access',''),(156874,'2025-05-08 19:46:44','carsi','grid_ventas_carci','Scriptcase','190.175.147.201','access',''),(156875,'2025-05-08 19:47:01','carsi','form_facturas_carci','Scriptcase','190.175.147.201','access',''),(156876,'2025-05-08 19:47:06','carsi','form_factura_detalle','Scriptcase','190.175.147.201','access',''),(156877,'2025-05-08 19:47:25','carsi','grid_ventas_carci','Scriptcase','190.175.147.201','access',''),(156878,'2025-05-08 19:48:15','','app_Login','Scriptcase','190.175.147.201','access',''),(156879,'2025-05-09 11:49:57','','app_Login','Scriptcase','45.38.44.252','access',''),(156880,'2025-05-09 18:01:48','','app_Login','Scriptcase','190.175.155.214','access',''),(156881,'2025-05-09 18:01:57','carsi','app_Login','User','190.175.155.214','login','¡Ingresado en el sistema!'),(156882,'2025-05-09 18:01:57','carsi','app_menu','Scriptcase','190.175.155.214','access',''),(156883,'2025-05-09 18:02:01','carsi','grid_ventas_carci','Scriptcase','190.175.155.214','access',''),(156884,'2025-05-09 18:02:03','carsi','form_facturas_carci','Scriptcase','190.175.155.214','access',''),(156885,'2025-05-09 18:02:08','carsi','form_factura_detalle','Scriptcase','190.175.155.214','access',''),(156886,'2025-05-09 18:02:22','carsi','grid_ventas_carci','Scriptcase','190.175.155.214','access',''),(156887,'2025-05-10 01:04:42','','app_Login','Scriptcase','198.235.24.6','access',''),(156888,'2025-05-10 10:49:23','','app_Login','Scriptcase','190.175.155.214','access',''),(156889,'2025-05-10 10:49:27','carsi','app_logged','Scriptcase','190.175.155.214','access',''),(156890,'2025-05-10 10:49:29','carsi','app_logged','User','190.175.155.214','login','¡Ingresado en el sistema!'),(156891,'2025-05-10 10:49:29','carsi','app_menu','Scriptcase','190.175.155.214','access',''),(156892,'2025-05-10 10:49:34','carsi','grid_ventas_carci','Scriptcase','190.175.155.214','access',''),(156893,'2025-05-10 10:49:39','carsi','form_facturas_carci','Scriptcase','190.175.155.214','access',''),(156894,'2025-05-10 10:49:50','carsi','form_factura_detalle','Scriptcase','190.175.155.214','access',''),(156895,'2025-05-10 10:50:01','carsi','grid_ventas_carci','Scriptcase','190.175.155.214','access',''),(156896,'2025-05-10 11:00:15','carsi','form_facturas_carci','Scriptcase','190.175.155.214','access',''),(156897,'2025-05-10 11:00:19','carsi','form_factura_detalle','Scriptcase','190.175.155.214','access',''),(156898,'2025-05-10 11:00:32','carsi','grid_ventas_carci','Scriptcase','190.175.155.214','access',''),(156899,'2025-05-10 12:00:07','','grid_ventas_carci','Scriptcase','190.175.155.214','access',''),(156900,'2025-05-10 17:05:54','','app_Login','Scriptcase','190.175.155.214','access',''),(156901,'2025-05-10 17:05:59','carsi','app_logged','Scriptcase','190.175.155.214','access',''),(156902,'2025-05-10 17:06:01','carsi','app_logged','User','190.175.155.214','login','¡Ingresado en el sistema!'),(156903,'2025-05-10 17:06:01','carsi','app_menu','Scriptcase','190.175.155.214','access',''),(156904,'2025-05-10 17:06:04','carsi','grid_ventas_carci','Scriptcase','190.175.155.214','access',''),(156905,'2025-05-10 17:06:15','carsi','form_facturas_carci','Scriptcase','190.175.155.214','access',''),(156906,'2025-05-10 17:06:51','carsi','form_factura_detalle','Scriptcase','190.175.155.214','access',''),(156907,'2025-05-10 17:07:05','carsi','grid_ventas_carci','Scriptcase','190.175.155.214','access',''),(156908,'2025-05-10 17:47:43','','grid_ventas_carci','Scriptcase','190.175.155.214','access',''),(156909,'2025-05-10 17:47:48','','app_Login','Scriptcase','190.175.155.214','access',''),(156910,'2025-05-10 17:47:53','carsi','app_logged','Scriptcase','190.175.155.214','access',''),(156911,'2025-05-10 17:47:55','carsi','app_logged','User','190.175.155.214','login','¡Ingresado en el sistema!'),(156912,'2025-05-10 17:47:55','carsi','app_menu','Scriptcase','190.175.155.214','access',''),(156913,'2025-05-10 17:48:00','carsi','grid_ventas_carci','Scriptcase','190.175.155.214','access',''),(156914,'2025-05-10 18:33:32','carsi','form_facturas_carci','Scriptcase','190.175.155.214','access',''),(156915,'2025-05-10 18:33:44','carsi','form_factura_detalle','Scriptcase','190.175.155.214','access',''),(156916,'2025-05-10 18:33:57','carsi','grid_ventas_carci','Scriptcase','190.175.155.214','access',''),(156917,'2025-05-10 18:40:57','carsi','form_facturas_carci','Scriptcase','190.175.155.214','access',''),(156918,'2025-05-10 18:41:00','carsi','form_factura_detalle','Scriptcase','190.175.155.214','access',''),(156919,'2025-05-10 18:41:12','carsi','grid_ventas_carci','Scriptcase','190.175.155.214','access',''),(156920,'2025-05-10 18:54:20','carsi','form_facturas_carci','Scriptcase','190.175.155.214','access',''),(156921,'2025-05-10 18:54:24','carsi','form_factura_detalle','Scriptcase','190.175.155.214','access',''),(156922,'2025-05-10 18:54:40','carsi','grid_ventas_carci','Scriptcase','190.175.155.214','access',''),(156923,'2025-05-10 20:14:24','','app_Login','Scriptcase','190.175.155.214','access',''),(156924,'2025-05-10 20:14:33','carsi','app_logged','Scriptcase','190.175.155.214','access',''),(156925,'2025-05-10 20:14:37','carsi','app_logged','User','190.175.155.214','login','¡Ingresado en el sistema!'),(156926,'2025-05-10 20:14:37','carsi','app_menu','Scriptcase','190.175.155.214','access',''),(156927,'2025-05-10 20:14:41','carsi','grid_ventas_carci','Scriptcase','190.175.155.214','access',''),(156928,'2025-05-10 20:14:42','carsi','form_facturas_carci','Scriptcase','190.175.155.214','access',''),(156929,'2025-05-10 20:14:52','carsi','form_factura_detalle','Scriptcase','190.175.155.214','access',''),(156930,'2025-05-10 20:15:08','carsi','grid_ventas_carci','Scriptcase','190.175.155.214','access',''),(156931,'2025-05-10 20:16:08','carsi','form_facturas_carci','Scriptcase','190.175.155.214','access',''),(156932,'2025-05-10 20:16:21','carsi','form_factura_detalle','Scriptcase','190.175.155.214','access',''),(156933,'2025-05-10 20:16:40','carsi','grid_ventas_carci','Scriptcase','190.175.155.214','access',''),(156934,'2025-05-10 21:49:44','','app_Login','Scriptcase','52.48.53.149','access',''),(156935,'2025-05-11 06:34:01','','app_Login','Scriptcase','176.98.186.47','access',''),(156936,'2025-05-11 06:34:09','','app_Login','Scriptcase','176.98.186.47','access',''),(156937,'2025-05-11 21:42:47','','app_Login_mob','Scriptcase','43.153.85.46','access',''),(156938,'2025-05-12 01:14:41','','app_Login_mob','Scriptcase','43.135.172.89','access',''),(156939,'2025-05-12 07:47:17','','app_Login','Scriptcase','45.38.44.252','access',''),(156940,'2025-05-12 10:25:03','','app_Login','Scriptcase','190.175.155.214','access',''),(156941,'2025-05-12 10:25:08','carsi','app_logged','Scriptcase','190.175.155.214','access',''),(156942,'2025-05-12 10:25:12','carsi','app_logged','User','190.175.155.214','login','¡Ingresado en el sistema!'),(156943,'2025-05-12 10:25:12','carsi','app_menu','Scriptcase','190.175.155.214','access',''),(156944,'2025-05-12 10:25:17','carsi','grid_ventas_carci','Scriptcase','190.175.155.214','access',''),(156945,'2025-05-12 10:25:19','carsi','form_facturas_carci','Scriptcase','190.175.155.214','access',''),(156946,'2025-05-12 10:25:51','carsi','form_factura_detalle','Scriptcase','190.175.155.214','access',''),(156947,'2025-05-12 10:26:27','carsi','grid_ventas_carci','Scriptcase','190.175.155.214','access',''),(156948,'2025-05-12 19:24:03','','app_Login','Scriptcase','190.175.155.214','access',''),(156949,'2025-05-12 19:26:56','carsi','app_logged','Scriptcase','190.175.155.214','access',''),(156950,'2025-05-12 19:27:03','carsi','app_logged','User','190.175.155.214','login','¡Ingresado en el sistema!'),(156951,'2025-05-12 19:27:04','carsi','app_menu','Scriptcase','190.175.155.214','access',''),(156952,'2025-05-12 19:27:09','carsi','grid_ventas_carci','Scriptcase','190.175.155.214','access',''),(156953,'2025-05-12 19:27:21','carsi','form_facturas_carci','Scriptcase','190.175.155.214','access',''),(156954,'2025-05-12 19:27:26','carsi','form_factura_detalle','Scriptcase','190.175.155.214','access',''),(156955,'2025-05-12 19:27:42','carsi','grid_ventas_carci','Scriptcase','190.175.155.214','access',''),(156956,'2025-05-12 19:27:46','carsi','form_facturas_carci','Scriptcase','190.175.155.214','access',''),(156957,'2025-05-12 19:27:48','carsi','form_factura_detalle','Scriptcase','190.175.155.214','access',''),(156958,'2025-05-12 19:28:00','carsi','grid_ventas_carci','Scriptcase','190.175.155.214','access',''),(156959,'2025-05-12 19:28:07','carsi','form_facturas_carci','Scriptcase','190.175.155.214','access',''),(156960,'2025-05-12 19:28:14','carsi','form_factura_detalle','Scriptcase','190.175.155.214','access',''),(156961,'2025-05-12 19:28:28','carsi','grid_ventas_carci','Scriptcase','190.175.155.214','access',''),(156962,'2025-05-12 21:12:31','','app_Login','Scriptcase','35.87.221.175','access',''),(156963,'2025-05-13 06:14:54','','app_Login','Scriptcase','44.212.62.1','access',''),(156964,'2025-05-13 09:46:42','','app_Login','Scriptcase','190.175.137.124','access',''),(156965,'2025-05-13 09:46:45','carsi','app_logged','Scriptcase','190.175.137.124','access',''),(156966,'2025-05-13 09:46:47','carsi','app_logged','User','190.175.137.124','login','¡Ingresado en el sistema!'),(156967,'2025-05-13 09:46:47','carsi','app_menu','Scriptcase','190.175.137.124','access',''),(156968,'2025-05-13 09:46:56','carsi','grid_ventas_carci','Scriptcase','190.175.137.124','access',''),(156969,'2025-05-13 09:47:00','carsi','form_facturas_carci','Scriptcase','190.175.137.124','access',''),(156970,'2025-05-13 09:47:10','carsi','form_factura_detalle','Scriptcase','190.175.137.124','access',''),(156971,'2025-05-13 09:47:22','carsi','grid_ventas_carci','Scriptcase','190.175.137.124','access',''),(156972,'2025-05-13 11:02:12','','grid_ventas_carci','Scriptcase','190.175.137.124','access',''),(156973,'2025-05-13 11:02:23','','app_Login','Scriptcase','190.175.137.124','access',''),(156974,'2025-05-13 11:02:28','carsi','app_logged','Scriptcase','190.175.137.124','access',''),(156975,'2025-05-13 11:02:31','carsi','app_logged','User','190.175.137.124','login','¡Ingresado en el sistema!'),(156976,'2025-05-13 11:02:31','carsi','app_menu','Scriptcase','190.175.137.124','access',''),(156977,'2025-05-13 14:44:54','','app_Login','Scriptcase','199.188.207.168','access',''),(156978,'2025-05-13 19:15:44','','app_Login','Scriptcase','190.175.137.124','access',''),(156979,'2025-05-13 19:16:33','carsi','app_logged','Scriptcase','190.175.137.124','access',''),(156980,'2025-05-13 19:16:50','carsi','app_logged','User','190.175.137.124','login','¡Ingresado en el sistema!'),(156981,'2025-05-13 19:16:50','carsi','app_menu','Scriptcase','190.175.137.124','access',''),(156982,'2025-05-13 19:16:53','carsi','grid_ventas_carci','Scriptcase','190.175.137.124','access',''),(156983,'2025-05-13 19:16:57','carsi','form_facturas_carci','Scriptcase','190.175.137.124','access',''),(156984,'2025-05-13 19:17:21','carsi','form_factura_detalle','Scriptcase','190.175.137.124','access',''),(156985,'2025-05-13 19:17:35','carsi','grid_ventas_carci','Scriptcase','190.175.137.124','access',''),(156986,'2025-05-13 19:27:46','carsi','form_facturas_carci','Scriptcase','190.175.137.124','access',''),(156987,'2025-05-13 19:27:50','carsi','form_factura_detalle','Scriptcase','190.175.137.124','access',''),(156988,'2025-05-13 19:28:04','carsi','grid_ventas_carci','Scriptcase','190.175.137.124','access',''),(156989,'2025-05-14 10:14:27','','app_Login','Scriptcase','190.175.137.124','access',''),(156990,'2025-05-14 10:14:31','carsi','app_logged','Scriptcase','190.175.137.124','access',''),(156991,'2025-05-14 10:14:32','carsi','app_logged','User','190.175.137.124','login','¡Ingresado en el sistema!'),(156992,'2025-05-14 10:14:33','carsi','app_menu','Scriptcase','190.175.137.124','access',''),(156993,'2025-05-14 10:14:38','carsi','grid_ventas_carci','Scriptcase','190.175.137.124','access',''),(156994,'2025-05-14 10:14:41','carsi','form_facturas_carci','Scriptcase','190.175.137.124','access',''),(156995,'2025-05-14 10:14:50','carsi','form_factura_detalle','Scriptcase','190.175.137.124','access',''),(156996,'2025-05-14 10:15:05','carsi','grid_ventas_carci','Scriptcase','190.175.137.124','access',''),(156997,'2025-05-14 11:58:41','','grid_ventas_carci','Scriptcase','190.175.137.124','access',''),(156998,'2025-05-14 11:58:44','','app_Login','Scriptcase','190.175.137.124','access',''),(156999,'2025-05-14 11:58:47','carsi','app_logged','Scriptcase','190.175.137.124','access',''),(157000,'2025-05-14 11:58:49','carsi','app_logged','User','190.175.137.124','login','¡Ingresado en el sistema!'),(157001,'2025-05-14 11:58:49','carsi','app_menu','Scriptcase','190.175.137.124','access',''),(157002,'2025-05-14 11:58:54','carsi','grid_ventas_carci','Scriptcase','190.175.137.124','access',''),(157003,'2025-05-14 14:49:07','','app_Login','Scriptcase','103.169.35.190','access',''),(157004,'2025-05-14 18:05:38','','app_Login','Scriptcase','190.175.137.124','access',''),(157005,'2025-05-14 18:05:42','carsi','app_logged','Scriptcase','190.175.137.124','access',''),(157006,'2025-05-14 18:05:44','carsi','app_logged','User','190.175.137.124','login','¡Ingresado en el sistema!'),(157007,'2025-05-14 18:05:44','carsi','app_menu','Scriptcase','190.175.137.124','access',''),(157008,'2025-05-14 18:05:47','carsi','grid_ventas_carci','Scriptcase','190.175.137.124','access',''),(157009,'2025-05-14 18:05:51','carsi','form_facturas_carci','Scriptcase','190.175.137.124','access',''),(157010,'2025-05-14 18:05:54','carsi','form_factura_detalle','Scriptcase','190.175.137.124','access',''),(157011,'2025-05-14 18:06:07','carsi','grid_ventas_carci','Scriptcase','190.175.137.124','access',''),(157012,'2025-05-14 18:47:45','','grid_ventas_carci','Scriptcase','190.175.137.124','access',''),(157013,'2025-05-14 18:47:49','','app_Login','Scriptcase','190.175.137.124','access',''),(157014,'2025-05-14 18:47:53','carsi','app_logged','Scriptcase','190.175.137.124','access',''),(157015,'2025-05-14 18:47:56','carsi','app_logged','User','190.175.137.124','login','¡Ingresado en el sistema!'),(157016,'2025-05-14 18:47:56','carsi','app_menu','Scriptcase','190.175.137.124','access',''),(157017,'2025-05-14 18:47:59','carsi','grid_ventas_carci','Scriptcase','190.175.137.124','access',''),(157018,'2025-05-14 18:57:20','carsi','form_facturas_carci','Scriptcase','190.175.137.124','access',''),(157019,'2025-05-14 18:57:23','carsi','form_factura_detalle','Scriptcase','190.175.137.124','access',''),(157020,'2025-05-14 18:57:38','carsi','grid_ventas_carci','Scriptcase','190.175.137.124','access',''),(157021,'2025-05-15 00:59:24','','app_Login','Scriptcase','123.160.223.75','access','');

--
-- Table structure for table `sec_apps`
--

CREATE TABLE `sec_apps` (
  `app_name` varchar(128) NOT NULL,
  `app_type` varchar(255) DEFAULT NULL,
  `description` varchar(255) DEFAULT NULL,
  PRIMARY KEY (`app_name`)
) ENGINE=InnoDB DEFAULT CHARSET=utf8mb3;

--
-- Dumping data for table `sec_apps`
--

INSERT INTO `sec_apps` VALUES ('AjusteArticulo','contr',NULL),('AjusteArticulo_restore','contr',NULL),('AjusteRbro','contr',NULL),('app_change_pswd','contr','Security Application'),('app_form_add_users','form','Security Application'),('app_form_edit_users','form','Security Application'),('app_form_sec_apps','form','Security Application'),('app_form_sec_users_apps','form','Security Application'),('app_grid_sec_apps','cons','Security Application'),('app_grid_sec_users','cons','Security Application'),('app_grid_sec_users_apps','cons','Security Application'),('app_logged','contr','Security Application'),('app_logged_users','cons','Security Application'),('app_Login','contr','Security Application'),('app_menu','menu','Security Application'),('app_retrieve_pswd','contr','Security Application'),('app_search_sec_users','contr','Security Application'),('app_sync_apps','contr','Security Application'),('compras_alicuota','blank',NULL),('compras_cbte','blank',NULL),('cons_vtas','cons',NULL),('control','contr',NULL),('control_1','contr',NULL),('control_2','contr',NULL),('control_libro_iva','contr','Impresion de libros contables'),('control_libro_iva_z','contr','Impresion de libros para controlar el flujo de ventas'),('control_recupero','contr',NULL),('control_reg_info','contr',NULL),('cuenta_corriente','form',NULL),('detalle_ficha','form',NULL),('det_cta_cte','cons',NULL),('FECAESolicitar','blank',NULL),('form_articulos','form',NULL),('form_articulos_1','',NULL),('form_cab_cta_cte','form',NULL),('form_cab_doc_ventas','form',NULL),('form_certificados_ws','form',NULL),('form_clientes','form',NULL),('form_compras','form',NULL),('form_comprobantes_asociados','form',NULL),('form_departamentos','form',NULL),('form_det_doc_ventas','form',NULL),('form_facturas','form',NULL),('form_facturas_carci','',''),('form_factura_detalle','form',NULL),('form_localidades','form',NULL),('form_marcas','form',NULL),('form_paises','form',NULL),('form_provincias','form',NULL),('form_puntos_ventas','form',NULL),('form_rubros','form',NULL),('form_subrubros','form',NULL),('form_tasa_impositivas','form',NULL),('form_temporadas','form',NULL),('form_temporadas_inline','form',NULL),('form_tipos_doc','form',NULL),('form_tipos_doc_mov','form',NULL),('form_tipos_lista_precios','form',NULL),('form_tipos_mov','form',NULL),('form_tipo_unidades','form',NULL),('grid_articulos','cons',NULL),('grid_articulos_1','',NULL),('grid_articulos_baja','cons',NULL),('grid_cab_cta_cte','cons',NULL),('grid_cab_cta_cte_1','cons',NULL),('grid_cab_doc_ventas','',NULL),('grid_clientes','cons',NULL),('grid_compras','cons',NULL),('grid_compras_libro','cons',NULL),('grid_comprobantes','','Consultas'),('grid_det_cta_cte','cons',NULL),('grid_facturas','cons',NULL),('grid_ventas_carci','',''),('grid_v_maestro_articulos','',NULL),('grid_v_ventas','cons',NULL),('grid_v_ventas_1','',NULL),('grid_v_ventas_elect','cons',NULL),('grid_v_ventas_z','cons',NULL),('ingreso_cheques','form',NULL),('ingreso_tarjeta_credito','form',NULL),('menu03','',NULL),('pdfreport_facturas','reportpdf',NULL),('pdfreport_libro_compras','reportpdf',NULL),('pdfreport_libro_compras_z','pdf','Report de Compras'),('pdfreport_libro_ventas','reportpdf',NULL),('pdfreport_libro_ventas_z','pdf','Report de ventas'),('plan_pago','contr',NULL),('ventas_cbte','blank',NULL),('venta_alicuota','blank',NULL);

--
-- Table structure for table `sec_logged`
--

CREATE TABLE `sec_logged` (
  `login` varchar(32) NOT NULL,
  `date_login` varchar(128) DEFAULT NULL,
  `sc_session` varchar(32) DEFAULT NULL,
  `ip` varchar(32) DEFAULT NULL
) ENGINE=InnoDB DEFAULT CHARSET=utf8mb3;

--
-- Dumping data for table `sec_logged`
--

INSERT INTO `sec_logged` VALUES ('admnin','1469410916.8041','_SC_FAIL_SC_','127.0.0.1'),('amin','1475839601.8848','_SC_FAIL_SC_','127.0.0.1'),('carci','1478721912.1045','_SC_FAIL_SC_','127.0.0.1'),('carci','1560803677.3023','_SC_FAIL_SC_','192.168.1.35'),('carci','1563836558.1004','_SC_FAIL_SC_','127.0.0.1'),('carci','1565474762.5983','_SC_FAIL_SC_','127.0.0.1'),('carci','1579529203.0359','_SC_FAIL_SC_','127.0.0.1'),('carci','1579529212.5118','_SC_FAIL_SC_','127.0.0.1'),('carci','1579530693.0534','_SC_FAIL_SC_','127.0.0.1'),('carci','1588949903.1718','_SC_FAIL_SC_','127.0.0.1'),('carci','1588949918.7685','_SC_FAIL_SC_','127.0.0.1'),('carci','1594500976.2881','_SC_FAIL_SC_','192.168.1.43'),('carci','1594500987.9131','_SC_FAIL_SC_','192.168.1.43'),('carci','1596808152.7614','_SC_FAIL_SC_','127.0.0.1'),('emilia','1602681832.645','_SC_FAIL_SC_','127.0.0.1'),('carci','1603919605.2444','_SC_FAIL_SC_','127.0.0.1'),('carci','1606917623.9307','_SC_FAIL_SC_','127.0.0.1'),('carci','1610837337.7563','_SC_FAIL_SC_','127.0.0.1'),('emilia','1617888640.7732','_SC_FAIL_SC_','127.0.0.1'),('carci','1640345202.1032','_SC_FAIL_SC_','127.0.0.1'),('carci','1640345210.8018','_SC_FAIL_SC_','127.0.0.1'),('javain','1648494129.7341','_SC_FAIL_SC_','190.181.112.162'),('emilia','1654887202.8301','_SC_FAIL_SC_','190.175.145.105'),('emilia','1654887209.1985','_SC_FAIL_SC_','190.175.145.105'),('1','1664709811.9858','_SC_FAIL_SC_','92.223.89.135'),('amin','1666398315.9216','_SC_FAIL_SC_','190.175.142.104'),('emilia','1696994534.3062','_SC_FAIL_SC_','190.182.200.120'),('amin','1713398539.9739','_SC_FAIL_SC_','190.19.57.9'),('joe76@ourtimesupport.com','1715368111.8586','_SC_FAIL_SC_','18.199.224.87'),('nadine53','1715368113.6928','_SC_FAIL_SC_','18.199.224.87'),('nadine53','1715368115.2496','_SC_FAIL_SC_','18.199.224.87'),('joe76@ourtimesupport.com','1715368116.8021','_SC_FAIL_SC_','18.199.224.87'),('oda.fay77','1715368224.7248','_SC_FAIL_SC_','146.190.13.187'),('oda.fay77','1715368227.1215','_SC_FAIL_SC_','146.190.13.187'),('oda.fay77','1715368229.6048','_SC_FAIL_SC_','146.190.13.187'),('jacey.bernhard@ourtimesupport.co','1715368232.4223','_SC_FAIL_SC_','146.190.13.187'),('armando.watsica@wls1.com','1725276030.4213','_SC_FAIL_SC_','68.183.245.101'),('athena_russel51','1725276033.0248','_SC_FAIL_SC_','68.183.245.101'),('athena_russel51','1725276035.8257','_SC_FAIL_SC_','68.183.245.101'),('armando.watsica@wls1.com','1725276038.8322','_SC_FAIL_SC_','68.183.245.101'),('aaron.frisch44@wls1.com','1725276086.6439','_SC_FAIL_SC_','164.90.241.135'),('quentin.kosenkow','1725276088.3488','_SC_FAIL_SC_','164.90.241.135'),('quentin.kosenkow','1725276090.0075','_SC_FAIL_SC_','164.90.241.135'),('aaron.frisch44@wls1.com','1725276091.8289','_SC_FAIL_SC_','164.90.241.135'),('estell.fadel46@wls1.com','1725276142.2076','_SC_FAIL_SC_','206.189.247.132'),('raphael.metz','1725276144.3004','_SC_FAIL_SC_','206.189.247.132'),('raphael.metz','1725276146.3732','_SC_FAIL_SC_','206.189.247.132'),('estell.fadel46@wls1.com','1725276148.5493','_SC_FAIL_SC_','206.189.247.132'),('carsi','1747259276.0957','lm3b7r14ptc9o13la594s1mhr2','190.175.137.124');

--
-- Table structure for table `sec_users_apps`
--

CREATE TABLE `sec_users_apps` (
  `login` varchar(32) NOT NULL,
  `app_name` varchar(128) NOT NULL,
  `priv_access` varchar(1) DEFAULT NULL,
  `priv_insert` varchar(1) DEFAULT NULL,
  `priv_delete` varchar(1) DEFAULT NULL,
  `priv_update` varchar(1) DEFAULT NULL,
  `priv_export` varchar(1) DEFAULT NULL,
  `priv_print` varchar(1) DEFAULT NULL,
  PRIMARY KEY (`login`,`app_name`),
  KEY `sec_users_apps_ibfk_2` (`app_name`),
  CONSTRAINT `sec_users_apps_ibfk_1` FOREIGN KEY (`login`) REFERENCES `sec_users` (`login`) ON DELETE CASCADE,
  CONSTRAINT `sec_users_apps_ibfk_2` FOREIGN KEY (`app_name`) REFERENCES `sec_apps` (`app_name`) ON DELETE CASCADE
) ENGINE=InnoDB DEFAULT CHARSET=utf8mb3;

--
-- Dumping data for table `sec_users_apps`
--

INSERT INTO `sec_users_apps` VALUES ('admin','AjusteArticulo','Y','N','N','N','N','N'),('admin','AjusteArticulo_restore','N','N','N','N','N','N'),('admin','AjusteRbro','Y','N','N','N','N','N'),('admin','app_change_pswd','Y','N','N','N','N','N'),('admin','app_form_add_users','Y','Y','Y','Y','Y','Y'),('admin','app_form_edit_users','Y','Y','Y','Y','Y','Y'),('admin','app_form_sec_apps','Y','Y','Y','Y','Y','Y'),('admin','app_form_sec_users_apps','Y','Y','Y','Y','Y','Y'),('admin','app_grid_sec_apps','Y','N','N','N','Y','Y'),('admin','app_grid_sec_users','Y','N','N','N','Y','Y'),('admin','app_grid_sec_users_apps','Y','N','N','N','Y','Y'),('admin','app_logged','Y','N','N','N','N','N'),('admin','app_logged_users','Y','N','N','N','Y','Y'),('admin','app_Login','Y','N','N','N','N','N'),('admin','app_menu','Y','N','N','N','N','N'),('admin','app_retrieve_pswd','Y','N','N','N','N','N'),('admin','app_search_sec_users','Y','N','N','N','N','N'),('admin','app_sync_apps','Y','N','N','N','N','N'),('admin','compras_alicuota','Y','N','N','N','N','N'),('admin','compras_cbte','Y','N','N','N','N','N'),('admin','cons_vtas','Y','N','N','N','Y','Y'),('admin','control','Y','N','N','N','N','N'),('admin','control_1','N','N','N','N','N','N'),('admin','control_2','Y','N','N','N','N','N'),('admin','control_libro_iva','Y','N','N','N','N','N'),('admin','control_libro_iva_z','Y','N','N','N','Y','Y'),('admin','control_recupero','Y','N','N','N','N','N'),('admin','control_reg_info','Y','N','N','N','N','N'),('admin','cuenta_corriente','Y','Y','N','Y','Y','Y'),('admin','detalle_ficha','Y','Y','N','Y','Y','Y'),('admin','det_cta_cte','Y','N','N','N','Y','Y'),('admin','FECAESolicitar',NULL,NULL,NULL,NULL,NULL,NULL),('admin','form_articulos','Y','Y','N','Y','Y','Y'),('admin','form_articulos_1',NULL,NULL,NULL,NULL,NULL,NULL),('admin','form_cab_cta_cte','Y','Y','Y','Y','Y','Y'),('admin','form_cab_doc_ventas','Y','Y','N','Y','Y','Y'),('admin','form_certificados_ws',NULL,NULL,NULL,NULL,NULL,NULL),('admin','form_clientes','Y','Y','N','Y','Y','Y'),('admin','form_compras','Y','Y','N','Y','Y','Y'),('admin','form_comprobantes_asociados',NULL,NULL,NULL,NULL,NULL,NULL),('admin','form_departamentos','Y','Y','N','Y','Y','Y'),('admin','form_det_doc_ventas','Y','Y','N','Y','Y','Y'),('admin','form_facturas','Y','Y','N','Y','Y','Y'),('admin','form_facturas_carci','Y','Y','N','Y','Y','Y'),('admin','form_factura_detalle','Y','Y','N','Y','Y','Y'),('admin','form_localidades','Y','Y','N','Y','Y','Y'),('admin','form_marcas','Y','Y','N','Y','Y','Y'),('admin','form_paises','Y','Y','N','Y','Y','Y'),('admin','form_provincias','Y','Y','N','Y','Y','Y'),('admin','form_puntos_ventas',NULL,NULL,NULL,NULL,NULL,NULL),('admin','form_rubros','Y','Y','N','Y','Y','Y'),('admin','form_subrubros','N','Y','N','Y','Y','Y'),('admin','form_tasa_impositivas','Y','Y','N','Y','Y','Y'),('admin','form_temporadas','Y','Y','N','Y','Y','Y'),('admin','form_temporadas_inline','Y','Y','N','Y','Y','Y'),('admin','form_tipos_doc','Y','Y','N','Y','Y','Y'),('admin','form_tipos_doc_mov','Y','Y','N','Y','Y','Y'),('admin','form_tipos_lista_precios','Y','Y','N','Y','Y','Y'),('admin','form_tipos_mov','Y','Y','N','Y','Y','Y'),('admin','form_tipo_unidades','Y','Y','N','Y','Y','Y'),('admin','grid_articulos','Y','N','N','N','Y','Y'),('admin','grid_articulos_1',NULL,NULL,NULL,NULL,NULL,NULL),('admin','grid_articulos_baja','Y','N','N','N','Y','Y'),('admin','grid_cab_cta_cte','Y','N','N','N','Y','Y'),('admin','grid_cab_cta_cte_1','Y','N','N','N','Y','Y'),('admin','grid_cab_doc_ventas',NULL,NULL,NULL,NULL,NULL,NULL),('admin','grid_clientes','Y','N','N','N','Y','Y'),('admin','grid_compras','Y','N','N','N','Y','Y'),('admin','grid_compras_libro','Y','N','N','N','Y','Y'),('admin','grid_comprobantes',NULL,NULL,NULL,NULL,NULL,NULL),('admin','grid_det_cta_cte','Y','N','N','N','Y','Y'),('admin','grid_facturas','Y','N','N','N','Y','Y'),('admin','grid_ventas_carci','Y','N','N','N','Y','Y'),('admin','grid_v_maestro_articulos','Y','N','N','N','N','N'),('admin','grid_v_ventas','Y','N','N','N','Y','Y'),('admin','grid_v_ventas_1',NULL,NULL,NULL,NULL,NULL,NULL),('admin','grid_v_ventas_elect',NULL,NULL,NULL,NULL,NULL,NULL),('admin','grid_v_ventas_z','N','N','N','N','Y','Y'),('admin','ingreso_cheques','Y','Y','N','Y','Y','Y'),('admin','ingreso_tarjeta_credito','Y','Y','N','Y','Y','Y'),('admin','menu03','Y','N','N','N','N','N'),('admin','pdfreport_facturas','Y','N','N','N','Y','Y'),('admin','pdfreport_libro_compras','Y','N','N','N','N','N'),('admin','pdfreport_libro_compras_z','Y','N','N','N','Y','Y'),('admin','pdfreport_libro_ventas','Y','N','N','N','N','N'),('admin','pdfreport_libro_ventas_z','Y','N','N','N','Y','Y'),('admin','plan_pago','Y','N','N','N','N','N'),('admin','ventas_cbte','Y','N','N','N','N','N'),('admin','venta_alicuota','Y','N','N','N','N','N'),('carsi','AjusteArticulo','Y','N','N','N','N','N'),('carsi','AjusteArticulo_restore',NULL,NULL,NULL,NULL,NULL,NULL),('carsi','AjusteRbro','Y','N','N','N','N','N'),('carsi','app_change_pswd',NULL,NULL,NULL,NULL,NULL,NULL),('carsi','app_form_add_users',NULL,NULL,NULL,NULL,NULL,NULL),('carsi','app_form_edit_users',NULL,NULL,NULL,NULL,NULL,NULL),('carsi','app_form_sec_apps',NULL,NULL,NULL,NULL,NULL,NULL),('carsi','app_form_sec_users_apps',NULL,NULL,NULL,NULL,NULL,NULL),('carsi','app_grid_sec_apps',NULL,NULL,NULL,NULL,NULL,NULL),('carsi','app_grid_sec_users',NULL,NULL,NULL,NULL,NULL,NULL),('carsi','app_grid_sec_users_apps',NULL,NULL,NULL,NULL,NULL,NULL),('carsi','app_logged',NULL,NULL,NULL,NULL,NULL,NULL),('carsi','app_logged_users',NULL,NULL,NULL,NULL,NULL,NULL),('carsi','app_Login','Y','N','N','N','N','N'),('carsi','app_menu','Y','N','N','N','N','N'),('carsi','app_retrieve_pswd',NULL,NULL,NULL,NULL,NULL,NULL),('carsi','app_search_sec_users',NULL,NULL,NULL,NULL,NULL,NULL),('carsi','app_sync_apps',NULL,NULL,NULL,NULL,NULL,NULL),('carsi','compras_alicuota','N','N','N','N','N','N'),('carsi','compras_cbte','N','N','N','N','N','N'),('carsi','cons_vtas','Y','N','N','Y','Y','Y'),('carsi','control','Y','N','N','N','N','N'),('carsi','control_1',NULL,NULL,NULL,NULL,NULL,NULL),('carsi','control_2','N','N','N','N','N','N'),('carsi','control_libro_iva',NULL,NULL,NULL,NULL,NULL,NULL),('carsi','control_recupero','Y','N','N','N','N','N'),('carsi','control_reg_info','N','N','N','N','N','N'),('carsi','cuenta_corriente','Y','Y','N','Y','Y','Y'),('carsi','detalle_ficha','Y','Y','N','Y','Y','Y'),('carsi','det_cta_cte','Y','N','N','N','Y','Y'),('carsi','FECAESolicitar','Y','N','N','N','N','N'),('carsi','form_articulos','Y','Y','N','Y','Y','Y'),('carsi','form_articulos_1',NULL,NULL,NULL,NULL,NULL,NULL),('carsi','form_cab_cta_cte','Y','Y','N','Y','Y','Y'),('carsi','form_cab_doc_ventas','Y','Y','N','Y','Y','Y'),('carsi','form_certificados_ws','Y','N','N','N','N','N'),('carsi','form_clientes','Y','Y','N','Y','Y','Y'),('carsi','form_compras','N','N','N','N','N','N'),('carsi','form_comprobantes_asociados','Y','Y','N','Y','Y','Y'),('carsi','form_departamentos','Y','Y','N','Y','Y','Y'),('carsi','form_det_doc_ventas','Y','Y','N','Y','Y','Y'),('carsi','form_facturas','Y','Y','N','Y','Y','Y'),('carsi','form_facturas_carci','Y','Y','N','Y','Y','Y'),('carsi','form_factura_detalle','Y','Y','N','Y','Y','Y'),('carsi','form_localidades','Y','Y','N','Y','Y','Y'),('carsi','form_marcas','Y','Y','N','Y','Y','Y'),('carsi','form_paises','Y','Y','N','Y','Y','Y'),('carsi','form_provincias','Y','Y','N','Y','Y','Y'),('carsi','form_puntos_ventas','Y','Y','N','Y','Y','Y'),('carsi','form_rubros','Y','Y','N','Y','Y','Y'),('carsi','form_subrubros','Y','Y','N','Y','Y','Y'),('carsi','form_tasa_impositivas','Y','Y','N','Y','Y','Y'),('carsi','form_temporadas','Y','Y','N','Y','Y','Y'),('carsi','form_temporadas_inline','Y','Y','N','Y','Y','Y'),('carsi','form_tipos_doc','Y','Y','N','Y','Y','Y'),('carsi','form_tipos_doc_mov','Y','Y','N','Y','Y','Y'),('carsi','form_tipos_lista_precios','Y','Y','N','Y','Y','Y'),('carsi','form_tipos_mov','Y','Y','N','Y','Y','Y'),('carsi','form_tipo_unidades','Y','Y','N','Y','Y','Y'),('carsi','grid_articulos','Y','N','N','N','Y','Y'),('carsi','grid_articulos_1',NULL,NULL,NULL,NULL,NULL,NULL),('carsi','grid_articulos_baja','Y','N','N','N','Y','Y'),('carsi','grid_cab_cta_cte','Y','N','N','N','Y','Y'),('carsi','grid_cab_cta_cte_1',NULL,NULL,NULL,NULL,NULL,NULL),('carsi','grid_cab_doc_ventas','Y','N','N','N','N','N'),('carsi','grid_clientes','Y','N','N','N','Y','Y'),('carsi','grid_compras','N','N','N','N','N','N'),('carsi','grid_compras_libro','N','N','N','N','N','N'),('carsi','grid_comprobantes','Y','N','N','N','N','N'),('carsi','grid_det_cta_cte','Y','N','N','N','Y','Y'),('carsi','grid_facturas','Y','N','N','N','Y','Y'),('carsi','grid_ventas_carci','Y','N','N','N','Y','Y'),('carsi','grid_v_maestro_articulos','Y','N','N','N','N','N'),('carsi','grid_v_ventas','Y','N','N','N','Y','Y'),('carsi','grid_v_ventas_1',NULL,NULL,NULL,NULL,NULL,NULL),('carsi','grid_v_ventas_elect','Y','N','N','N','Y','Y'),('carsi','grid_v_ventas_z',NULL,NULL,NULL,NULL,NULL,NULL),('carsi','ingreso_cheques','Y','Y','N','Y','Y','Y'),('carsi','ingreso_tarjeta_credito','Y','Y','N','Y','Y','Y'),('carsi','menu03',NULL,NULL,NULL,NULL,NULL,NULL),('carsi','pdfreport_facturas','Y','N','N','N','N','N'),('carsi','plan_pago','Y','N','N','N','N','N'),('carsi','ventas_cbte','N','N','N','N','N','N'),('carsi','venta_alicuota','N','N','N','N','N','N');

--
-- Table structure for table `series_estados`
--

CREATE TABLE `series_estados` (
  `mar_id` int NOT NULL,
  `rbro_id` int NOT NULL,
  `srbro_id` int NOT NULL,
  `mode_id` int NOT NULL,
  `id` int NOT NULL,
  `nro_serie` varchar(30) NOT NULL,
  `id_est` varchar(1) NOT NULL,
  PRIMARY KEY (`mar_id`,`rbro_id`,`srbro_id`,`mode_id`,`id`),
  KEY `serie_estado_fk` (`id_est`),
  CONSTRAINT `serie_estado_fk` FOREIGN KEY (`id_est`) REFERENCES `estado_serie` (`id`)
) ENGINE=InnoDB DEFAULT CHARSET=latin1;

--
-- Dumping data for table `series_estados`
--


--
-- Table structure for table `stock`
--

CREATE TABLE `stock` (
  `com_id` int NOT NULL,
  `dep_id` int NOT NULL,
  `suc_id` int NOT NULL,
  `mar_id` int NOT NULL,
  `rbro_id` int NOT NULL,
  `srbro_id` int NOT NULL,
  `mode_id` int NOT NULL,
  `estk_id` int NOT NULL,
  `id` int NOT NULL,
  `cant_max` decimal(10,2) DEFAULT NULL,
  `cant_min` decimal(10,2) DEFAULT NULL,
  `pvee_id` int NOT NULL,
  `cantidad` decimal(14,2) NOT NULL DEFAULT '0.00',
  PRIMARY KEY (`com_id`,`dep_id`,`suc_id`,`mar_id`,`rbro_id`,`srbro_id`,`mode_id`,`id`,`estk_id`),
  KEY `det_art_pvee_fk` (`pvee_id`),
  KEY `stock_sucursales_fk` (`suc_id`,`com_id`,`dep_id`),
  KEY `stock_articulos_fk` (`mar_id`,`rbro_id`,`srbro_id`,`mode_id`,`id`),
  KEY `stock_estado_fk` (`estk_id`),
  CONSTRAINT `stock_estado_fk` FOREIGN KEY (`estk_id`) REFERENCES `estado_stock` (`id`),
  CONSTRAINT `stock_sucursales_fk` FOREIGN KEY (`suc_id`, `com_id`, `dep_id`) REFERENCES `sucursales` (`id`, `com_id`, `dep_id`)
) ENGINE=InnoDB DEFAULT CHARSET=latin1;

--
-- Dumping data for table `stock`
--

INSERT INTO `stock` VALUES (1,1,3,4,7,10,13,1,1,10.00,5.00,1,4.00);

--
-- Table structure for table `subrubros`
--

CREATE TABLE `subrubros` (
  `id` int NOT NULL AUTO_INCREMENT,
  `descripcion` varchar(60) NOT NULL,
  `rbro_id` int NOT NULL,
  PRIMARY KEY (`id`),
  KEY `fk_subrubros_rbros` (`rbro_id`),
  CONSTRAINT `fk_subrubros_rbros` FOREIGN KEY (`rbro_id`) REFERENCES `rubros` (`id`)
) ENGINE=InnoDB DEFAULT CHARSET=latin1;

--
-- Dumping data for table `subrubros`
--


--
-- Table structure for table `sucursales`
--

CREATE TABLE `sucursales` (
  `id` int NOT NULL AUTO_INCREMENT,
  `com_id` int NOT NULL,
  `dep_id` int NOT NULL,
  `razon_social` varchar(60) NOT NULL,
  `calle` varchar(30) NOT NULL,
  `altura` varchar(10) NOT NULL,
  `cod_postal` varchar(10) NOT NULL,
  `loc_id` int NOT NULL,
  `dpto_id` int NOT NULL,
  `pcia_id` int NOT NULL,
  `pais_id` int NOT NULL,
  PRIMARY KEY (`id`,`com_id`,`dep_id`),
  KEY `suc_emp_loc_id` (`loc_id`,`dpto_id`,`pcia_id`,`pais_id`),
  KEY `sucursales_fk_pais` (`pais_id`),
  KEY `sucursales_fk_pcia` (`pcia_id`),
  KEY `sucursales_fk_dpto` (`dpto_id`),
  KEY `sucursales_fk_come` (`com_id`),
  KEY `sucursales_fk_depo` (`dep_id`),
  CONSTRAINT `sucursales_fk_come` FOREIGN KEY (`com_id`) REFERENCES `depositos` (`com_id`) ON DELETE CASCADE ON UPDATE CASCADE,
  CONSTRAINT `sucursales_fk_depo` FOREIGN KEY (`dep_id`) REFERENCES `depositos` (`id`) ON DELETE CASCADE ON UPDATE CASCADE,
  CONSTRAINT `sucursales_fk_dpto` FOREIGN KEY (`dpto_id`) REFERENCES `departamentos` (`id`) ON DELETE CASCADE ON UPDATE CASCADE,
  CONSTRAINT `sucursales_fk_loca` FOREIGN KEY (`loc_id`) REFERENCES `localidades` (`id`) ON DELETE CASCADE ON UPDATE CASCADE,
  CONSTRAINT `sucursales_fk_pais` FOREIGN KEY (`pais_id`) REFERENCES `paises` (`id`) ON DELETE CASCADE ON UPDATE CASCADE,
  CONSTRAINT `sucursales_fk_pcia` FOREIGN KEY (`pcia_id`) REFERENCES `provincias` (`id`) ON DELETE CASCADE ON UPDATE CASCADE
) ENGINE=InnoDB AUTO_INCREMENT=4 DEFAULT CHARSET=latin1;

--
-- Dumping data for table `sucursales`
--

INSERT INTO `sucursales` VALUES (3,1,1,'CENTRO','10','123','6660',16,142,1,1);

--
-- Table structure for table `tarjeta_credito`
--

CREATE TABLE `tarjeta_credito` (
  `id` int NOT NULL AUTO_INCREMENT,
  `banco` varchar(40) NOT NULL,
  `tpta_id` int NOT NULL,
  `nro_tarj` varchar(19) NOT NULL,
  `fec_vto` date NOT NULL,
  `importe` decimal(14,2) NOT NULL,
  `cdoc_id` int NOT NULL,
  `dni` varchar(20) DEFAULT NULL,
  `id_cli` int DEFAULT NULL,
  PRIMARY KEY (`id`,`cdoc_id`),
  KEY `fk_tar_doc` (`cdoc_id`),
  KEY `fk_tipo_tarjeta` (`tpta_id`),
  CONSTRAINT `fk_tar_doc` FOREIGN KEY (`cdoc_id`) REFERENCES `cab_doc_ventas` (`id`),
  CONSTRAINT `fk_tipo_tarjeta` FOREIGN KEY (`tpta_id`) REFERENCES `tipos_tarj_creditos` (`id`)
) ENGINE=InnoDB DEFAULT CHARSET=latin1;

--
-- Dumping data for table `tarjeta_credito`
--


--
-- Table structure for table `tasa_ibrutos`
--

CREATE TABLE `tasa_ibrutos` (
  `id` int NOT NULL AUTO_INCREMENT,
  `porc_iibb` decimal(8,2) NOT NULL DEFAULT '0.00',
  `fecha_vgte` date NOT NULL,
  `fecha_vto` date DEFAULT NULL,
  PRIMARY KEY (`id`)
) ENGINE=InnoDB AUTO_INCREMENT=3 DEFAULT CHARSET=latin1;

--
-- Dumping data for table `tasa_ibrutos`
--

INSERT INTO `tasa_ibrutos` VALUES (1,0.00,'2014-04-16',NULL),(2,3.50,'2014-04-16',NULL);

--
-- Table structure for table `tasa_impositivas`
--

CREATE TABLE `tasa_impositivas` (
  `id` int NOT NULL AUTO_INCREMENT,
  `tasa` decimal(8,2) unsigned NOT NULL DEFAULT '0.00',
  `fecha_vgte` date NOT NULL,
  `fecha_vto` date DEFAULT NULL,
  PRIMARY KEY (`id`)
) ENGINE=InnoDB AUTO_INCREMENT=5 DEFAULT CHARSET=latin1;

--
-- Dumping data for table `tasa_impositivas`
--

INSERT INTO `tasa_impositivas` VALUES (1,0.00,'2014-04-16',NULL),(2,10.50,'2014-04-16',NULL),(3,21.00,'2014-04-16',NULL),(4,27.00,'2014-04-30',NULL);

--
-- Table structure for table `temporadas`
--

CREATE TABLE `temporadas` (
  `id` int NOT NULL AUTO_INCREMENT,
  `descripcion` varchar(15) NOT NULL,
  `anio` year NOT NULL,
  PRIMARY KEY (`id`,`anio`)
) ENGINE=InnoDB AUTO_INCREMENT=21 DEFAULT CHARSET=latin1;

--
-- Dumping data for table `temporadas`
--

INSERT INTO `temporadas` VALUES (1,'UNICA - BASICA',2025),(2,'VERANO',2025),(3,'INVIERNO',2017),(4,'INVIERNO',2018),(5,'VERANO',2018),(6,'VERANO ',2019),(7,'INVIERNO',2019),(8,'VERANO',2020),(9,'INVIERNO',2020),(10,'VERANO',2021),(11,'INVIERNO',2021),(12,'VERANO',2022),(13,'VERANO',2022),(14,'INVIERNO',2022),(15,'VERANO',2023),(16,'INVIERNO',2023),(17,'VERANO',2024),(18,'INVIERNO',2024),(19,'INVIERNO',2025),(20,'VERANO BIS',2024);

--
-- Table structure for table `tipo_componentes`
--

CREATE TABLE `tipo_componentes` (
  `id` int NOT NULL AUTO_INCREMENT,
  `descripcion` varchar(60) NOT NULL,
  PRIMARY KEY (`id`)
) ENGINE=InnoDB DEFAULT CHARSET=latin1;

--
-- Dumping data for table `tipo_componentes`
--


--
-- Table structure for table `tipo_unidades`
--

CREATE TABLE `tipo_unidades` (
  `id` int NOT NULL AUTO_INCREMENT,
  `descripcion` varchar(60) NOT NULL,
  `sigla` varchar(10) NOT NULL,
  PRIMARY KEY (`id`)
) ENGINE=InnoDB AUTO_INCREMENT=3 DEFAULT CHARSET=latin1;

--
-- Dumping data for table `tipo_unidades`
--

INSERT INTO `tipo_unidades` VALUES (1,'A DESIGNAR','AD'),(2,'UNIDADES','UN');

--
-- Table structure for table `tipos_doc`
--

CREATE TABLE `tipos_doc` (
  `id` int NOT NULL AUTO_INCREMENT,
  `siglas` varchar(10) NOT NULL,
  `descripcion` varchar(60) NOT NULL,
  PRIMARY KEY (`id`)
) ENGINE=InnoDB AUTO_INCREMENT=6 DEFAULT CHARSET=latin1;

--
-- Dumping data for table `tipos_doc`
--

INSERT INTO `tipos_doc` VALUES (1,'AD','A DESIGNAR'),(2,'C.I.','CEDULA DE IDENTIDAD'),(3,'D.N.I.','DOC. UNICO'),(4,'C.U.I.T.','CUIT'),(5,'CUIL','CUIL');

--
-- Table structure for table `tipos_doc_mov`
--

CREATE TABLE `tipos_doc_mov` (
  `id` int NOT NULL AUTO_INCREMENT,
  `descripcion` varchar(60) NOT NULL,
  `desc_abre` varchar(10) DEFAULT NULL,
  PRIMARY KEY (`id`)
) ENGINE=InnoDB AUTO_INCREMENT=6 DEFAULT CHARSET=latin1;

--
-- Dumping data for table `tipos_doc_mov`
--

INSERT INTO `tipos_doc_mov` VALUES (1,'NOTA DE PEDIDO','NP'),(2,'REMITO','RE'),(3,'FACTURA','FC'),(4,'NOTA DE CREDITO','NC'),(5,'NOTA DE DEBITO','ND');

--
-- Table structure for table `tipos_lista_precios`
--

CREATE TABLE `tipos_lista_precios` (
  `id` int NOT NULL AUTO_INCREMENT,
  `descripcion` varchar(60) NOT NULL,
  `porc_descuento` decimal(8,2) DEFAULT NULL,
  `porc_margen` decimal(8,2) DEFAULT NULL,
  `fecha_vgte` date DEFAULT NULL,
  PRIMARY KEY (`id`)
) ENGINE=InnoDB AUTO_INCREMENT=4 DEFAULT CHARSET=latin1;

--
-- Dumping data for table `tipos_lista_precios`
--

INSERT INTO `tipos_lista_precios` VALUES (1,'CONTADO',0.00,121.00,NULL),(2,'CUENTA CORRIENTE',0.00,10.00,NULL),(3,'OTRO',0.00,10.00,NULL);

--
-- Table structure for table `tipos_mov`
--

CREATE TABLE `tipos_mov` (
  `id` int NOT NULL AUTO_INCREMENT,
  `descripcion` varchar(60) NOT NULL,
  `desc_abre` varchar(10) DEFAULT NULL,
  PRIMARY KEY (`id`)
) ENGINE=InnoDB AUTO_INCREMENT=6 DEFAULT CHARSET=latin1;

--
-- Dumping data for table `tipos_mov`
--

INSERT INTO `tipos_mov` VALUES (2,'VENTAS','EG'),(5,'DEVOLUCION','DEV');

--
-- Table structure for table `tipos_tarj_creditos`
--

CREATE TABLE `tipos_tarj_creditos` (
  `id` int NOT NULL AUTO_INCREMENT,
  `descripcion` varchar(60) NOT NULL,
  PRIMARY KEY (`id`)
) ENGINE=InnoDB AUTO_INCREMENT=3 DEFAULT CHARSET=latin1;

--
-- Dumping data for table `tipos_tarj_creditos`
--

INSERT INTO `tipos_tarj_creditos` VALUES (1,'Visa Frances'),(2,'Master Frances');

--
-- Table structure for table `transportes`
--

CREATE TABLE `transportes` (
  `id` int NOT NULL AUTO_INCREMENT,
  `descripcion` varchar(60) NOT NULL,
  `calle` varchar(30) NOT NULL,
  `altura` varchar(10) NOT NULL,
  `cod_postal` varchar(10) NOT NULL,
  `id_loca` int NOT NULL,
  `flete` decimal(8,2) NOT NULL,
  `telefono` varchar(14) DEFAULT NULL,
  `celular` varchar(14) DEFAULT NULL,
  `fax` varchar(14) DEFAULT NULL,
  `e_mail` varchar(60) DEFAULT NULL,
  PRIMARY KEY (`id`),
  KEY `IDX_TRANS_loca` (`id_loca`),
  CONSTRAINT `fk_TRANS_loca` FOREIGN KEY (`id_loca`) REFERENCES `localidades` (`id`)
) ENGINE=InnoDB AUTO_INCREMENT=2 DEFAULT CHARSET=latin1;

--
-- Dumping data for table `transportes`
--

INSERT INTO `transportes` VALUES (1,'PEPITO','34','1234','6660',16,5.00,'465896','','','');

--
-- Temporary view structure for view `v_art_deta_vta`
--

/*!50001 DROP VIEW IF EXISTS `v_art_deta_vta`*/;
/*!50001 CREATE VIEW `v_art_deta_vta` AS SELECT 
 1 AS `vta_id`,
 1 AS `fecha_emision`,
 1 AS `id_art`,
 1 AS `articulo`,
 1 AS `mar_id`,
 1 AS `marca`,
 1 AS `rbro_id`,
 1 AS `rubro`*/;

--
-- Temporary view structure for view `v_articulos`
--

/*!50001 DROP VIEW IF EXISTS `v_articulos`*/;
/*!50001 CREATE VIEW `v_articulos` AS SELECT 
 1 AS `mar_id`,
 1 AS `rbro_id`,
 1 AS `id`,
 1 AS `descripcion`,
 1 AS `cod_barra_origen`,
 1 AS `cod_barra_local`,
 1 AS `fecha_baja`,
 1 AS `precio_costo`,
 1 AS `precio_iva`,
 1 AS `tasa_id`,
 1 AS `id_tpu`,
 1 AS `precio_final_compra`,
 1 AS `Precio_ctdo`,
 1 AS `Precio_cta_cte`,
 1 AS `Precio_tarjeta`,
 1 AS `Precio_oferta`,
 1 AS `mctdo`,
 1 AS `mctacte`,
 1 AS `motro`*/;

--
-- Temporary view structure for view `v_maestro_articulos`
--

/*!50001 DROP VIEW IF EXISTS `v_maestro_articulos`*/;
/*!50001 CREATE VIEW `v_maestro_articulos` AS SELECT 
 1 AS `mar_id`,
 1 AS `marca`,
 1 AS `rbro_id`,
 1 AS `rubro`,
 1 AS `id`,
 1 AS `descripcion`,
 1 AS `cod_barra_origen`,
 1 AS `cod_barra_local`,
 1 AS `fecha_baja`,
 1 AS `precio_costo`,
 1 AS `precio_iva`,
 1 AS `tasa_id`,
 1 AS `id_tpu`,
 1 AS `precio_final_compra`,
 1 AS `Precio_ctdo`,
 1 AS `Precio_cta_cte`,
 1 AS `Precio_tarjeta`,
 1 AS `Precio_oferta`,
 1 AS `mctdo`,
 1 AS `mctacte`,
 1 AS `motro`,
 1 AS `id_temp`*/;

--
-- Temporary view structure for view `v_ventas_elect`
--

/*!50001 DROP VIEW IF EXISTS `v_ventas_elect`*/;
/*!50001 CREATE VIEW `v_ventas_elect` AS SELECT 
 1 AS `idfacturas`,
 1 AS `punto_venta`,
 1 AS `nro_fact`,
 1 AS `fecha_factura`,
 1 AS `cuit_vendedor`,
 1 AS `nombre_cliente`,
 1 AS `tipo_comprobante`,
 1 AS `cuit_comprador`,
 1 AS `importe_total`,
 1 AS `cae`,
 1 AS `fecha_vto_cae`,
 1 AS `importe_no_gravado`,
 1 AS `importe_gravado`,
 1 AS `importe_exento`,
 1 AS `importe_iva105`,
 1 AS `importe_iva21`,
 1 AS `importe_iva27`,
 1 AS `importe_iva`,
 1 AS `importe_iibb`,
 1 AS `cliweb`*/;

--
-- Temporary view structure for view `v_ventas_z`
--

/*!50001 DROP VIEW IF EXISTS `v_ventas_z`*/;
/*!50001 CREATE VIEW `v_ventas_z` AS SELECT 
 1 AS `fecha_factura`,
 1 AS `punto_venta`,
 1 AS `numero_factura`,
 1 AS `cuit_vendedor`,
 1 AS `tipo_comprobante`,
 1 AS `tipo_doc_comprador`,
 1 AS `cuit_comprador`,
 1 AS `importe_total`,
 1 AS `importe_no_gravado`,
 1 AS `importe_gravado`,
 1 AS `importe_gravado_LIVA`,
 1 AS `importe_iva105`,
 1 AS `importe_exento_LIVA`,
 1 AS `importe_exento`,
 1 AS `importe_iva21_LIVA`,
 1 AS `importe_iva21`,
 1 AS `importe_iva27`,
 1 AS `importe_iva`,
 1 AS `porcentaje_iibb`,
 1 AS `importe_iibb`,
 1 AS `cae`,
 1 AS `fecha_vto_cae`,
 1 AS `cond_iva_vendedor`,
 1 AS `cond_iva_comprador`,
 1 AS `nombre_cliente`,
 1 AS `domicilio_cliente`,
 1 AS `tipo_operacion`,
 1 AS `modo_pago`*/;

--
-- Dumping routines for database 'lypcom_carsi'
--
/*!50003 DROP FUNCTION IF EXISTS `f_obt_importe_gravado` */;
DELIMITER ;;
CREATE DEFINER=`root`@`localhost` FUNCTION `f_obt_importe_gravado`(`pn_idfacturas` INT) RETURNS decimal(14,2)
    NO SQL
BEGIN
    set @total = 0;
	select CASE `facturas`.`tipo_comprobante` 
            WHEN 1 THEN 
			     CASE `facturas`.`importe_gravado` 
				       WHEN  0 THEN
				           `facturas`.`importe_exento`
			           ELSE
                           `facturas`.`importe_gravado`
                 END
			WHEN 2 THEN 
			     CASE `facturas`.`importe_gravado` 
				       WHEN  0 THEN
				           `facturas`.`importe_exento`
			           ELSE
                           `facturas`.`importe_gravado`
                 END	
			WHEN 3 THEN 
			     CASE `facturas`.`importe_gravado` 
				       WHEN  0 THEN
				           `facturas`.`importe_exento`
			           ELSE
                           `facturas`.`importe_gravado`
                 END
            WHEN 4 THEN 
			     CASE `facturas`.`importe_gravado` 
				       WHEN  0 THEN
				           `facturas`.`importe_exento`
			           ELSE
                           `facturas`.`importe_gravado`
                 END
			WHEN 6 THEN 
			     CASE `facturas`.`importe_gravado` 
				       WHEN  0 THEN
				            (`facturas`.`importe_exento` - (`facturas`.`importe_exento`/100*21))
			           ELSE
                           (`facturas`.`importe_gravado` - (`facturas`.`importe_gravado`/100*21))
                 END
			WHEN 7 THEN 
			     CASE `facturas`.`importe_gravado` 
				       WHEN  0 THEN
				           (`facturas`.`importe_exento` - (`facturas`.`importe_exento`/100*21))
			           ELSE
                           (`facturas`.`importe_gravado` - (`facturas`.`importe_gravado`/100*21))
                 END	
			WHEN 8 THEN 
			     CASE `facturas`.`importe_gravado` 
				       WHEN  0 THEN
				           (`facturas`.`importe_exento` - (`facturas`.`importe_exento`/100*21))
			           ELSE
                           (`facturas`.`importe_gravado` - (`facturas`.`importe_gravado`/100*21))
                 END 
            WHEN 9 THEN 
			     CASE `facturas`.`importe_gravado` 
				       WHEN  0 THEN
				             (`facturas`.`importe_exento` - (`facturas`.`importe_exento`/100*21))
			           ELSE
                           (`facturas`.`importe_gravado` - (`facturas`.`importe_gravado`/100*21))
                 END
            WHEN 11 THEN 
			     CASE `facturas`.`importe_gravado` 
				       WHEN  0 THEN
				           `facturas`.`importe_exento`
			           ELSE
                           `facturas`.`importe_gravado`
                 END
			WHEN 12 THEN 
			     CASE `facturas`.`importe_gravado` 
				       WHEN  0 THEN
				           `facturas`.`importe_exento`
			           ELSE
                           `facturas`.`importe_gravado`
                 END	
			WHEN 13 THEN 
			     CASE `facturas`.`importe_gravado` 
				       WHEN  0 THEN
				           `facturas`.`importe_exento`
			           ELSE
                           `facturas`.`importe_gravado`
                 END
            WHEN 14 THEN 
			     CASE `facturas`.`importe_gravado` 
				       WHEN  0 THEN
				           `facturas`.`importe_exento`
			           ELSE
                           `facturas`.`importe_gravado`
                 END				 
			ELSE
			    `facturas`.`importe_gravado` 
	   END   
  into @total
  FROM facturas
  where facturas.idfacturas = pn_idfacturas;
  return @total;
END ;;
DELIMITER ;
/*!50003 DROP FUNCTION IF EXISTS `f_obt_imp_exento` */;
DELIMITER ;;
CREATE DEFINER=`root`@`localhost` FUNCTION `f_obt_imp_exento`(`pn_idfacturas` INT) RETURNS decimal(14,2)
    NO SQL
BEGIN
    set @total = 0;
	select 
	     CASE `facturas`.`tipo_comprobante`            
			WHEN 6 THEN 
			     CASE `facturas`.`importe_exento` 
				       WHEN   0 THEN
				           `facturas`.`importe_exento`
                       ELSE
                            0
                 END
			WHEN 7 THEN 
			     CASE `facturas`.`importe_exento` 
				       WHEN   0 THEN
				           `facturas`.`importe_exento`
                       ELSE
                            0
                 END
            WHEN 8 THEN 
			     CASE `facturas`.`importe_exento` 
				       WHEN   0 THEN
				           `facturas`.`importe_exento`
                       ELSE
                            0
                 END    
            WHEN 9 THEN 
			     CASE `facturas`.`importe_exento` 
				       WHEN   0 THEN
				           `facturas`.`importe_exento`
                       ELSE
                            0
                 END     
			ELSE
			    `facturas`.`importe_exento` 
	   END   
  into @total
  FROM facturas
  where facturas.idfacturas = pn_idfacturas;
  return @total;
END ;;
DELIMITER ;
/*!50003 DROP FUNCTION IF EXISTS `f_obt_imp_IVA21` */;
DELIMITER ;;
CREATE DEFINER=`root`@`localhost` FUNCTION `f_obt_imp_IVA21`(`pn_idfacturas` INT) RETURNS decimal(14,2)
    NO SQL
BEGIN
    set @total = 0;
	select CASE `facturas`.`tipo_comprobante` 
            WHEN 6 THEN 
			     CASE `facturas`.`importe_iva21` 
				       WHEN  0 THEN
				           ((`facturas`.`importe_exento`/100*21))
			           ELSE
                           ((`facturas`.`importe_gravado`/100*21))
                 END
			WHEN 7 THEN 
			    CASE `facturas`.`importe_iva21` 
				       WHEN  0 THEN
				           ((`facturas`.`importe_exento`/100*21))
			           ELSE
                           ((`facturas`.`importe_gravado`/100*21))
                 END
			WHEN 8 THEN 
			     CASE `facturas`.`importe_iva21` 
				       WHEN  0 THEN
				           ((`facturas`.`importe_exento`/100*21))
			           ELSE
                           ((`facturas`.`importe_gravado`/100*21))
                 END
            WHEN 9 THEN 
			     CASE `facturas`.`importe_iva21` 
				       WHEN  0 THEN
				           ((`facturas`.`importe_exento`/100*21))
			           ELSE
                           ((`facturas`.`importe_gravado`/100*21))
                 END
            ELSE
			    `facturas`.`importe_iva21` 
	   END   
  into @total
  FROM facturas
  where facturas.idfacturas = pn_idfacturas;
  return @total;
END ;;
DELIMITER ;
/*!50003 DROP PROCEDURE IF EXISTS `cheques` */;
DELIMITER ;;
CREATE DEFINER=`root`@`localhost` PROCEDURE `cheques`(IN pd_fec_emision DATE,IN pd_fec_diferido DATE,IN pv_banco VARCHAR(60),IN pv_sucursal VARCHAR(60),
                                                      IN pn_nrocta INT,pv_titular VARCHAR(60),pv_cuit VARCHAR(24),IN pn_importe decimal(14,2), IN pn_idcdoc INT, IN pn_idcli INT )
BEGIN
	
	
	INSERT INTO cheques(
	                        fecha_emision ,
	                        fecha_diferido,
	                        razon_bancaria,
	                        sucursal      ,
	                        nro_cta       ,
	                        titular       ,
	                        cuit          ,
	                        endosante     ,
	                        nro_doc       ,
	                        importe       ,
	                        cdoc_venta    ,
	                        nro_cheq      ,
	                        cli_id
	                       )
	                  VALUE(
	                        pd_fec_emision,
	                        pd_fec_diferido,
	                        pv_banco,
	                        pv_sucursal,
                          pn_nrocta,
                          pv_titular,
                          pv_cuit,
                          pv_endosante,
                          pv_nrodoc,
                          pn_importe,
                          pn_idcdoc,
                          pn_idcli
	                        );



END ;;
DELIMITER ;
/*!50003 DROP PROCEDURE IF EXISTS `efectivo` */;
DELIMITER ;;
CREATE DEFINER=`root`@`localhost` PROCEDURE `efectivo`(IN pn_idcli INT, IN pn_idcdoc  INT, IN pn_importe decimal(14,2))
BEGIN
	
	
	INSERT INTO carci.efectivos(
	                        importe,
	                        cdoc_venta,
	                        id_cli
	                       )
	                  VALUE(
	                        pn_importe,
	                        pn_idcdoc,
	                        pn_idcli
	                        );

END ;;
DELIMITER ;
/*!50003 DROP PROCEDURE IF EXISTS `pago_vta` */;
DELIMITER ;;
CREATE DEFINER=`root`@`localhost` PROCEDURE `pago_vta`(IN pn_idcli INT,IN pn_idctacte INT, IN pn_idcdoc  INT, IN pn_importe decimal(14,2), IN pn_total_compra decimal(14,2))
BEGIN
	DECLARE n_vitem     INT(10)               ;
	DECLARE n_saldo   DECIMAL(14,2) DEFAULT 0;
	
	SELECT ifnull( max( n_item ) , 0 ) + 1 
    into n_vitem
	FROM det_cta_cte
	WHERE ccte_id = pn_idctacte
	AND   id_doc  = pn_idcdoc;
	
	INSERT INTO det_cta_cte(
	                        ccte_id,
		                      n_item,
		                      detalle,
		                      debe,
			                    haber,
		                      saldo,
		                      id_doc,
                              fecha_pago
	                       )
	                  VALUE(
	                        pn_idctacte,
	                        n_vitem     ,
	                        'ANTICIPO COMPRA' ,
	                        0,
	                        pn_importe,
	                        pn_total_compra-pn_importe,
	                        pn_idcdoc,
	                        current_date());
	 
	UPDATE cab_cta_cte
	SET    total_deuda = total_deuda - pn_importe
	WHERE  cli_id = pn_idcli;

END ;;
DELIMITER ;
/*!50003 DROP PROCEDURE IF EXISTS `tarjeta` */;
DELIMITER ;;
CREATE DEFINER=`root`@`localhost` PROCEDURE `tarjeta`(IN pv_banco VARCHAR(40),IN pn_tptaid INT,IN pv_nrotarj VARCHAR(19),IN pd_fecvto DATE, IN pn_importe decimal(14,2), IN pn_idcdoc INT, IN pn_idcli INT )
BEGIN
	
	
	INSERT INTO tarjeta_credito(
	                        banco   ,
	                        tpta_id ,
	                        nro_tarj,
	                        fec_vto ,
	                        importe ,
	                        cdoc_id ,
	                        dni     ,
	                        id_cli
	                       )
	                  VALUE(
	                        pv_banco  ,
	                        pn_tptaid ,
	                        pv_nrotarj,
	                        pd_fecvto ,
	                        pn_importe,
	                        pn_idcdoc,
	                        pn_idcli
	                        );

END ;;
DELIMITER ;

--
-- Final view structure for view `v_art_deta_vta`
--

/*!50001 DROP VIEW IF EXISTS `v_art_deta_vta`*/;
/*!50001 CREATE ALGORITHM=UNDEFINED */
/*!50013 DEFINER=`root`@`localhost` SQL SECURITY DEFINER */
/*!50001 VIEW `v_art_deta_vta` AS select `cab_doc_ventas`.`id` AS `vta_id`,`cab_doc_ventas`.`fecha_emision` AS `fecha_emision`,`articulos`.`id` AS `id_art`,concat(`articulos`.`id`,'-',`articulos`.`descripcion`) AS `articulo`,`marcas`.`id` AS `mar_id`,concat(`marcas`.`id`,'-',`marcas`.`descripcion`) AS `marca`,`rubros`.`id` AS `rbro_id`,concat(`rubros`.`id`,'-',`rubros`.`descripcion`) AS `rubro` from ((((`articulos` join `det_doc_ventas` on(((`articulos`.`id` = `det_doc_ventas`.`art_id`) and (`articulos`.`rbro_id` = `det_doc_ventas`.`rbro_id`) and (`articulos`.`mar_id` = `det_doc_ventas`.`mar_id`)))) join `cab_doc_ventas` on(((`det_doc_ventas`.`cdvta_id` = `cab_doc_ventas`.`id`) and (`det_doc_ventas`.`tmov_id` = `cab_doc_ventas`.`tmov_id`)))) join `marcas` on((`marcas`.`id` = `articulos`.`mar_id`))) join `rubros` on((`articulos`.`rbro_id` = `rubros`.`id`))) */;

--
-- Final view structure for view `v_articulos`
--

/*!50001 DROP VIEW IF EXISTS `v_articulos`*/;
/*!50001 CREATE ALGORITHM=UNDEFINED */
/*!50013 DEFINER=`root`@`localhost` SQL SECURITY DEFINER */
/*!50001 VIEW `v_articulos` AS select `articulos`.`mar_id` AS `mar_id`,`articulos`.`rbro_id` AS `rbro_id`,`articulos`.`id` AS `id`,`articulos`.`descripcion` AS `descripcion`,`articulos`.`cod_barra_origen` AS `cod_barra_origen`,`articulos`.`cod_barra_local` AS `cod_barra_local`,`articulos`.`fecha_baja` AS `fecha_baja`,`articulos`.`precio_costo` AS `precio_costo`,`articulos`.`precio_iva` AS `precio_iva`,`articulos`.`tasa_id` AS `tasa_id`,`articulos`.`id_tpu` AS `id_tpu`,`articulos`.`precio_final_compra` AS `precio_final_compra`,`articulos`.`Precio_ctdo` AS `Precio_ctdo`,`articulos`.`Precio_cta_cte` AS `Precio_cta_cte`,`articulos`.`Precio_tarjeta` AS `Precio_tarjeta`,`articulos`.`Precio_oferta` AS `Precio_oferta`,`articulos`.`mctdo` AS `mctdo`,`articulos`.`mctacte` AS `mctacte`,`articulos`.`motro` AS `motro` from `articulos` */;

--
-- Final view structure for view `v_maestro_articulos`
--

/*!50001 DROP VIEW IF EXISTS `v_maestro_articulos`*/;
/*!50001 CREATE ALGORITHM=UNDEFINED */
/*!50013 DEFINER=`root`@`localhost` SQL SECURITY DEFINER */
/*!50001 VIEW `v_maestro_articulos` AS select `articulos`.`mar_id` AS `mar_id`,`marcas`.`descripcion` AS `marca`,`articulos`.`rbro_id` AS `rbro_id`,`rubros`.`descripcion` AS `rubro`,`articulos`.`id` AS `id`,`articulos`.`descripcion` AS `descripcion`,`articulos`.`cod_barra_origen` AS `cod_barra_origen`,`articulos`.`cod_barra_local` AS `cod_barra_local`,`articulos`.`fecha_baja` AS `fecha_baja`,`articulos`.`precio_costo` AS `precio_costo`,`articulos`.`precio_iva` AS `precio_iva`,`articulos`.`tasa_id` AS `tasa_id`,`articulos`.`id_tpu` AS `id_tpu`,`articulos`.`precio_final_compra` AS `precio_final_compra`,`articulos`.`Precio_ctdo` AS `Precio_ctdo`,`articulos`.`Precio_cta_cte` AS `Precio_cta_cte`,`articulos`.`Precio_tarjeta` AS `Precio_tarjeta`,`articulos`.`Precio_oferta` AS `Precio_oferta`,`articulos`.`mctdo` AS `mctdo`,`articulos`.`mctacte` AS `mctacte`,`articulos`.`motro` AS `motro`,`articulos`.`id_temp` AS `id_temp` from ((`articulos` join `marcas`) join `rubros`) where ((`articulos`.`fecha_baja` is null) and (`marcas`.`id` = `articulos`.`mar_id`) and (`rubros`.`id` = `articulos`.`rbro_id`)) order by `articulos`.`mar_id` desc */;

--
-- Final view structure for view `v_ventas_elect`
--

/*!50001 DROP VIEW IF EXISTS `v_ventas_elect`*/;
/*!50001 CREATE ALGORITHM=UNDEFINED */
/*!50013 DEFINER=`root`@`localhost` SQL SECURITY DEFINER */
/*!50001 VIEW `v_ventas_elect` AS select `facturas`.`idfacturas` AS `idfacturas`,`facturas`.`punto_venta` AS `punto_venta`,max(`facturas`.`numero_factura`) AS `nro_fact`,`facturas`.`fecha_factura` AS `fecha_factura`,`facturas`.`cuit_vendedor` AS `cuit_vendedor`,`facturas`.`nombre_cliente` AS `nombre_cliente`,`facturas`.`tipo_comprobante` AS `tipo_comprobante`,`facturas`.`cuit_comprador` AS `cuit_comprador`,`facturas`.`importe_total` AS `importe_total`,`facturas`.`cae` AS `cae`,`facturas`.`fecha_vto_cae` AS `fecha_vto_cae`,`facturas`.`importe_no_gravado` AS `importe_no_gravado`,`facturas`.`importe_gravado` AS `importe_gravado`,`facturas`.`importe_exento` AS `importe_exento`,`facturas`.`importe_iva105` AS `importe_iva105`,`facturas`.`importe_iva21` AS `importe_iva21`,`facturas`.`importe_iva27` AS `importe_iva27`,`facturas`.`importe_iva` AS `importe_iva`,`facturas`.`importe_iibb` AS `importe_iibb`,`facturas`.`cliweb` AS `cliweb` from `facturas` group by `facturas`.`idfacturas`,`facturas`.`punto_venta`,`facturas`.`fecha_factura`,`facturas`.`cuit_vendedor`,`facturas`.`nombre_cliente`,`facturas`.`tipo_comprobante`,`facturas`.`cuit_comprador`,`facturas`.`importe_total`,`facturas`.`cae`,`facturas`.`fecha_vto_cae`,`facturas`.`importe_no_gravado`,`facturas`.`importe_gravado`,`facturas`.`importe_exento`,`facturas`.`importe_iva105`,`facturas`.`importe_iva21`,`facturas`.`importe_iva27`,`facturas`.`importe_iva`,`facturas`.`importe_iibb`,`facturas`.`cliweb` */;

--
-- Final view structure for view `v_ventas_z`
--

/*!50001 DROP VIEW IF EXISTS `v_ventas_z`*/;
/*!50001 CREATE ALGORITHM=UNDEFINED */
/*!50013 DEFINER=`root`@`localhost` SQL SECURITY DEFINER */
/*!50001 VIEW `v_ventas_z` AS select `facturas`.`fecha_factura` AS `fecha_factura`,`facturas`.`punto_venta` AS `punto_venta`,`facturas`.`numero_factura` AS `numero_factura`,`facturas`.`cuit_vendedor` AS `cuit_vendedor`,`facturas`.`tipo_comprobante` AS `tipo_comprobante`,`facturas`.`tipo_doc_comprador` AS `tipo_doc_comprador`,`facturas`.`cuit_comprador` AS `cuit_comprador`,`facturas`.`importe_total` AS `importe_total`,`facturas`.`importe_no_gravado` AS `importe_no_gravado`,`facturas`.`importe_gravado` AS `importe_gravado`,`f_obt_importe_gravado`(`facturas`.`idfacturas`) AS `importe_gravado_LIVA`,`facturas`.`importe_iva105` AS `importe_iva105`,`f_obt_imp_exento`(`facturas`.`idfacturas`) AS `importe_exento_LIVA`,`facturas`.`importe_exento` AS `importe_exento`,`f_obt_imp_IVA21`(`facturas`.`idfacturas`) AS `importe_iva21_LIVA`,`facturas`.`importe_iva21` AS `importe_iva21`,`facturas`.`importe_iva27` AS `importe_iva27`,`facturas`.`importe_iva` AS `importe_iva`,`facturas`.`porcentaje_iibb` AS `porcentaje_iibb`,`facturas`.`importe_iibb` AS `importe_iibb`,`facturas`.`cae` AS `cae`,`facturas`.`fecha_vto_cae` AS `fecha_vto_cae`,`facturas`.`cond_iva_vendedor` AS `cond_iva_vendedor`,`facturas`.`cond_iva_comprador` AS `cond_iva_comprador`,`facturas`.`nombre_cliente` AS `nombre_cliente`,`facturas`.`domicilio_cliente` AS `domicilio_cliente`,`facturas`.`tipo_operacion` AS `tipo_operacion`,`facturas`.`modo_pago` AS `modo_pago` from `facturas` */;


